{"text_format":"1","workbook":"xlsx","n_sheets":4,"sheets":["Base","Guidance","CD3","AM"],"not_rendered":{"charts":1,"images":7,"macros":1,"external_links":0,"defined_names":1,"comments":0,"pivot_tables":0},"unopened":[],"bounds":{"document_bytes":16777216,"sheet_cells":100000,"rows_first":2000,"rows_last":500,"rows_between":2000,"halvings":0,"cell_chars":16384,"cell_head_chars":4096},"cells_cut":0,"cells_raw":0,"read":"whole","date_system":"1900"}

{"sheet":"Base","index":0,"n_rows":44,"n_cols":55,"rows_kept":44,"cut":false,"hidden":false,"merged":[]}
[null,null,null,null,null,null,null,"Project / Site Name"]
[null,null,null,null,null,null,null,"PeakFlow Dataset Location","C:\\Users\\gfrisby\\AppData\\Local\\Wallingford_HydroSolutions\\WINFAP\\data\\NRFAPeakFlow_v10\\suitable-for-pooling"]
[]
[]
[null,null,null,null,null,null,null,null,null,null,null,null,null,null,null,null,null,null,null,null,null,null,null,null,null,null,null,null,null,null,null,null,null,null,null,null,null,null,null,null,null,null,null,null,null,null,null,"Need to add in warning that it is not in the list."]
[]
[]
[]
[]
[null,"Pooling Group",null,null,null,null,null,null,null,null,null,null,null,null,null,null,null,null,null,"UNGAUGED TARGET",null,null,null,null,null,null,null,null,null,null,null,null,null,null,null,"Return intervals for individual curves"]
[null,null,null,null,null,null,null,null,null,null,null,null,null,null,null,null,null,null,null,"L-CV",null,null,null,null,null,null,"L-SKEW",null,null,null,null,null,null,null,"yt",{"$f":"C41","v":2},5,10,20,25,50,100,200,500,1000,null,null,null,null,"Notes and Warnings"]
[null,"Station","Distance","Years of data","QMED AM","L-CV","L-SKEW","Station No ","L-CVAdj","L-SKEWadj","k (Shape)","Beta (Scale)","Warnings ",null,null,null,null,null,null,"bj","cj","(bj+cj)^-1","wj","t2*wj","Total weighting",null,"bj","cj","(bj+cj)^-1","wj","t3*wj","Total weighting",null,null,null,{"$f":"LN(AJ11-1)","v":0},{"$f":"LN(AK11-1)","v":1.3862943611198906},2.1972245773362196,2.9444389791664403,{"$f":"LN(AN11-1)","v":3.1780538303479458},3.8918202981106265,4.5951198501345898,5.2933048247244923,6.2126060957515188,6.9067547786485539,null,"SPRHOST","No yrs in record","No flood yrs > Qmed/2","Adjustment applied","Not present in NRFA Peak Flows list","Present","L-Skew","No non flood years","Many non flood years"]
[null,"27051 (Crimple @ Burn Bridge)",0.98799999999999999,48,4.5439999999999996,0.219,0.14599999999999999,{"$f":"IFERROR(VALUE(LEFT(B13,FIND(\"(\",B13)-1)),\"-\")","v":27051},{"$f":"IFERROR(IF(VLOOKUP(H13,INDIRECT(\"CD3!$A$2:$V$1048576\"),21,FALSE)=0,F13,VLOOKUP(H13,INDIRECT(\"CD3!$A$2:$V$1048576\"),21,FALSE)),\"-\")","v":0.219},{"$f":"IFERROR(IF(VLOOKUP(H13,INDIRECT(\"CD3!$A$2:$V$1048576\"),22,FALSE)=0,G13,VLOOKUP(H13,INDIRECT(\"CD3!$A$2:$V$1048576\"),22,FALSE)),\"-\")","v":0.14599999999999999},{"$f":"IFERROR(-1*J13,\"-\")","v":-0.14599999999999999},{"$f":"IFERROR((K13*I13*SIN(PI()*K13))/(K13*PI()*(I13+K13)-I13*SIN(PI()*K13)),\"-\")","v":0.22300784524907985},{"$f":"AX13&AZ13&BA13& BB13 & BC13","v":""},null,null,null,null,null,null,{"$f":"IF(C13=\"\",\"-\",(0.0047*(C13^0.5)+0.0023/2))","v":5.8217148885607306E-3},{"$f":"IF(D13=\"\",\"-\",0.02609/(D13-1))","v":5.5510638297872337E-4},{"$f":"IFERROR((U13+T13)^-1,\"-\")","v":156.81794383404227},{"$f":"IFERROR(V13/V$36,\"-\")","v":8.4732673066692604E-2},{"$f":"IFERROR(W13*I13,\"-\")","v":1.8556455401605679E-2},{"$f":"IFERROR(X13/X$37,\"-\")","v":6.9100360091511381E-2},null,{"$f":"IF(C13=\"\",\"-\",0.0219*(1-(EXP(C13/-0.236))))","v":2.1567113617576048E-2},{"$f":"IF(D13=\"\",\"-\",0.2743/(D13-2))","v":5.9630434782608696E-3},{"$f":"IFERROR((AB13+AA13)^-1,\"-\")","v":36.32380289436194},{"$f":"IFERROR(AC13/AC$36,\"-\")","v":7.5304619431632955E-2},{"$f":"IFERROR(AD13*J13,\"-\")","v":1.099447443701841E-2},{"$f":"IFERROR(AE13/AE$37,\"-\")","v":4.5401470367248793E-2},null,null,{"$f":"IF(B13=\"\",\"-\",B13)","v":"27051 (Crimple @ Burn Bridge)"},{"$f":"IFERROR(1+(($L13/$K13)*(1-((AJ$11-1)^(-1*$K13)))),\"-\")","v":1},1.3426628457542578,1.5777166767102735,1.8203717815389036,1.9018320944634723,2.1686484896381306,2.4602011040863152,2.780810535608464,3.2560161359383444,3.6595575477532538,null,{"$f":"IFERROR(INDEX('CD3'!B$2:B$100000,(MATCH(H13,'CD3'!A$2:A$100000,0))),\"-\")","v":40.770000000000003},{"$f":"IFERROR(IF(VLOOKUP(H13,INDIRECT(\"CD3!$A$2:$V$1048576\"),21,FALSE)=0,\"-\",VLOOKUP(H13,INDIRECT(\"CD3!$A$2:$V$1048576\"),5,FALSE)),\"-\")","v":"-"},{"$f":"IFERROR(IF(VLOOKUP(H13,INDIRECT(\"CD3!$A$2:$V$1048576\"),21,FALSE)=0,\"-\",VLOOKUP(H13,INDIRECT(\"CD3!$A$2:$V$1048576\"),6,FALSE)),\"-\")","v":"-"},{"$f":"IF(AU13<=20,\"SPRHOST <=20.\",\"\")","v":""},{"$f":"IF(H13<>\"-\",IFERROR(MATCH(H13,'CD3'!A:A,0),\"Not present in current NRFA dataset\"),\"\")","v":150},{"$f":"IF(AND(ISNUMBER(AY13),AY13<>\"\"),\"\",AY13)","v":""},{"$f":"IF(J13<0, \" Adjusted L-Skew is negative, consider removing station.\", \"\")","v":""},{"$f":"IF(AND(AV13=\"-\",AU13<=20),\" Zero non-flood yrs, permeable adjustment not applied.\",\"\")","v":""},{"$f":"IF(ISNUMBER(AV13),IF((AV13-AW13)/AV13>0.15,\" Non-Flood Yrs over 15% of record, consider removing station.\",\"\"),\"\")","v":""}]
[null,"26016 (Gypsey Race @ Kirby Grindalythe)",1.25,23,0.10100000000000001,0.312,0.25800000000000001,26016,0.2834180532130624,0.31346399782499029,-0.31346399782499029,0.27855877563423509,"SPRHOST <=20.",null,null,null,null,null,null,6.4047597471245058E-3,1.1859090909090908E-3,131.74069654961463,7.1182806618929978E-2,2.0174492474179028E-2,7.5125591847063092E-2,null,2.17903129022614E-2,1.3061904761904761E-2,28.692578751686305,5.9483962339837208E-2,1.8646080641516537E-2,7.699863077227026E-2,null,null,"26016 (Gypsey Race @ Kirby Grindalythe)",1,1.4836666236639757,1.8808502826435038,2.3478711831912129,2.517796936151532,3.1212028256379267,3.8635789899098647,4.7815679738652337,6.3413318875958229,7.8557031036491818,null,{"$f":"IFERROR(INDEX('CD3'!B$2:B$100000,(MATCH(H14,'CD3'!A$2:A$100000,0))),\"-\")","v":5.67},23,20,{"$f":"IF(AU14<=20,\"SPRHOST <=20.\",\"\")","v":"SPRHOST <=20."},{"$f":"IF(H14<>\"-\",IFERROR(MATCH(H14,'CD3'!A:A,0),\"Not present in current NRFA dataset\"),\"\")","v":126},{"$f":"IF(AND(ISNUMBER(AY14),AY14<>\"\"),\"\",AY14)","v":""},"","",""]
[null,"25019 (Leven @ Easby)",1.3129999999999999,42,5.3840000000000003,0.33800000000000002,0.38600000000000001,25019,0.33800000000000002,0.38600000000000001,-0.38600000000000001,0.32604698978299551,"",null,null,null,null,null,null,6.5355519679973374E-3,6.3634146341463415E-4,139.43319286091571,7.5339255549940129E-2,2.5464668375879764E-2,9.4825100823509409E-2,null,2.1816011272469672E-2,6.8574999999999999E-3,34.875393895693932,7.230185320852428E-2,2.7908515338490373E-2,0.11524767640262033,null,null,"25019 (Leven @ Easby)",1,1.5977264285448967,2.1278799363898173,2.7873544075094894,3.0357294724137467,3.9494169661010763,5.1327820806374431,6.6723555457445141,9.4483992159481858,12.303888911659698,null,{"$f":"IFERROR(INDEX('CD3'!B$2:B$100000,(MATCH(H15,'CD3'!A$2:A$100000,0))),\"-\")","v":38.58},"-","-",{"$f":"IF(AU15<=20,\"SPRHOST <=20.\",\"\")","v":""},{"$f":"IF(H15<>\"-\",IFERROR(MATCH(H15,'CD3'!A:A,0),\"Not present in current NRFA dataset\"),\"\")","v":119},{"$f":"IF(AND(ISNUMBER(AY15),AY15<>\"\"),\"\",AY15)","v":""},"","",""]
[null,"45816 (Haddeo @ Upton)",1.4690000000000001,27,3.456,0.29799999999999999,0.41699999999999998,45816,0.29799999999999999,0.41699999999999998,-0.41699999999999998,0.27052606339404084,"",null,null,null,null,null,null,6.8465085798232591E-3,1.0034615384615384E-3,127.3890199493521,6.8831486472478887E-2,2.0511782968798707E-2,7.6381591127596321E-2,null,2.1856634437097754E-2,1.0971999999999999E-2,30.461212205340999,6.31506012523117E-2,2.6333800722213977E-2,0.10874492273328397,null,null,"45816 (Haddeo @ Upton)",1,1.5077203262339451,1.9730373537807975,2.5659483029685042,2.792556412060812,3.6389007385568122,4.7593716259494894,6.2491209437304613,9.0045409996233072,11.909500657789307,null,{"$f":"IFERROR(INDEX('CD3'!B$2:B$100000,(MATCH(H16,'CD3'!A$2:A$100000,0))),\"-\")","v":31.27},"-","-","",{"$f":"IF(H16<>\"-\",IFERROR(MATCH(H16,'CD3'!A:A,0),\"Not present in current NRFA dataset\"),\"\")","v":304},"","","",""]
[null,"49005 (Bolingey Stream @ Bolingey Cocks Bridge)",1.5569999999999999,10,5.9720000000000004,0.25600000000000001,0.13600000000000001,49005,0.25600000000000001,0.13600000000000001,-0.13600000000000001,0.26321966020984511,"",null,null,null,null,null,null,7.014650884750089E-3,2.8988888888888888E-3,100.87214283026258,5.4503751873055284E-2,1.3952960479502154E-2,5.1957907510331879E-2,null,2.1870132101087701E-2,3.4287499999999999E-2,17.80701861146726,3.6916585073659372E-2,5.0206555700176752E-3,2.0732700448038561E-2,null,null,"49005 (Bolingey Stream @ Bolingey Cocks Bridge)",1,1.4015659617000975,1.6740558895030231,1.953177940881035,2.0464274700365834,2.3503988290301909,2.6802064827306014,3.040351295888668,3.5698340887721232,4.0158736472955106,null,{"$f":"IFERROR(INDEX('CD3'!B$2:B$100000,(MATCH(H17,'CD3'!A$2:A$100000,0))),\"-\")","v":31.92},"-","-","",{"$f":"IF(H17<>\"-\",IFERROR(MATCH(H17,'CD3'!A:A,0),\"Not present in current NRFA dataset\"),\"\")","v":335},"","","",""]
[null,"28033 (Dove @ Hollinsclough)",1.653,45,4.1500000000000004,0.22500000000000001,0.373,28033,0.22500000000000001,0.373,-0.373,0.20310437792427768,"",null,null,null,null,null,null,7.1927452370590646E-3,5.9295454545454538E-4,128.44060623117815,6.9399684947990606E-2,1.5614929113297886E-2,5.8146731214569328E-2,null,2.1880114225483867E-2,6.3790697674418603E-3,35.386725966692289,7.3361920270381867E-2,2.7363996260852435E-2,0.11299909536226233,null,null,"28033 (Dove @ Hollinsclough)",1,1.368711423516501,1.6912692116863184,2.0884818401029683,2.2371623592002914,2.7806482443506901,3.4780960906113645,4.3772590312997846,5.9813706912878084,7.6144185955007586,null,{"$f":"IFERROR(INDEX('CD3'!B$2:B$100000,(MATCH(H18,'CD3'!A$2:A$100000,0))),\"-\")","v":42.5},"-","-","",{"$f":"IF(H18<>\"-\",IFERROR(MATCH(H18,'CD3'!A:A,0),\"Not present in current NRFA dataset\"),\"\")","v":182},"","","",""]
[null,"27073 (Brompton Beck @ Snainton Ings)",1.728,40,0.81599999999999995,0.214,0.02,27073,0.19920583508413128,5.4684063365878555E-2,-5.4684063365878555E-2,0.20183879753760028,"SPRHOST <=20.",null,null,null,null,null,null,7.3283104486582739E-3,6.6897435897435894E-4,125.04243928459282,6.7563570011961518E-2,1.3459057385497963E-2,5.0118715654593742E-2,null,2.1885528111876718E-2,7.2184210526315788E-3,34.359598223167623,7.1232532440072868E-2,3.8952843176649444E-3,1.608550154293999E-2,null,null,"27073 (Brompton Beck @ Snainton Ings)",1,1.2906870192626116,1.47122816303568,1.6448221774504967,1.7005676437153325,1.8753668810645925,2.0544067996221305,2.2390875200887463,2.4932638502625464,2.6938352440963218,null,{"$f":"IFERROR(INDEX('CD3'!B$2:B$100000,(MATCH(H19,'CD3'!A$2:A$100000,0))),\"-\")","v":17.77},40,38,"SPRHOST <=20.",{"$f":"IF(H19<>\"-\",IFERROR(MATCH(H19,'CD3'!A:A,0),\"Not present in current NRFA dataset\"),\"\")","v":156},"","","",""]
[null,"27010 (Hodge Beck @ Bransdale Weir)",1.734,41,9.42,0.224,0.29299999999999998,27010,0.224,0.29299999999999998,-0.29299999999999998,0.2160359280223707,"",null,null,null,null,null,null,7.339027387239452E-3,6.5224999999999994E-4,125.13643958809509,6.7614360736479986E-2,1.5145616804971517E-2,5.6399110303200425E-2,null,2.1885891403553182E-2,7.0333333333333333E-3,34.57907357815504,7.1687537333971665E-2,2.1004448438853698E-2,8.6737465154872559E-2,null,null,"27010 (Hodge Beck @ Bransdale Weir)",1,1.3694576376932734,1.6663020572006813,2.0098379819872028,2.1336177202457867,2.568816784809564,3.0965430825190117,3.739817109241149,4.8146714957327532,5.8413508764350448,null,{"$f":"IFERROR(INDEX('CD3'!B$2:B$100000,(MATCH(H20,'CD3'!A$2:A$100000,0))),\"-\")","v":50.58},"-","-","",{"$f":"IF(H20<>\"-\",IFERROR(MATCH(H20,'CD3'!A:A,0),\"Not present in current NRFA dataset\"),\"\")","v":133},"","","",""]
[null,"44008 (South Winterbourne @ Winterbourne Steepleton)",1.8,41,0.44800000000000001,0.40699999999999997,0.31900000000000001,44008,0.39894382249244259,0.30348785304113007,-0.30348785304113007,0.42137853997360564,"SPRHOST <=20. Non-Flood Yrs over 15% of record, consider removing station.",null,null,null,null,null,null,7.455711696549407E-3,6.5224999999999994E-4,123.33556045603679,6.6641300517741156E-2,2.6586135164415249E-2,9.9001208665299462E-2,null,2.1889333336985544E-2,7.0333333333333333E-3,34.574958505683838,7.1679006179695817E-2,2.1753707693597777E-2,8.9831516812049844E-2,null,null,"44008 (South Winterbourne @ Winterbourne Steepleton)",1,1.7262483816395648,2.316328289557374,3.0048084199471981,3.2541217991271401,4.1351564802994023,5.2114713719289263,6.5331247528443335,8.7605096600357513,10.905937543216274,null,{"$f":"IFERROR(INDEX('CD3'!B$2:B$100000,(MATCH(H21,'CD3'!A$2:A$100000,0))),\"-\")","v":19.53},41,34,"SPRHOST <=20.",{"$f":"IF(H21<>\"-\",IFERROR(MATCH(H21,'CD3'!A:A,0),\"Not present in current NRFA dataset\"),\"\")","v":294},"","",""," Non-Flood Yrs over 15% of record, consider removing station."]
[null,"47022 (Tory Brook @ Newnham Park)",1.8129999999999999,26,5.88,0.25700000000000001,0.19500000000000001,47022,0.25700000000000001,0.19500000000000001,-0.19500000000000001,0.26245749673433844,"",null,null,null,null,null,null,7.4784413562898723E-3,1.0436E-3,117.34277718118898,6.3403249223530841E-2,1.6294635050447426E-2,6.0677814010118056E-2,null,2.1889905017421839E-2,1.1429166666666666E-2,30.01284097832621,6.2221061338425546E-2,1.2133106960992983E-2,5.010343143801705E-2,null,null,"47022 (Tory Brook @ Newnham Park)",1,1.4177696193821363,1.7199277988782704,2.043972890329453,2.1553628520333872,2.5288970206505521,2.9514762695491674,3.4324013771457458,4.1742258838879938,4.8294131115525287,null,{"$f":"IFERROR(INDEX('CD3'!B$2:B$100000,(MATCH(H22,'CD3'!A$2:A$100000,0))),\"-\")","v":44.18},"-","-","",{"$f":"IF(H22<>\"-\",IFERROR(MATCH(H22,'CD3'!A:A,0),\"Not present in current NRFA dataset\"),\"\")","v":321},"","","",""]
[null,"36010 (Bumpstead Brook @ Broad Green)",1.88,53,7.5,0.377,0.17299999999999999,36010,0.377,0.17299999999999999,-0.17299999999999999,0.40111413258134276,"",null,null,null,null,null,null,7.5943153243769818E-3,5.0173076923076918E-4,123.51708333152303,6.673938188576993E-2,2.5160746970935264E-2,9.3693361056044658E-2,null,2.1892400061000416E-2,5.3784313725490198E-3,36.669215694310239,7.602071128805471E-2,1.3151583052833463E-2,5.4309208837230942E-2,null,null,"36010 (Bumpstead Brook @ Broad Green)",{"$f":"IFERROR(1+(($L23/$K23)*(1-((AJ$11-1)^(-1*$K23)))),\"-\")","v":1},1.6284083292364067,2.0722496219191382,2.5401675670107364,2.6993145565126451,3.2273830052504811,3.8155498783197643,4.4746868417751031,5.4733520416098873,6.3399736353456824,null,{"$f":"IFERROR(INDEX('CD3'!B$2:B$100000,(MATCH(H23,'CD3'!A$2:A$100000,0))),\"-\")","v":44.57},"-","-","",{"$f":"IF(H23<>\"-\",IFERROR(MATCH(H23,'CD3'!A:A,0),\"Not present in current NRFA dataset\"),\"\")","v":226},"","","",""]
[null,"25011 (Langdon Beck @ Langdon)",1.907,34,15.878,0.22800000000000001,0.316,25011,0.22800000000000001,0.316,-0.316,0.21681049459736215,"",null,null,null,null,null,null,7.6404260260787196E-3,7.9060606060606055E-4,118.60944066140024,6.4087659310350001E-2,1.46119863227598E-2,5.4411981960066219E-2,null,2.1893221651818458E-2,8.5718749999999996E-3,32.824448628174963,6.8049940122915153E-2,2.150378107884119E-2,8.8799449671518552E-2,null,null,"25011 (Langdon Beck @ Langdon)",1,1.3771623438878253,1.6877235439399763,2.0536108369255182,2.186900295838675,2.660794049146165,3.2448781561098312,3.9684145989453694,5.2003355596213066,6.3988253974878013,null,{"$f":"IFERROR(INDEX('CD3'!B$2:B$100000,(MATCH(H24,'CD3'!A$2:A$100000,0))),\"-\")","v":58.21},"-","-","",{"$f":"IF(H24<>\"-\",IFERROR(MATCH(H24,'CD3'!A:A,0),\"Not present in current NRFA dataset\"),\"\")","v":116},"","","",""]
[null,"26014 (Water Forlornes @ Driffield)",2.1909999999999998,22,0.43099999999999999,0.29799999999999999,0.12,26014,0.28684118108232515,9.9291277620140658E-2,-9.9291277620140658E-2,0.2960126635519974,"SPRHOST <=20.",null,null,null,null,null,null,8.106952637469942E-3,1.2423809523809523E-3,106.95949506877615,5.7792901153150611E-2,1.6577384024943791E-2,6.173071207337176E-2,null,2.1897965309720064E-2,1.3715E-2,28.079661193701941,5.8213293528501311E-2,5.7800722889211611E-3,2.3868697157767613E-2,null,null,"26014 (Water Forlornes @ Driffield)",1,1.4399448090954565,1.726807928463761,2.0123786274249706,2.1060973765117605,2.4062828342352809,2.7236224695120725,3.0613530313401744,3.543296239352125,3.9374929736382205,null,{"$f":"IFERROR(INDEX('CD3'!B$2:B$100000,(MATCH(H25,'CD3'!A$2:A$100000,0))),\"-\")","v":6.51},22,19,"SPRHOST <=20.",{"$f":"IF(H25<>\"-\",IFERROR(MATCH(H25,'CD3'!A:A,0),\"Not present in current NRFA dataset\"),\"\")","v":125},"","","",""]
[null,"72014 (Conder @ Galgate)",2.1930000000000001,52,16.779,0.23,0.14899999999999999,72014,0.23,0.14899999999999999,-0.14899999999999999,0.23478304887224632,"",null,null,null,null,null,null,8.1101271540109099E-3,5.1156862745098039E-4,115.98646314454399,6.2670398689765205E-2,1.4414191698645999E-2,5.367543613519677E-2,null,2.1897982479999845E-2,5.4859999999999996E-3,36.517697918130047,7.5706592512948492E-2,1.1280282284429325E-2,4.6581708366735454E-2,null,null,"72014 (Conder @ Galgate)",1,1.3615325958645976,1.6103374865686062,1.8677884151008413,1.9543413884749707,2.2382462812855537,2.5491315930165825,2.8917198150845107,3.4007424646606816,3.8340426949478341,null,{"$f":"IFERROR(INDEX('CD3'!B$2:B$100000,(MATCH(H26,'CD3'!A$2:A$100000,0))),\"-\")","v":35.96},"-","-","",{"$f":"IF(H26<>\"-\",IFERROR(MATCH(H26,'CD3'!A:A,0),\"Not present in current NRFA dataset\"),\"\")","v":454},"","","",""]
[null,"73015 (Keer @ High Keer Weir)",2.218,29,12.420999999999999,0.20200000000000001,0.23799999999999999,73015,0.20200000000000001,0.23799999999999999,-0.23799999999999999,0.19900095400491744,"",null,null,null,null,null,null,8.1496871358654327E-3,9.3178571428571421E-4,110.11429715207005,5.9497519942163415E-2,1.201849902831701E-2,4.4754377527527374E-2,null,2.1898185269755486E-2,1.0159259259259259E-2,31.194002350839721,6.4669783679066853E-2,1.539140851561791E-2,6.3558524933143845E-2,null,null,"73015 (Keer @ High Keer Weir)",1,1.326831450729457,1.5744096972929973,1.8489455510794612,1.9452903693512913,2.275136845175906,2.6598316330505121,3.1110318485634409,3.8318345466616881,4.490740907526293,null,{"$f":"IFERROR(INDEX('CD3'!B$2:B$100000,(MATCH(H27,'CD3'!A$2:A$100000,0))),\"-\")","v":35.79},"-","-","",{"$f":"IF(H27<>\"-\",IFERROR(MATCH(H27,'CD3'!A:A,0),\"Not present in current NRFA dataset\"),\"\")","v":463},"","","",""]
[null,null,null,null,null,null,null,"-","-","-","-","-","",null,null,null,null,null,null,"-","-","-","-","-","-",null,"-","-","-","-","-","-",null,null,"-","-","-","-","-","-","-","-","-","-","-",null,{"$f":"IFERROR(INDEX('CD3'!B$2:B$100000,(MATCH(H28,'CD3'!A$2:A$100000,0))),\"-\")","v":"-"},"-","-","",{"$f":"IF(H28<>\"-\",IFERROR(MATCH(H28,'CD3'!A:A,0),\"Not present in current NRFA dataset\"),\"\")","v":""},"","","",""]
[null,null,null,null,null,null,null,"-","-","-","-","-","",null,null,null,null,null,null,"-","-",{"$f":"IFERROR((U29+T29)^-1,\"-\")","v":"-"},"-","-","-",null,"-","-",{"$f":"IFERROR((AB29+AA29)^-1,\"-\")","v":"-"},"-","-","-",null,null,"-","-","-","-","-","-","-","-","-","-","-",null,{"$f":"IFERROR(INDEX('CD3'!B$2:B$100000,(MATCH(H29,'CD3'!A$2:A$100000,0))),\"-\")","v":"-"},"-","-","",{"$f":"IF(H29<>\"-\",IFERROR(MATCH(H29,'CD3'!A:A,0),\"Not present in current NRFA dataset\"),\"\")","v":""},"","","",""]
[null,null,null,null,null,null,null,"-","-","-","-","-","",null,null,null,null,null,null,"-","-",{"$f":"IFERROR((U30+T30)^-1,\"-\")","v":"-"},"-","-","-",null,"-","-",{"$f":"IFERROR((AB30+AA30)^-1,\"-\")","v":"-"},"-","-","-",null,null,"-","-","-","-","-","-","-","-","-","-","-",null,{"$f":"IFERROR(INDEX('CD3'!B$2:B$100000,(MATCH(H30,'CD3'!A$2:A$100000,0))),\"-\")","v":"-"},"-","-","",{"$f":"IF(H30<>\"-\",IFERROR(MATCH(H30,'CD3'!A:A,0),\"Not present in current NRFA dataset\"),\"\")","v":""},"","","",""]
[null,null,null,null,null,null,null,"-","-","-","-","-","",null,null,null,null,null,null,"-","-","-","-","-","-",null,"-","-","-","-","-","-",null,null,"-","-","-","-","-","-","-","-","-","-","-",null,{"$f":"IFERROR(INDEX('CD3'!B$2:B$100000,(MATCH(H31,'CD3'!A$2:A$100000,0))),\"-\")","v":"-"},"-","-","",{"$f":"IF(H31<>\"-\",IFERROR(MATCH(H31,'CD3'!A:A,0),\"Not present in current NRFA dataset\"),\"\")","v":""},"","","",""]
[null,null,null,null,null,null,null,"-","-","-","-","-","",null,null,null,null,null,null,"-","-","-","-","-","-",null,"-","-","-","-","-","-",null,null,"-","-","-","-","-","-","-","-","-","-","-",null,{"$f":"IFERROR(INDEX('CD3'!B$2:B$100000,(MATCH(H32,'CD3'!A$2:A$100000,0))),\"-\")","v":"-"},"-","-","",{"$f":"IF(H32<>\"-\",IFERROR(MATCH(H32,'CD3'!A:A,0),\"Not present in current NRFA dataset\"),\"\")","v":""},"","","",""]
[null,null,null,null,null,null,null,"-","-","-","-","-","",null,null,null,null,null,null,"-","-","-","-","-","-",null,"-","-","-","-","-","-",null,null,"-","-","-","-","-","-","-","-","-","-","-",null,{"$f":"IFERROR(INDEX('CD3'!B$2:B$100000,(MATCH(H33,'CD3'!A$2:A$100000,0))),\"-\")","v":"-"},"-","-","",{"$f":"IF(H33<>\"-\",IFERROR(MATCH(H33,'CD3'!A:A,0),\"Not present in current NRFA dataset\"),\"\")","v":""},"","","",""]
[]
[]
[null,"URBAN",{"$f":"IF(C37=\"\",\"\",1.567*C37)","v":1.6453499999999999E-2},null,null,null,null,null,null,null,null,null,null,null,null,null,null,null,null,null,"sum(bj+cj)",{"$f":"SUM(V13:V30)","v":1850.7375981235923},null,null,null,null,null,"sum(bj+cj)",{"$f":"SUM(AC13:AC30)","v":482.35822939573245}]
[null,"URBEXT2000",1.0500000000000001E-2,null,null,null,null,null,null,null,null,null,null,null,null,null,null,null,null,null,null,null,"sum(t2*wj)",{"$f":"SUM(X13:X30)","v":0.26854354126419727},"L-CV Pooled",null,null,null,null,"sum(t3*wj)",{"$f":"SUM(AE13:AE30)","v":0.24216119760186183},"L-SKEW Pooled"]
[]
[]
[null,null,null,null,null,null,null,null,null,null,null,null,null,null,null,null,null,null,null,"Calculation of GLO Fitting parmeters from Pooled L-CV and Pooled L-SKEW (FEH Vol3 Pg 142)"]
[null,"SPECIFY TARGET RETURN PERIODS",2,5,10,20,25,50,100,200,500,1000,null,null,null,null,null,null,null,null,null,null,null,"L-CV Pooled","L-SKEW Pooled","k (Shape)","Beta (Scale)"]
[null,null,{"$f":"1+(($AA42/$Z42)*(1-((AJ$11-1)^(-1*$Z42))))","v":1},1.4446416664972006,1.7836516591772289,2.1613423383389012,{"$f":"1+(($AA42/$Z42)*(1-((AN$11-1)^(-1*$Z42))))","v":2.2942728607326677},2.7507026222797304,3.2853101937764828,3.9149972658531773,4.9259035015165331,5.854472037172572,null,null,null,null,null,null,null,"Final Pooled Growth Curve",null,null,null,{"$f":"X44*(0.68654^C36)","v":0.26688692207449805},{"$f":"(Y44+1)*(1.096017^C36)-1","v":0.24403641340271864},{"$f":"-1*Y42","v":-0.24403641340271864},{"$f":"(Z42*X42*SIN(PI()*Z42))/(Z42*PI()*(X42+Z42)-X42*SIN(PI()*Z42))","v":0.26954006513225937}]
[]
[null,null,null,null,null,null,null,null,null,null,null,null,null,null,null,null,null,null,null,null,null,null,"put in values from previous",{"$f":"X37","v":0.26854354126419727},{"$f":"AE37","v":0.24216119760186183},{"$f":"-1*Y44","v":-0.24216119760186183},{"$f":"(Z44*F25*SIN(PI()*Z44))/(Z44*PI()*(X44+Z44)-F25*SIN(PI()*Z44))","v":0.26837777368398941},"permeability changes. "]

{"sheet":"Guidance","index":1,"n_rows":0,"n_cols":0,"rows_kept":0,"cut":false,"hidden":false,"merged":[]}

{"sheet":"CD3","index":2,"n_rows":547,"n_cols":22,"rows_kept":547,"cut":false,"hidden":true,"merged":[]}
["Station Number","SPRHOST","QMED","QMED_adj","Number years in record","Number flood years > Qmed/2","w(total yrs/flood yrs)","L-CV","L-Skew","L-CV(>Qmed/2)","L-Skew(>Qmed/2)","k(Shape)","Beta(Scale)","k","LHS","RHS","diff","A","B","Beta","L-CVAdj","L-SKEWadj"]
[2001,52.88]
[2002,54.16]
[3002,49.93]
[3003,53.57]
[4006,52.93]
[6012,46.36]
[7001,55.84]
[7002,51.62]
[7003,34.65]
[7004,41.25]
[7005,50.31]
[7010,34.119999999999997]
[7011,27.08]
[8004,43.44]
[8005,47.64]
[8006,43.98]
[8008,53.49]
[8009,46.63]
[8010,46.42]
[8011,41.99]
[8013,49.14]
[9001,37.32]
[9003,36.31]
[9004,32.61]
[9006,33]
[9010,42.57]
[10001,28.31]
[10002,33]
[10003,27.83]
[11001,31.28]
[11002,32.44]
[11003,33.590000000000003]
[12001,40.270000000000003]
[12002,39.69]
[12003,44.94]
[12005,43]
[12006,42.66]
[12007,50.1]
[12008,44.79]
[13001,40.159999999999997]
[14001,29.71]
[15003,45.36]
[15006,42.87]
[15007,44.6]
[15008,37.21]
[15011,47.57]
[15013,42.65]
[15016,44.79]
[15023,39.880000000000003]
[16001,41.12]
[16004,39.909999999999997]
[17001,44.19]
[17004,41.73]
[18003,41.58]
[18014,39.35]
[19001,44.41]
[19005,46.03]
[19006,42.88]
[19007,34.090000000000003]
[19008,31.01]
[19021,32.4]
[20001,35.369999999999997]
[20003,33.89]
[20005,32.42]
[20006,34.06]
[20007,32.770000000000003]
[21003,37.159999999999997]
[21006,38.340000000000003]
[21007,41.68]
[21008,42.86]
[21012,43.58]
[21013,34.69]
[21016,30.2]
[21017,43.7]
[21020,46.25]
[21021,38.700000000000003]
[21024,43.99]
[21025,46.62]
[21027,36.770000000000003]
[21030,47.73]
[21031,41.45]
[21032,50.64]
[21034,46.92]
[21035,41.4]
[22001,42.53]
[22006,38.61]
[22007,41.66]
[22009,45.5]
[23001,48.19]
[23002,48.18]
[23003,50.69]
[23004,49.22]
[23005,54.54]
[23006,52.86]
[23007,43.82]
[23008,49.36]
[23011,55.03]
[23017,36.020000000000003]
[23018,39.700000000000003]
[24001,43.94]
[24003,50.81]
[24004,43.76]
[24005,39.28]
[24006,52.02]
[24007,40.49]
[24008,46.36]
[24009,41.84]
[25001,46.76]
[25003,59.86]
[25004,37.1]
[25005,40.450000000000003]
[25006,55.22]
[25008,50.43]
[25009,43.6]
[25011,58.21]
[25012,53.45]
[25018,53.89]
[25019,38.58]
[25020,34.770000000000003]
[25021,34.36]
[25029,40.46]
[26003,10.43,1.76,1.8969999999999998,59,52,0.88135593220338981,0.24858090657858486,-9.3186670005652606E-3,0.19185670344969957,5.0760692650316026E-2,-5.0760692650316026E-2,0.19415084443721126,-2.6782683897094005E-2,{"$f":"(1 - (9 ^ (-1 * N123))) / (1 - (49 ^ -(N123)))","v":0.55173729800974258},0.55173209657847799,{"$f":"(O123)-(P123)","v":5.2014312645898286E-6},2.040009751228256,0.98634429644635657,{"$f":"(M123*N123*R123)/(L123+(M123*(1-S123)))","v":0.22049332416558448},{"$f":"(T123*(N123^2)*PI())/(((T123+N123)*SIN(PI()*N123))-T123*N123*PI())","v":0.21862819674372094},{"$f":"(N123*-1)","v":2.6782683897094005E-2}]
[26013,17.61,2.6850000000000001,2.6850000000000001,10,10]
[26014,6.51,0.43049999999999999,0.622,22,19,0.86363636363636365,0.29795323463884887,0.12036226921410502,0.24816648331499813,0.12479627979747646,-0.12479627979747646,0.25473541661651378,-9.9291277620140658E-2,{"$f":"(1 - (9 ^ (-1 * N125))) / (1 - (49 ^ -(N125)))","v":0.51682912623973687},0.51683833050256156,{"$f":"(O125)-(P125)","v":-9.2042628246913338E-6},1.344376282240614,0.96103750767842155,{"$f":"(M125*N125*R125)/(L125+(M125*(1-S125)))","v":0.29601266355199751},{"$f":"(T125*(N125^2)*PI())/(((T125+N125)*SIN(PI()*N125))-T125*N125*PI())","v":0.28684118108232515},{"$f":"(N125*-1)","v":9.9291277620140658E-2}]
[26016,5.67,0.10100000000000001,0.105,23,20,0.86956521739130432,0.31197255574614052,0.25841213987244388,0.26527311185765828,0.33109234938502957,-0.33109234938502957,0.25483702236540029,-0.31346399782499029,{"$f":"(1 - (9 ^ (-1 * N126))) / (1 - (49 ^ -(N126)))","v":0.41525981014031449},0.41504831209387799,{"$f":"(O126)-(P126)","v":2.1149804643649794E-4},1.0699255551167914,0.90476242456081302,{"$f":"(M126*N126*R126)/(L126+(M126*(1-S126)))","v":0.27855877563423509},{"$f":"(T126*(N126^2)*PI())/(((T126+N126)*SIN(PI()*N126))-T126*N126*PI())","v":0.2834180532130624},{"$f":"(N126*-1)","v":0.31346399782499029}]
[27001,39.590000000000003]
[27002,42.75]
[27006,38.36]
[27007,43.66]
[27008,39.89]
[27009,39.94]
[27010,50.58]
[27021,29.91]
[27022,32.36]
[27023,25.15]
[27026,27.91]
[27027,46.48]
[27028,38.51]
[27029,38.53]
[27031,24.21]
[27032,57.36]
[27034,46.93]
[27035,42.48]
[27040,32.6]
[27041,28.21]
[27043,46.68]
[27049,29.88]
[27050,48.72]
[27051,40.770000000000003]
[27053,45.34]
[27055,43.18]
[27059,39.83]
[27062,39.36]
[27071,39.86]
[27073,17.77,0.81600000000000006,0.83199999999999996,40,38,0.95,0.21374077809721381,2.028981807102662E-2,0.19001629745880361,6.3581052462883064E-2,-6.3581052462883064E-2,0.19257470048921474,-5.4684063365878555E-2,{"$f":"(1 - (9 ^ (-1 * N156))) / (1 - (49 ^ -(N156)))","v":0.53832075810611879},0.53832058307141106,{"$f":"(O156)-(P156)","v":1.7503470772783913E-7},1.1939882542423252,0.9933234553551733,{"$f":"(M156*N156*R156)/(L156+(M156*(1-S156)))","v":0.20183879753760012},{"$f":"(T156*(N156^2)*PI())/(((T156+N156)*SIN(PI()*N156))-T156*N156*PI())","v":0.19920583508413128},{"$f":"(N156*-1)","v":5.4684063365878555E-2}]
[27079,30.07]
[27080,37.9]
[27081,24.4]
[27083,34.29]
[27086,40.1]
[27087,25.95]
[27088,46.77]
[27089,40.79]
[27090,46.29]
[27092,48.58]
[27095,20.02]
[27096,46.46]
[27098,31.45]
[27099,28.45]
[28003,34.21]
[28009,34.229999999999997]
[28010,26.17]
[28015,18.920000000000002,10.172000000000001,10.3,35,32,0.91428571428571426,0.20706156056839148,0.12625879551041322,0.18439492018647197,0.15370492585297577,-0.15370492585297577,0.1858774581663484,-0.13960477073866193,{"$f":"(1 - (9 ^ (-1 * N174))) / (1 - (49 ^ -(N174)))","v":0.49741977136306487},0.49743436218570558,{"$f":"(O174)-(P174)","v":-1.4590822640714318E-5},1.1388733820931125,0.97150918641627659,{"$f":"(M174*N174*R174)/(L174+(M174*(1-S174)))","v":0.19913235065180873},{"$f":"(T174*(N174^2)*PI())/(((T174+N174)*SIN(PI()*N174))-T174*N174*PI())","v":0.19647229669368046},{"$f":"(N174*-1)","v":0.13960477073866193}]
[28018,30.17]
[28019,34.72]
[28022,34.76]
[28023,14.32,16.5275,16.5275,56,56]
[28024,41.93]
[28026,39.46]
[28027,35.39]
[28033,42.5]
[28039,34.909999999999997]
[28040,33.94]
[28041,47.08]
[28043,37.49]
[28049,15.71,5.5449999999999999,6.1449999999999996,50,42,0.84,0.30593023251233881,0.18555305350735335,0.25109283498933271,0.21909687095334376,-0.21909687095334376,0.25419456459998352,-0.1917075790671498,{"$f":"(1 - (9 ^ (-1 * N187))) / (1 - (49 ^ -(N187)))","v":0.4724513108633881},0.47223659099689341,{"$f":"(O187)-(P187)","v":2.1471986649468366E-4},1.2054254908094535,0.91897400538333418,{"$f":"(M187*N187*R187)/(L187+(M187*(1-S187)))","v":0.29592680215456413},{"$f":"(T187*(N187^2)*PI())/(((T187+N187)*SIN(PI()*N187))-T187*N187*PI())","v":0.28667460310835957},{"$f":"(N187*-1)","v":0.1917075790671498}]
[28053,36.89]
[28056,43.22]
[28058,31.03]
[28060,24.62]
[28061,35.200000000000003]
[28080,36.22]
[28082,39.950000000000003]
[28085,26.16]
[28086,43.28]
[28091,17.71,11.5,11.6,32,31,0.96875,0.27036175710217347,0.34034164153486007,0.26093052258614385,0.36347465202771201,-0.36347465202771201,0.2433788445979366,-0.35976942432127312,{"$f":"(1 - (9 ^ (-1 * N197))) / (1 - (49 ^ -(N197)))","v":0.39415854635973285},0.39398834521554088,{"$f":"(O197)-(P197)","v":1.7020114419197263E-4},1.0106602524021491,0.97681488622580215,{"$f":"(M197*N197*R197)/(L197+(M197*(1-S197)))","v":0.24730518677355309},{"$f":"(T197*(N197^2)*PI())/(((T197+N197)*SIN(PI()*N197))-T197*N197*PI())","v":0.26377303596441759},{"$f":"(N197*-1)","v":0.35976942432127312}]
[28095,35.86]
[30003,21.91]
[30004,32.47]
[30006,18.510000000000002,1.92,2.0920000000000001,27,23,0.85185185185185186,0.30821531954141679,0.13857992243970024,0.25091155954243566,0.16989636169038491,-0.16989636169038491,0.25692803749413556,-0.14350151488382487,{"$f":"(1 - (9 ^ (-1 * N201))) / (1 - (49 ^ -(N201)))","v":0.4955466092590658},0.49556131005389975,{"$f":"(O201)-(P201)","v":-1.4700794833955033E-5},1.2592126505621914,0.94204595369544597,{"$f":"(M201*N201*R201)/(L201+(M201*(1-S201)))","v":0.29951432277428913},{"$f":"(T201*(N201^2)*PI())/(((T201+N201)*SIN(PI()*N201))-T201*N201*PI())","v":0.28897971915349763},{"$f":"(N201*-1)","v":0.14350151488382487}]
[30013,5.72,0.64300000000000002,0.67349999999999999,44,40,0.90909090909090906,0.36984254336935779,0.4526378060722841,0.34725965269375664,0.48840136003382278,-0.48840136003382278,0.30073135438587367,-0.48024951294242307,{"$f":"(1 - (9 ^ (-1 * N202))) / (1 - (49 ^ -(N202)))","v":0.34158352880074239},0.34157153375354793,{"$f":"(O202)-(P202)","v":1.1995047194457431E-5},0.99843384885170172,0.90664179512612653,{"$f":"(M202*N202*R202)/(L202+(M202*(1-S202)))","v":0.31325628408205691},{"$f":"(T202*(N202^2)*PI())/(((T202+N202)*SIN(PI()*N202))-T202*N202*PI())","v":0.35504305224055532},{"$f":"(N202*-1)","v":0.48024951294242307}]
[31004,37.93]
[31005,45.06]
[32010,36.56]
[33005,37.29]
[33007,16.57,3.62,3.7360000000000002,38,31,0.81578947368421051,0.22240390243106598,1.0717213377809721E-2,0.16039182399784641,3.4971984663198868E-2,-3.4971984663198868E-2,0.16155911309292006,7.8683030646054669E-3,{"$f":"(1 - (9 ^ (-1 * N207))) / (1 - (49 ^ -(N207)))","v":0.56833638765704142},0.56832717907212893,{"$f":"(O207)-(P207)","v":9.2085849124901031E-6},-5.0875021857835794,0.98405768805588889,{"$f":"(M207*N207*R207)/(L207+(M207*(1-S207)))","v":0.19962776621048742},{"$f":"(T207*(N207^2)*PI())/(((T207+N207)*SIN(PI()*N207))-T207*N207*PI())","v":0.20016531142092694},{"$f":"(N207*-1)","v":-7.8683030646054669E-3}]
[33011,26.08]
[33014,18.399999999999999,7.79,8.16,60,53,0.8833333333333333,0.22057246404855607,7.4695015309337059E-2,0.16888312247250717,0.22306035229331675,-0.22306035229331675,0.16539661779546602,-0.20517758696322727,{"$f":"(1 - (9 ^ (-1 * N209))) / (1 - (49 ^ -(N209)))","v":0.46603131833588601},0.46614385380038648,{"$f":"(O209)-(P209)","v":-1.1253546450046281E-4},1.1240603502092654,0.94245430673417718,{"$f":"(M209*N209*R209)/(L209+(M209*(1-S209)))","v":0.17863307333545422},{"$f":"(T209*(N209^2)*PI())/(((T209+N209)*SIN(PI()*N209))-T209*N209*PI())","v":0.18021437953982156},{"$f":"(N209*-1)","v":0.20517758696322727}]
[33019,23.94]
[33029,12.39,2.722,3.03,54,47,0.87037037037037035,0.24752413800236991,-8.1270732709413318E-2,0.17480895105269117,-3.0812987211652435E-3,3.0812987211652435E-3,0.1746514761125163,3.1815232430934003E-2,{"$f":"(1 - (9 ^ (-1 * N211))) / (1 - (49 ^ -(N211)))","v":0.57974894846845493},0.57973858109727483,{"$f":"(O211)-(P211)","v":1.0367371180097784E-5},0.10658647018415107,1.0009251395747953,{"$f":"(M211*N211*R211)/(L211+(M211*(1-S211)))","v":0.20284671501570739},{"$f":"(T211*(N211^2)*PI())/(((T211+N211)*SIN(PI()*N211))-T211*N211*PI())","v":0.20536753081739584},{"$f":"(N211*-1)","v":-3.1815232430934003E-2}]
[33031,40.869999999999997]
[33032,6.01,0.4415,0.499,52,43,0.82692307692307687,0.2980800496056501,0.1387274157132351,0.22795020062511767,0.20794213053095545,-0.20794213053095545,0.22960347408136381,-0.17640326509326498,{"$f":"(1 - (9 ^ (-1 * N213))) / (1 - (49 ^ -(N213)))","v":0.47976534855592623},0.47921538659418,{"$f":"(O213)-(P213)","v":5.4996196174622591E-4},1.2570354074590933,0.91543939433845312,{"$f":"(M213*N213*R213)/(L213+(M213*(1-S213)))","v":0.27005963075402978},{"$f":"(T213*(N213^2)*PI())/(((T213+N213)*SIN(PI()*N213))-T213*N213*PI())","v":0.26302063482171056},{"$f":"(N213*-1)","v":0.17640326509326498}]
[33034,23.98]
[33050,20.59]
[33051,31.24]
[33054,9.74,1.1324999999999998,1.1429999999999998,44,42,0.95454545454545459,0.20387064896335985,6.9168407277502411E-2,0.18313761145166091,0.12081033974613717,-0.12081033974613717,0.18547409409841262,-0.11343205861116272,{"$f":"(1 - (9 ^ (-1 * N217))) / (1 - (49 ^ -(N217)))","v":0.5100161779323894},0.51002794037089427,{"$f":"(O217)-(P217)","v":-1.1762438504869799E-5},1.0857794248489516,0.98855158243041108,{"$f":"(M217*N217*R217)/(L217+(M217*(1-S217)))","v":0.19246762743676094},{"$f":"(T217*(N217^2)*PI())/(((T217+N217)*SIN(PI()*N217))-T217*N217*PI())","v":0.18968798625094382},{"$f":"(N217*-1)","v":0.11343205861116272}]
[34005,32.65]
[34012,6.29,1.0295000000000001,1.06,54,45,0.83333333333333337,0.24838180357451092,7.9968484669263803E-3,0.17577110963728562,8.8746521484489652E-2,-8.8746521484489652E-2,0.17805379505843158,-5.4020549248529864E-2,{"$f":"(1 - (9 ^ (-1 * N219))) / (1 - (49 ^ -(N219)))","v":0.53864017052380952},0.5386398618393381,{"$f":"(O219)-(P219)","v":3.0868447142839983E-7},1.8151834073969104,0.96465609641937256,{"$f":"(M219*N219*R219)/(L219+(M219*(1-S219)))","v":0.21174937958988974},{"$f":"(T219*(N219^2)*PI())/(((T219+N219)*SIN(PI()*N219))-T219*N219*PI())","v":0.20882671360374636},{"$f":"(N219*-1)","v":5.4020549248529864E-2}]
[35008,43.41]
[36003,37.700000000000003]
[36004,40.53]
[36005,43.59]
[36007,36.21]
[36008,42.95]
[36010,44.57]
[36011,44.63]
[37005,38.130000000000003]
[37007,47.63]
[37008,39.340000000000003]
[37009,36.43]
[37010,40.08]
[37014,46.46]
[37016,43.6]
[37020,40.130000000000003]
[38002,35.75]
[38003,27.49]
[38004,38.01]
[38020,49.52]
[39001,26.94]
[39002,27.04]
[39005,33.97]
[39006,17.18,11.05,11.1,70,69,0.98571428571428577,0.20457235134323257,0.23841250778730427,0.19905290200783682,0.25766812243109594,-0.25766812243109594,0.19384169576321361,-0.25573924947879539,{"$f":"(1 - (9 ^ (-1 * N243))) / (1 - (49 ^ -(N243)))","v":0.4421141333992058},0.44205155477199931,{"$f":"(O243)-(P243)","v":6.2578627206488768E-5},1.0101371789554758,0.99255866068757426,{"$f":"(M243*N243*R243)/(L243+(M243*(1-S243)))","v":0.19543497488450717},{"$f":"(T243*(N243^2)*PI())/(((T243+N243)*SIN(PI()*N243))-T243*N243*PI())","v":0.20035615492970857},{"$f":"(N243*-1)","v":0.25573924947879539}]
[39007,26.79]
[39014,32.020000000000003]
[39016,18.72,37.9,38,55,53,0.96363636363636362,0.19302068622561977,8.1970032174933705E-2,0.18155760936313767,9.9900699309580079E-2,-9.9900699309580079E-2,0.18405607979046815,-9.3893797799680781E-2,{"$f":"(1 - (9 ^ (-1 * N246))) / (1 - (49 ^ -(N246)))","v":0.51943022736525568},0.51943834702372282,{"$f":"(O246)-(P246)","v":-8.1196584671427985E-6},1.0817185946307235,0.99248512166517744,{"$f":"(M246*N246*R246)/(L246+(M246*(1-S246)))","v":0.1897526320241297},{"$f":"(T246*(N246^2)*PI())/(((T246+N246)*SIN(PI()*N246))-T246*N246*PI())","v":0.18699611602594074},{"$f":"(N246*-1)","v":9.3893797799680781E-2}]
[39019,16.079999999999998,3.5449999999999999,3.6715,56,52,0.9285714285714286,0.23380423151997379,0.21286291923583398,0.21386052471339478,0.24843663630905255,-0.24843663630905255,0.21065790847579652,-0.2384559921997963,{"$f":"(1 - (9 ^ (-1 * N247))) / (1 - (49 ^ -(N247)))","v":0.45025376908145626},0.45021775659112495,{"$f":"(O247)-(P247)","v":3.6012490331305269E-5},1.0579593236890217,0.96242736906322057,{"$f":"(M247*N247*R247)/(L247+(M247*(1-S247)))","v":0.22095344539877262},{"$f":"(T247*(N247^2)*PI())/(((T247+N247)*SIN(PI()*N247))-T247*N247*PI())","v":0.22243826323851962},{"$f":"(N247*-1)","v":0.2384559921997963}]
[39020,12.17,3.61,3.7450000000000001,57,54,0.94736842105263153,0.19571774139093021,7.4128286788144218E-2,0.17372412668221712,0.13425756844445275,-0.13425756844445275,0.17528421637547445,-0.12579258279203132,{"$f":"(1 - (9 ^ (-1 * N248))) / (1 - (49 ^ -(N248)))","v":0.50406445252878129},0.50407794269897188,{"$f":"(O248)-(P248)","v":-1.3490170190588735E-5},1.090304386092237,0.9851780592661088,{"$f":"(M248*N248*R248)/(L248+(M248*(1-S248)))","v":0.18259687892496615},{"$f":"(T248*(N248^2)*PI())/(((T248+N248)*SIN(PI()*N248))-T248*N248*PI())","v":0.18049188675460012},{"$f":"(N248*-1)","v":0.12579258279203132}]
[39021,31.41]
[39022,26.4]
[39023,19.59,2.71,2.71,56,56]
[39025,32.78]
[39028,21.3]
[39033,22.35]
[39034,24.1]
[39035,14.6,3.3,3.38,51,50,0.98039215686274506,0.15739805565519824,-0.10267241370883616,0.14275667006301207,-5.0521712544615134E-2,5.0521712544615134E-2,0.14049336254557909,5.442468755832116E-2,{"$f":"(1 - (9 ^ (-1 * N256))) / (1 - (49 ^ -(N256)))","v":0.59046735685652385},0.59045698631255294,{"$f":"(O256)-(P256)","v":1.0370543970905644E-5},0.94130797799102672,1.0020231818917968,{"$f":"(M256*N256*R256)/(L256+(M256*(1-S256)))","v":0.14327015822540334},{"$f":"(T256*(N256^2)*PI())/(((T256+N256)*SIN(PI()*N256))-T256*N256*PI())","v":0.1458476928889359},{"$f":"(N256*-1)","v":-5.442468755832116E-2}]
[39042,12.21,3.085,3.1,48,47,0.97916666666666663,0.19560357645376222,6.2894870265597855E-2,0.18084926408391166,0.11450023524425781,-0.11450023524425781,0.18317332790425206,-0.11121950969190662,{"$f":"(1 - (9 ^ (-1 * N257))) / (1 - (49 ^ -(N257)))","v":0.51108194645282989},0.5110933429493032,{"$f":"(O257)-(P257)","v":-1.1396496473303763E-5},1.0384880203989071,0.99513876835669612,{"$f":"(M257*N257*R257)/(L257+(M257*(1-S257)))","v":0.18622112945146693},{"$f":"(T257*(N257^2)*PI())/(((T257+N257)*SIN(PI()*N257))-T257*N257*PI())","v":0.18371562723606147},{"$f":"(N257*-1)","v":0.11121950969190662}]
[39055,50.09]
[39086,34.46]
[39088,30.32]
[39089,29.48]
[40003,41.31]
[40005,44.56]
[40007,42.34]
[40008,28]
[40009,42.65]
[40010,41.2]
[40011,25.41]
[40012,16.07,2.806,2.9765000000000001,49,42,0.8571428571428571,0.38986586217775382,0.47726580783247236,0.35078891035167081,0.55933275986671871,-0.55933275986671871,0.27111715926404423,-0.54764602913250882,{"$f":"(1 - (9 ^ (-1 * N269))) / (1 - (49 ^ -(N269)))","v":0.31390368818917391},0.31387919983816193,{"$f":"(O269)-(P269)","v":2.4488351011986431E-5},0.9756549264672264,0.82844904665256502,{"$f":"(M269*N269*R269)/(L269+(M269*(1-S269)))","v":0.28247904962520748},{"$f":"(T269*(N269^2)*PI())/(((T269+N269)*SIN(PI()*N269))-T269*N269*PI())","v":0.35572739587348196},{"$f":"(N269*-1)","v":0.54764602913250882}]
[41005,40.94]
[41020,43.25]
[41022,38.72]
[41023,7.23,1.4810000000000001,1.7869999999999999,43,36,0.83720930232558144,0.46622797797381466,0.34058140487982225,0.38924398784457093,0.39322456795564065,-0.39322456795564065,0.38803309809343134,-0.37280802968999843,{"$f":"(1 - (9 ^ (-1 * N273))) / (1 - (49 ^ -(N273)))","v":0.38829811129593905},0.38814506241056795,{"$f":"(O273)-(P273)","v":1.5304888537109873E-4},1.0540309463456001,0.85650695365616392,{"$f":"(M273*N273*R273)/(L273+(M273*(1-S273)))","v":0.45172729567779601},{"$f":"(T273*(N273^2)*PI())/(((T273+N273)*SIN(PI()*N273))-T273*N273*PI())","v":0.43219890359025775},{"$f":"(N273*-1)","v":0.37280802968999843}]
[42001,24.23]
[42003,39.18]
[42006,5.54,2.8889999999999998,3.044,61,56,0.91803278688524592,0.25789329529833738,0.2103036952276483,0.22549485168927152,0.28578576007822654,-0.28578576007822654,0.21866060579339036,-0.27473499260479495,{"$f":"(1 - (9 ^ (-1 * N276))) / (1 - (49 ^ -(N276)))","v":0.43321733861711526},0.43311673312160759,{"$f":"(O276)-(P276)","v":1.0060549550766629E-4},1.0535565879713613,0.95011767378598411,{"$f":"(M276*N276*R276)/(L276+(M276*(1-S276)))","v":0.23025108364859673},{"$f":"(T276*(N276^2)*PI())/(((T276+N276)*SIN(PI()*N276))-T276*N276*PI())","v":0.2347985587893989},{"$f":"(N276*-1)","v":0.27473499260479495}]
[42007,4.8499999999999996,2.4529999999999998,2.4529999999999998,41,41]
[42008,6.89,1.3640000000000001,1.367,49,48,0.97959183673469385,0.25422234477745653,0.40548916531597745,0.24794232028763713,0.42804319613750524,-0.42804319613750524,0.21377636552996096,-0.42598789017088606,{"$f":"(1 - (9 ^ (-1 * N278))) / (1 - (49 ^ -(N278)))","v":0.36480660097505124},0.36473103896339676,{"$f":"(O278)-(P278)","v":7.5562011654484174E-5},1.0027080090517226,0.9823204361216038,{"$f":"(M278*N278*R278)/(L278+(M278*(1-S278)))","v":0.2152263930680072},{"$f":"(T278*(N278^2)*PI())/(((T278+N278)*SIN(PI()*N278))-T278*N278*PI())","v":0.24881957357369774},{"$f":"(N278*-1)","v":0.42598789017088606}]
[42009,6.06,1.02,1.0649999999999999,50,47,0.94,0.29703722831515184,0.4128433998341014,0.27822425692992414,0.46860758713569434,-0.46860758713569434,0.23287180596079804,-0.4631847137341098,{"$f":"(1 - (9 ^ (-1 * N279))) / (1 - (49 ^ -(N279)))","v":0.34880077303159734},0.34877307487939258,{"$f":"(O279)-(P279)","v":2.7698152204769233E-5},1.0012625092806609,0.94185524138651477,{"$f":"(M279*N279*R279)/(L279+(M279*(1-S279)))","v":0.2373249747848874},{"$f":"(T279*(N279^2)*PI())/(((T279+N279)*SIN(PI()*N279))-T279*N279*PI())","v":0.28077741841912063},{"$f":"(N279*-1)","v":0.4631847137341098}]
[42010,6.09,9.4875000000000007,9.7750000000000004,62,61,0.9838709677419355,0.15789914462689425,0.20301095746837286,0.15251631942981686,0.22935631874826418,-0.22935631874826418,0.1479523772527635,-0.22882831773296566,{"$f":"(1 - (9 ^ (-1 * N280))) / (1 - (49 ^ -(N280)))","v":0.45480495308919339},0.45556335880578491,{"$f":"(O280)-(P280)","v":-7.5840571659152589E-4},1.0039191407195498,0.99250765554498477,{"$f":"(M280*N280*R280)/(L280+(M280*(1-S280)))","v":0.14890998967696495},{"$f":"(T280*(N280^2)*PI())/(((T280+N280)*SIN(PI()*N280))-T280*N280*PI())","v":0.15340696836911877},{"$f":"(N280*-1)","v":0.22882831773296566}]
[42012,8.1,3.26,3.26,47,47]
[43003,10.210000000000001,47.513500000000001,47.960999999999999,48,46,0.95833333333333337,0.22805892507744699,8.0438921329538157E-2,0.21013647401536595,0.10872878660960589,-0.10872878660960589,0.21407260509746587,-0.10188097906760804,{"$f":"(1 - (9 ^ (-1 * N282))) / (1 - (49 ^ -(N282)))","v":0.51558120942528618},0.51559091656009948,{"$f":"(O282)-(P282)","v":-9.7071348132971025E-6},1.0870957779035122,0.99058396963295847,{"$f":"(M282*N282*R282)/(L282+(M282*(1-S282)))","v":0.22217970653111754},{"$f":"(T282*(N282^2)*PI())/(((T282+N282)*SIN(PI()*N282))-T282*N282*PI())","v":0.21781095301681797},{"$f":"(N282*-1)","v":0.10188097906760804}]
[43004,5.94,2.117,2.242,45,41,0.91111111111111109,0.32839031912602124,0.31058243391697354,0.29851231425426517,0.35020282568780092,-0.35020282568780092,0.28853076624947122,-0.33921279250680819,{"$f":"(1 - (9 ^ (-1 * N283))) / (1 - (49 ^ -(N283)))","v":0.40347254860428489},0.40327864036835437,{"$f":"(O283)-(P283)","v":1.9390823593051776E-4},1.0366327154986035,0.93374648771764113,{"$f":"(M283*N283*R283)/(L283+(M283*(1-S283)))","v":0.30644151005201092},{"$f":"(T283*(N283^2)*PI())/(((T283+N283)*SIN(PI()*N283))-T283*N283*PI())","v":0.31182838651422962},{"$f":"(N283*-1)","v":0.33921279250680819}]
[43005,10.68,10.263999999999999,10.577,31,29,0.93548387096774188,0.31882985860320223,0.25533678817549627,0.29940621193666245,0.26302596404387779,-0.26302596404387779,0.30461241334279998,-0.25426007576700282,{"$f":"(1 - (9 ^ (-1 * N284))) / (1 - (49 ^ -(N284)))","v":0.44280914628156409},0.44274912668421179,{"$f":"(O284)-(P284)","v":6.0019597352301002E-5},1.0469747347767091,0.96431514300770316,{"$f":"(M284*N284*R284)/(L284+(M284*(1-S284)))","v":0.32158280071535483},{"$f":"(T284*(N284^2)*PI())/(((T284+N284)*SIN(PI()*N284))-T284*N284*PI())","v":0.31304531356006127},{"$f":"(N284*-1)","v":0.25426007576700282}]
[43006,19.62,14.808,15.227499999999999,53,52,0.98113207547169812,0.2216788155676126,0.28709597599785869,0.2138553487337734,0.31583417747284065,-0.31583417747284065,0.20179440395938539,-0.31321925765048758,{"$f":"(1 - (9 ^ (-1 * N285))) / (1 - (49 ^ -(N285)))","v":0.41537245757458285},0.4151618149146924,{"$f":"(O285)-(P285)","v":2.1064265989045872E-4},1.0102948384117141,0.98792453457000751,{"$f":"(M285*N285*R285)/(L285+(M285*(1-S285)))","v":0.20375594877345166},{"$f":"(T285*(N285^2)*PI())/(((T285+N285)*SIN(PI()*N285))-T285*N285*PI())","v":0.21532536051530507},{"$f":"(N285*-1)","v":0.31321925765048758}]
[43007,25.63]
[43008,6.92,12.9,13,48,41,0.85416666666666663,0.26473088794592486,0.14111625493527125,0.21293568700800125,0.2051806716466453,-0.2051806716466453,0.21352288965960417,-0.17967693692697317,{"$f":"(1 - (9 ^ (-1 * N287))) / (1 - (49 ^ -(N287)))","v":0.47819921071386529},0.47771766285593564,{"$f":"(O287)-(P287)","v":4.8154785792964283E-4},1.2023133046210179,0.93169049851358454,{"$f":"(M287*N287*R287)/(L287+(M287*(1-S287)))","v":0.24201531859303313},{"$f":"(T287*(N287^2)*PI())/(((T287+N287)*SIN(PI()*N287))-T287*N287*PI())","v":0.23770496328311855},{"$f":"(N287*-1)","v":0.17967693692697317}]
[43009,40.020000000000003]
[43012,11.19,4.6369999999999996,4.6369999999999996,51,50,0.98039215686274506,0.18123404734028598,4.3170075183776753E-2,0.17145956415537214,7.1857006476171326E-2,-7.1857006476171326E-2,0.17351456659589129,-6.8563527565760007E-2,{"$f":"(1 - (9 ^ (-1 * N289))) / (1 - (49 ^ -(N289)))","v":0.53163652572919773},0.53163924646178529,{"$f":"(O289)-(P289)","v":-2.7207325875577837E-6},1.058196263046904,0.99712946430057725,{"$f":"(M289*N289*R289)/(L289+(M289*(1-S289)))","v":0.17641967094981106},{"$f":"(T289*(N289^2)*PI())/(((T289+N289)*SIN(PI()*N289))-T289*N289*PI())","v":0.17430429732268424},{"$f":"(N289*-1)","v":6.8563527565760007E-2}]
[43014,17.59,3.6684999999999999,4.048,50,45,0.9,0.21496753715572547,6.9597258433664211E-2,0.18208912003047989,0.10998922274445924,-0.10998922274445924,0.18453021522767307,-9.2003917377379049E-2,{"$f":"(1 - (9 ^ (-1 * N290))) / (1 - (49 ^ -(N290)))","v":0.52034101773317287},0.52034874793867092,{"$f":"(O290)-(P290)","v":-7.730205498046594E-6},1.255290902281756,0.9757553541031796,{"$f":"(M290*N290*R290)/(L290+(M290*(1-S290)))","v":0.20197728616898411},{"$f":"(T290*(N290^2)*PI())/(((T290+N290)*SIN(PI()*N290))-T290*N290*PI())","v":0.19868428743781794},{"$f":"(N290*-1)","v":9.2003917377379049E-2}]
[43018,8.17,7.0255000000000001,7.1390000000000002,46,43,0.93478260869565222,0.2467798041406648,0.14171157814001778,0.21682801304155419,0.20780782578358822,-0.20780782578358822,0.21753366961893836,-0.1981008560423263,{"$f":"(1 - (9 ^ (-1 * N291))) / (1 - (49 ^ -(N291)))","v":0.46940201461737463},0.46933889044680133,{"$f":"(O291)-(P291)","v":6.3124170573303218E-5},1.0686748375755788,0.97137408698608385,{"$f":"(M291*N291*R291)/(L291+(M291*(1-S291)))","v":0.22845960283580738},{"$f":"(T291*(N291^2)*PI())/(((T291+N291)*SIN(PI()*N291))-T291*N291*PI())","v":0.22626417060936599},{"$f":"(N291*-1)","v":0.1981008560423263}]
[43029,8.34,1.5620000000000001,2.1399999999999997,37,30,0.81081081081081086,0.38028814129933824,0.26295638524108822,0.31783843731840444,0.2474233425744469,-0.2474233425744469,0.32794434691146218,-0.21621589331305652,{"$f":"(1 - (9 ^ (-1 * N292))) / (1 - (49 ^ -(N292)))","v":0.46078397966182422},0.46118680708343424,{"$f":"(O292)-(P292)","v":-4.0282742161001917E-4},1.2095448605552954,0.88902411292994243,{"$f":"(M292*N292*R292)/(L292+(M292*(1-S292)))","v":0.40641218688742198},{"$f":"(T292*(N292^2)*PI())/(((T292+N292)*SIN(PI()*N292))-T292*N292*PI())","v":0.38121328442480112},{"$f":"(N292*-1)","v":0.21621589331305652}]
[44003,26.49]
[44008,19.53,0.44800000000000001,0.52700000000000002,41,34,0.82926829268292679,0.40711048634132063,0.31921231517700188,0.3503535907926687,0.32809883144651064,-0.32809883144651064,0.35521536254894354,-0.30348785304113007,{"$f":"(1 - (9 ^ (-1 * N294))) / (1 - (49 ^ -(N294)))","v":0.41986047517209302},0.41968218326135848,{"$f":"(O294)-(P294)","v":1.7829191073454043E-4},1.1046266076148452,0.87191927735068786,{"$f":"(M294*N294*R294)/(L294+(M294*(1-S294)))","v":0.42137853997360564},{"$f":"(T294*(N294^2)*PI())/(((T294+N294)*SIN(PI()*N294))-T294*N294*PI())","v":0.39894382249244259},{"$f":"(N294*-1)","v":0.30348785304113007}]
[44011,26.49]
[44013,11.77,0.89500000000000002,1.8534999999999999,28,18,0.6428571428571429,0.48873109443848972,0.26453656605038162,0.32024484920871921,0.1574222525442015,-0.1574222525442015,0.33477324758111765,-5.209541791660624E-2,{"$f":"(1 - (9 ^ (-1 * N296))) / (1 - (49 ^ -(N296)))","v":0.53956683955085682},0.53956614620530374,{"$f":"(O296)-(P296)","v":6.9334555308220303E-7},3.9919624437188528,0.82101592847831006,{"$f":"(M296*N296*R296)/(L296+(M296*(1-S296)))","v":0.71403247858256391},{"$f":"(T296*(N296^2)*PI())/(((T296+N296)*SIN(PI()*N296))-T296*N296*PI())","v":0.67575258037605179},{"$f":"(N296*-1)","v":5.209541791660624E-2}]
[45001,36]
[45002,37.950000000000003]
[45003,31.82]
[45007,33.69]
[45008,38.03]
[45009,34.630000000000003]
[45012,31.96]
[45816,31.27]
[46003,32.880000000000003]
[46005,47.42]
[46006,38.29]
[46007,47.75]
[46008,32.89]
[46013,13.8,25.38,25.9,16,15,0.9375,0.21058498601700498,0.22189217694574298,0.18086992829149007,0.36756597069571351,-0.36756597069571351,0.15959581096323969,-0.36028370299921192,{"$f":"(1 - (9 ^ (-1 * N310))) / (1 - (49 ^ -(N310)))","v":0.39392668560430927},0.39375713347179681,{"$f":"(O310)-(P310)","v":1.6955213251246271E-4},1.0206668893777662,0.95210343874587122,{"$f":"(M310*N310*R310)/(L310+(M310*(1-S310)))","v":0.16305791443332696},{"$f":"(T310*(N310^2)*PI())/(((T310+N310)*SIN(PI()*N310))-T310*N310*PI())","v":0.18313329688332086},{"$f":"(N310*-1)","v":0.36028370299921192}]
[46014,27.24]
[47001,37]
[47004,33.770000000000003]
[47005,38.950000000000003]
[47006,36.299999999999997]
[47008,39.11]
[47009,30.81]
[47014,26.16]
[47020,34]
[47021,32.409999999999997]
[47022,44.18]
[47023,42.01]
[47024,33.28]
[48001,40.65]
[48003,34.6]
[48004,35.700000000000003]
[48007,8.6300000000000008,4.2300000000000004,4.28,52,51,0.98076923076923073,0.19112413707740342,0.22367691514220339,0.18353424085909775,0.25403445589152573,-0.25403445589152573,0.1778766468325168,-0.25146803533548501,{"$f":"(1 - (9 ^ (-1 * N327))) / (1 - (49 ^ -(N327)))","v":0.44412187254153263},0.44406653308376232,{"$f":"(O327)-(P327)","v":5.5339457770309242E-5},1.0137982444879801,0.99008605783481318,{"$f":"(M327*N327*R327)/(L327+(M327*(1-S327)))","v":0.17975705063970709},{"$f":"(T327*(N327^2)*PI())/(((T327+N327)*SIN(PI()*N327))-T327*N327*PI())","v":0.18507825490928309},{"$f":"(N327*-1)","v":0.25146803533548501}]
[48009,39.93]
[48011,35.26]
[48012,35.49]
[49001,34.61]
[49002,25.57]
[49003,47.75]
[49004,32.08]
[49005,31.92]
[50001,37.82]
[50002,40.520000000000003]
[50006,36.85]
[51001,27.63]
[51003,31.4]
[52004,39.76]
[52005,32.9]
[52009,20.13]
[52010,36.270000000000003]
[53004,28.88]
[53006,43.42]
[53007,29.94]
[53008,27.97]
[53009,27.31]
[53013,32.44]
[53017,37.6]
[53018,31.1]
[53023,22.36]
[53026,41.11]
[53028,21.99]
[53029,34.61]
[54001,33.68]
[54002,43.06]
[54004,35.78]
[54005,38.49]
[54008,28.53]
[54011,35.130000000000003]
[54012,28.63]
[54014,39.67]
[54016,27.47]
[54020,26.5]
[54022,52.68]
[54024,30.56]
[54025,40.26]
[54027,20.43]
[54028,41.06]
[54029,30.81]
[54036,39.200000000000003]
[54038,38.6]
[54040,30.18]
[54041,27.5]
[54057,35.9]
[54080,40.92]
[54111,44.12]
[54114,42.51]
[54906,26.95]
[55002,39.67]
[55004,46.25]
[55007,42.23]
[55013,34.31]
[55021,30.24]
[55026,43.36]
[55029,35.28]
[56001,28.86]
[56002,29.79]
[56004,35.03]
[56006,40.54]
[57005,43.27]
[57006,47.76]
[57007,44.68]
[57009,34.24]
[57010,39]
[57014,38.42]
[57015,49.89]
[57017,52.88]
[58001,36.369999999999997]
[58002,47.79]
[58005,35.74]
[58006,51.3]
[58007,36.93]
[58012,40.17]
[59001,42.54]
[60001,38.97]
[60002,37.89]
[60006,35.11]
[60013,38.53]
[62001,36.97]
[63001,39.17]
[66005,34.93]
[66006,39.46]
[67008,29.84]
[67009,27.71]
[67015,42.69]
[68018,39.65]
[68021,33.369999999999997]
[69003,31.83]
[69005,37.909999999999997]
[69008,28.78]
[69012,31.03]
[69015,44.3]
[69017,32.5]
[69020,35.64]
[69023,33.11]
[69024,44.46]
[69025,37.36]
[69027,42.58]
[69028,39.229999999999997]
[69032,32.659999999999997]
[69041,43.7]
[69043,31.73]
[69044,37.4]
[69047,35]
[69803,34.22]
[70002,33.4]
[70004,38.369999999999997]
[71001,42.13]
[71003,54.51]
[71004,38.32]
[71006,43.43]
[71008,46.13]
[71009,42.38]
[71010,39.31]
[71011,46.04]
[71013,36.71]
[71014,38.85]
[72004,43.71]
[72005,40.85]
[72007,49.42]
[72014,35.96]
[72015,39.479999999999997]
[73002,50.41]
[73005,38.11]
[73008,33.01]
[73009,44.14]
[73010,46.57]
[73011,36.869999999999997]
[73012,39.880000000000003]
[73015,35.79]
[73017,43.29]
[74001,53.69]
[75002,41.92]
[75003,44.49]
[75004,40.130000000000003]
[75005,47.61]
[75009,47.22]
[76001,54.31]
[76002,36.880000000000003]
[76003,42.6]
[76004,45.63]
[76005,37]
[76007,37.799999999999997]
[76008,46.46]
[76010,30.52]
[76011,58.93]
[76014,45.76]
[76015,48.69]
[76017,36.89]
[76019,38.24]
[76021,42.36]
[76022,39.770000000000003]
[76023,36.340000000000003]
[78003,38.99]
[78004,43.96]
[78005,43.79]
[79002,42.18]
[79004,41.97]
[79005,37.26]
[79006,44.47]
[81002,50.86]
[81003,54.88]
[83005,42.41]
[83006,46.09]
[84001,40.58]
[84003,41.73]
[84004,42.58]
[84007,41.65]
[84012,38.159999999999997]
[84013,41.85]
[84014,44]
[84017,42.39]
[84018,42.3]
[84020,45.24]
[84023,39.72]
[84035,38.82]
[84040,47.91]
[85001,44]
[86002,48.89]
[90003,47.03]
[91802,53.31]
[93001,49.12]
[94001,50.08]
[95001,45.87]
[96001,55.66]
[96002,52.34]
[96003,55.12]
[96004,55.28]
[97002,55.23]
[106002,53.36]
[201005,33.869999999999997]
[201007,40.72]
[202001,42.01]
[203010,37.369999999999997]
[203011,34.81]
[203018,38.03]
[203019,35.11]
[203020,39.42]
[203022,37.200000000000003]
[203024,38.229999999999997]
[203028,41.8]
[203033,36.86]
[203043,36.049999999999997]
[203093,35.68]
[204001,29.33]
[205004,38.83]
[205005,44.85]
[205008,44.9]
[205011,44.65]
[205020,37.130000000000003]
[206001,23.69]
[206006,51.72]
[236005,39.020000000000003]
[236007,31.34]

{"sheet":"AM","index":3,"n_rows":51709,"n_cols":5,"rows_kept":51709,"cut":false,"hidden":true,"merged":[]}
["Station Number","Water Year","Date","Flow","Stage"]
[]
[]
[]
[]
[]
[]
[]
[]
[]
[]
[]
[]
[]
[]
[]
[]
[]
[]
[]
[]
[]
[]
[]
[]
[]
[]
[]
[]
[]
[]
[]
[]
[]
[]
[]
[]
[]
[]
[]
[]
[]
[]
[]
[]
[]
[]
[]
[]
[]
[]
[]
[]
[]
[]
[]
[]
[]
[]
[]
[]
[]
[]
[]
[]
[]
[]
[]
[]
[]
[]
[]
[]
[]
[]
[]
[]
[]
[]
[]
[]
[]
[]
[]
[]
[]
[]
[]
[]
[]
[]
[]
[]
[]
[]
[]
[]
[]
[]
[]
[]
[]
[]
[]
[]
[]
[]
[]
[]
[]
[]
[]
[]
[]
[]
[]
[]
[]
[]
[]
[]
[]
[]
[]
[]
[]
[]
[]
[]
[]
[]
[]
[]
[]
[]
[]
[]
[]
[]
[]
[]
[]
[]
[]
[]
[]
[]
[]
[]
[]
[]
[]
[]
[]
[]
[]
[]
[]
[]
[]
[]
[]
[]
[]
[]
[]
[]
[]
[]
[]
[]
[]
[]
[]
[]
[]
[]
[]
[]
[]
[]
[]
[]
[]
[]
[]
[]
[]
[]
[]
[]
[]
[]
[]
[]
[]
[]
[]
[]
[]
[]
[]
[]
[]
[]
[]
[]
[]
[]
[]
[]
[]
[]
[]
[]
[]
[]
[]
[]
[]
[]
[]
[]
[]
[]
[]
[]
[]
[]
[]
[]
[]
[]
[]
[]
[]
[]
[]
[]
[]
[]
[]
[]
[]
[]
[]
[]
[]
[]
[]
[]
[]
[]
[]
[]
[]
[]
[]
[]
[]
[]
[]
[]
[]
[]
[]
[]
[]
[]
[]
[]
[]
[]
[]
[]
[]
[]
[]
[]
[]
[]
[]
[]
[]
[]
[]
[]
[]
[]
[]
[]
[]
[]
[]
[]
[]
[]
[]
[]
[]
[]
[]
[]
[]
[]
[]
[]
[]
[]
[]
[]
[]
[]
[]
[]
[]
[]
[]
[]
[]
[]
[]
[]
[]
[]
[]
[]
[]
[]
[]
[]
[]
[]
[]
[]
[]
[]
[]
[]
[]
[]
[]
[]
[]
[]
[]
[]
[]
[]
[]
[]
[]
[]
[]
[]
[]
[]
[]
[]
[]
[]
[]
[]
[]
[]
[]
[]
[]
[]
[]
[]
[]
[]
[]
[]
[]
[]
[]
[]
[]
[]
[]
[]
[]
[]
[]
[]
[]
[]
[]
[]
[]
[]
[]
[]
[]
[]
[]
[]
[]
[]
[]
[]
[]
[]
[]
[]
[]
[]
[]
[]
[]
[]
[]
[]
[]
[]
[]
[]
[]
[]
[]
[]
[]
[]
[]
[]
[]
[]
[]
[]
[]
[]
[]
[]
[]
[]
[]
[]
[]
[]
[]
[]
[]
[]
[]
[]
[]
[]
[]
[]
[]
[]
[]
[]
[]
[]
[]
[]
[]
[]
[]
[]
[]
[]
[]
[]
[]
[]
[]
[]
[]
[]
[]
[]
[]
[]
[]
[]
[]
[]
[]
[]
[]
[]
[]
[]
[]
[]
[]
[]
[]
[]
[]
[]
[]
[]
[]
[]
[]
[]
[]
[]
[]
[]
[]
[]
[]
[]
[]
[]
[]
[]
[]
[]
[]
[]
[]
[]
[]
[]
[]
[]
[]
[]
[]
[]
[]
[]
[]
[]
[]
[]
[]
[]
[]
[]
[]
[]
[]
[]
[]
[]
[]
[]
[]
[]
[]
[]
[]
[]
[]
[]
[]
[]
[]
[]
[]
[]
[]
[]
[]
[]
[]
[]
[]
[]
[]
[]
[]
[]
[]
[]
[]
[]
[]
[]
[]
[]
[]
[]
[]
[]
[]
[]
[]
[]
[]
[]
[]
[]
[]
[]
[]
[]
[]
[]
[]
[]
[]
[]
[]
[]
[]
[]
[]
[]
[]
[]
[]
[]
[]
[]
[]
[]
[]
[]
[]
[]
[]
[]
[]
[]
[]
[]
[]
[]
[]
[]
[]
[]
[]
[]
[]
[]
[]
[]
[]
[]
[]
[]
[]
[]
[]
[]
[]
[]
[]
[]
[]
[]
[]
[]
[]
[]
[]
[]
[]
[]
[]
[]
[]
[]
[]
[]
[]
[]
[]
[]
[]
[]
[]
[]
[]
[]
[]
[]
[]
[]
[]
[]
[]
[]
[]
[]
[]
[]
[]
[]
[]
[]
[]
[]
[]
[]
[]
[]
[]
[]
[]
[]
[]
[]
[]
[]
[]
[]
[]
[]
[]
[]
[]
[]
[]
[]
[]
[]
[]
[]
[]
[]
[]
[]
[]
[]
[]
[]
[]
[]
[]
[]
[]
[]
[]
[]
[]
[]
[]
[]
[]
[]
[]
[]
[]
[]
[]
[]
[]
[]
[]
[]
[]
[]
[]
[]
[]
[]
[]
[]
[]
[]
[]
[]
[]
[]
[]
[]
[]
[]
[]
[]
[]
[]
[]
[]
[]
[]
[]
[]
[]
[]
[]
[]
[]
[]
[]
[]
[]
[]
[]
[]
[]
[]
[]
[]
[]
[]
[]
[]
[]
[]
[]
[]
[]
[]
[]
[]
[]
[]
[]
[]
[]
[]
[]
[]
[]
[]
[]
[]
[]
[]
[]
[]
[]
[]
[]
[]
[]
[]
[]
[]
[]
[]
[]
[]
[]
[]
[]
[]
[]
[]
[]
[]
[]
[]
[]
[]
[]
[]
[]
[]
[]
[]
[]
[]
[]
[]
[]
[]
[]
[]
[]
[]
[]
[]
[]
[]
[]
[]
[]
[]
[]
[]
[]
[]
[]
[]
[]
[]
[]
[]
[]
[]
[]
[]
[]
[]
[]
[]
[]
[]
[]
[]
[]
[]
[]
[]
[]
[]
[]
[]
[]
[]
[]
[]
[]
[]
[]
[]
[]
[]
[]
[]
[]
[]
[]
[]
[]
[]
[]
[]
[]
[]
[]
[]
[]
[]
[]
[]
[]
[]
[]
[]
[]
[]
[]
[]
[]
[]
[]
[]
[]
[]
[]
[]
[]
[]
[]
[]
[]
[]
[]
[]
[]
[]
[]
[]
[]
[]
[]
[]
[]
[]
[]
[]
[]
[]
[]
[]
[]
[]
[]
[]
[]
[]
[]
[]
[]
[]
[]
[]
[]
[]
[]
[]
[]
[]
[]
[]
[]
[]
[]
[]
[]
[]
[]
[]
[]
[]
[]
[]
[]
[]
[]
[]
[]
[]
[]
[]
[]
[]
[]
[]
[]
[]
[]
[]
[]
[]
[]
[]
[]
[]
[]
[]
[]
[]
[]
[]
[]
[]
[]
[]
[]
[]
[]
[]
[]
[]
[]
[]
[]
[]
[]
[]
[]
[]
[]
[]
[]
[]
[]
[]
[]
[]
[]
[]
[]
[]
[]
[]
[]
[]
[]
[]
[]
[]
[]
[]
[]
[]
[]
[]
[]
[]
[]
[]
[]
[]
[]
[]
[]
[]
[]
[]
[]
[]
[]
[]
[]
[]
[]
[]
[]
[]
[]
[]
[]
[]
[]
[]
[]
[]
[]
[]
[]
[]
[]
[]
[]
[]
[]
[]
[]
[]
[]
[]
[]
[]
[]
[]
[]
[]
[]
[]
[]
[]
[]
[]
[]
[]
[]
[]
[]
[]
[]
[]
[]
[]
[]
[]
[]
[]
[]
[]
[]
[]
[]
[]
[]
[]
[]
[]
[]
[]
[]
[]
[]
[]
[]
[]
[]
[]
[]
[]
[]
[]
[]
[]
[]
[]
[]
[]
[]
[]
[]
[]
[]
[]
[]
[]
[]
[]
[]
[]
[]
[]
[]
[]
[]
[]
[]
[]
[]
[]
[]
[]
[]
[]
[]
[]
[]
[]
[]
[]
[]
[]
[]
[]
[]
[]
[]
[]
[]
[]
[]
[]
[]
[]
[]
[]
[]
[]
[]
[]
[]
[]
[]
[]
[]
[]
[]
[]
[]
[]
[]
[]
[]
[]
[]
[]
[]
[]
[]
[]
[]
[]
[]
[]
[]
[]
[]
[]
[]
[]
[]
[]
[]
[]
[]
[]
[]
[]
[]
[]
[]
[]
[]
[]
[]
[]
[]
[]
[]
[]
[]
[]
[]
[]
[]
[]
[]
[]
[]
[]
[]
[]
[]
[]
[]
[]
[]
[]
[]
[]
[]
[]
[]
[]
[]
[]
[]
[]
[]
[]
[]
[]
[]
[]
[]
[]
[]
[]
[]
[]
[]
[]
[]
[]
[]
[]
[]
[]
[]
[]
[]
[]
[]
[]
[]
[]
[]
[]
[]
[]
[]
[]
[]
[]
[]
[]
[]
[]
[]
[]
[]
[]
[]
[]
[]
[]
[]
[]
[]
[]
[]
[]
[]
[]
[]
[]
[]
[]
[]
[]
[]
[]
[]
[]
[]
[]
[]
[]
[]
[]
[]
[]
[]
[]
[]
[]
[]
[]
[]
[]
[]
[]
[]
[]
[]
[]
[]
[]
[]
[]
[]
[]
[]
[]
[]
[]
[]
[]
[]
[]
[]
[]
[]
[]
[]
[]
[]
[]
[]
[]
[]
[]
[]
[]
[]
[]
[]
[]
[]
[]
[]
[]
[]
[]
[]
[]
[]
[]
[]
[]
[]
[]
[]
[]
[]
[]
[]
[]
[]
[]
[]
[]
[]
[]
[]
[]
[]
[]
[]
[]
[]
[]
[]
[]
[]
[]
[]
[]
[]
[]
[]
[]
[]
[]
[]
[]
[]
[]
[]
[]
[]
[]
[]
[]
[]
[]
[]
[]
[]
[]
[]
[]
[]
[]
[]
[]
[]
[]
[]
[]
[]
[]
[]
[]
[]
[]
[]
[]
[]
[]
[]
[]
[]
[]
[]
[]
[]
[]
[]
[]
[]
[]
[]
[]
[]
[]
[]
[]
[]
[]
[]
[]
[]
[]
[]
[]
[]
[]
[]
[]
[]
[]
[]
[]
[]
[]
[]
[]
[]
[]
[]
[]
[]
[]
[]
[]
[]
[]
[]
[]
[]
[]
[]
[]
[]
[]
[]
[]
[]
[]
[]
[]
[]
[]
[]
[]
[]
[]
[]
[]
[]
[]
[]
[]
[]
[]
[]
[]
[]
[]
[]
[]
[]
[]
[]
[]
[]
[]
[]
[]
[]
[]
[]
[]
[]
[]
[]
[]
[]
[]
[]
[]
[]
[]
[]
[]
[]
[]
[]
[]
[]
[]
[]
[]
[]
[]
[]
[]
[]
[]
[]
[]
[]
[]
[]
[]
[]
[]
[]
[]
[]
[]
[]
[]
[]
[]
[]
[]
[]
[]
[]
[]
[]
[]
[]
[]
[]
[]
[]
[]
[]
[]
[]
[]
[]
[]
[]
[]
[]
[]
[]
[]
[]
[]
[]
[]
[]
[]
[]
[]
[]
[]
[]
[]
[]
[]
[]
[]
[]
[]
[]
[]
[]
[]
[]
[]
[]
[]
[]
[]
[]
[]
[]
[]
[]
[]
[]
[]
[]
[]
[]
[]
[]
[]
[]
[]
[]
[]
[]
[]
[]
[]
[]
[]
[]
[]
[]
[]
[]
[]
[]
[]
[]
[]
[]
[]
[]
[]
[]
[]
[]
[]
[]
[]
[]
[]
[]
[]
[]
[]
[]
[]
[]
[]
[]
[]
[]
[]
[]
[]
[]
[]
[]
[]
[]
[]
[]
[]
[]
[]
[]
[]
[]
[]
[]
[]
[]
[]
[]
[]
[]
[]
[]
[]
[]
[]
[]
[]
[]
[]
[]
[]
[]
[]
[]
[]
[]
[]
[]
[]
[]
[]
[]
[]
[]
[]
[]
[]
[]
[]
[]
[]
[]
[]
[]
[]
[]
[]
[]
[]
[]
[]
[]
[]
[]
[]
[]
[]
[]
[]
[]
[]
[]
[]
[]
[]
[]
[]
[]
[]
[]
[]
[]
[]
[]
[]
[]
[]
[]
[]
[]
[]
[]
[]
[]
[]
[]
[]
[]
[]
[]
[]
[]
[]
[]
[]
[]
[]
[]
[]
[]
[]
[]
[]
[]
[]
[]
[]
[]
[]
[]
[]
[]
[]
[]
[]
[]
[]
[]
[]
[]
[]
[]
[]
[]
[]
[]
[]
[]
[]
[]
[]
[]
[]
[]
[]
[]
[]
[]
[]
[]
[]
[]
[]
[]
[]
[]
[]
[]
[]
[]
[]
[]
[]
[]
[]
[]
[]
[]
[]
[]
[]
[]
[]
[]
[]
[]
[]
[]
[]
[]
[]
[]
[]
[]
[]
[]
[]
[]
[]
[]
[]
[]
[]
[]
[]
[]
[]
[]
[]
[]
[]
[]
[]
[]
[]
[]
[]
[]
[]
[]
[]
[]
[]
[]
[]
[]
[]
[]
[]
[]
[]
[]
[]
[]
[]
[]
[]
[]
[]
[]
[]
[]
[]
[]
[]
[]
[]
[]
[]
[]
[]
[]
[]
[]
[]
[]
[]
[]
[]
[]
[]
[]
[]
[]
[]
[]
[]
[]
[]
[]
[]
[]
[]
[]
[]
[]
[]
[]
[]
[]
[]
[]
[]
[]
[]
[]
[]
[]
[]
[]
[]
[]
[]
[]
[]
[]
[]
[]
[]
[]
[]
[]
[]
[]
[]
[]
[]
[]
[]
[]
[]
[]
[]
[]
[]
[]
[]
[]
[]
[]
[]
[]
[]
[]
[]
[]
[]
[]
[]
[]
[]
[]
[]
[]
[]
[]
[]
[]
[]
[]
[]
[]
[]
[]
[]
[]
[]
[]
[]
[]
[]
[]
[]
[]
[]
[]
[]
[]
[]
[]
[]
[]
[]
[]
[]
[]
[]
[]
[]
[]
[]
[]
[]
[]
[]
[]
[]
[]
[]
[]
[]
[]
[]
[]
[]
[]
[]
[]
[]
[]
[]
[]
[]
[]
[]
[]
[]
[]
[]
[]
[]
[]
[]
[]
[]
[]
[]
[]
[]
[]
[]
[]
[]
[]
[]
[]
[]
[]
[]
[]
[]
[]
[]
[]
[]
[]
[]
[]
[]
[]
[]
[]
[]
[]
[]
[]
[]
[]
[]
[]
[]
[]
[]
[]
[]
[]
[]
[]
[]
[]
[]
[]
[]
[]
[]
[]
[]
[]
[]
[]
[]
[]
[]
[]
[]
[]
[]
[]
[]
[]
[]
[]
[]
[]
[]
[]
[]
[]
[]
[]
[]
[]
[]
[]
[]
[]
[]
[]
[]
[]
[]
[]
[]
[]
[]
[]
[]
[]
[]
[]
[]
[]
[]
[]
[]
[]
[]
[]
[]
[]
[]
[]
[]
[]
[]
[]
[]
[]
[]
[]
[]
[]
[]
[]
[]
[]
[]
[]
[]
[]
[]
[]
[]
[]
[]
[]
[]
[]
[]
[]
[]
[]
[]
[]
[]
[]
[]
[]
[]
[]
[]
[]
[]
[]
[]
[]
[]
[]
[]
[]
[]
[]
[]
[]
[]
[]
[]
[]
[]
[]
[]
[]
[]
[]
[]
[]
[]
[]
[]
[]
[]
[]
[]
[]
[]
[]
[]
[]
[]
[]
[]
[]
[]
[]
[]
[]
[]
[]
[]
[]
[]
[]
[]
[]
[]
[]
[]
[]
[]
[]
[]
[]
[]
[]
[]
[]
[]
[]
[]
[]
[]
[]
[]
[]
[]
[]
[]
[]
[]
[]
[]
[]
[]
[]
[]
[]
[]
[]
[]
[]
[]
[]
[]
[]
[]
[]
[]
[]
[]
[]
[]
[]
[]
[]
[]
[]
[]
[]
[]
[]
[]
[]
[]
[]
[]
[]
[]
[]
[]
[]
[]
[]
[]
[]
[]
[]
[]
[]
[]
[]
[]
[]
[]
[]
[]
[]
[]
[]
[]
[]
[]
[]
[]
[]
[]
[]
[]
[]
[]
[]
[]
[]
[]
[]
[]
[]
[]
[]
[]
[]
[]
[]
[]
[]
[]
[]
[]
[]
[]
[]
[]
[]
[]
[]
[]
[]
[]
[]
[]
[]
[]
[]
[]
[]
[]
[]
[]
[]
[]
[]
[]
[]
[]
[]
[]
[]
[]
[]
[]
[]
[]
[]
[]
[]
[]
[]
[]
[]
[]
[]
[]
[]
[]
[]
[]
[]
[]
[]
[]
[]
[]
[]
[]
[]
[]
[]
[]
[]
[]
[]
[]
[]
[]
[]
[]
[]
[]
[]
[]
[]
[]
[]
[]
[]
[]
[]
[]
[]
[]
[]
[]
[]
[]
[]
[]
[]
[]
[]
[]
[]
[]
[]
[]
[]
[]
[]
[]
[]
[]
[]
[]
[]
[]
[]
[]
[]
[]
[]
[]
[]
[]
[]
[]
[]
[]
[]
[]
[]
[]
[]
[]
[]
[]
[]
[]
[]
[]
[]
[]
[]
[]
[]
[]
[]
[]
[]
[]
[]
[]
[]
[]
[]
[]
[]
[]
[]
[]
[]
[]
[]
[]
[]
[]
[]
[]
[]
[]
[]
[]
[]
[]
[]
[]
[]
[]
[]
[]
[]
[]
[]
[]
[]
[]
[]
[]
[]
[]
[]
[]
[]
[]
[]
[]
[]
[]
[]
[]
[]
[]
[]
[]
[]
[]
[]
[]
[]
[]
[]
[]
[]
[]
[]
[]
[]
[]
[]
[]
[]
[]
[]
[]
[]
[]
[]
[]
[]
[]
[]
[]
[]
[]
[]
[]
[]
[]
[]
[]
[]
[]
[]
[]
[]
[]
[]
[]
[]
[]
[]
[]
[]
[]
[]
[]
[]
[]
[]
[]
[]
[]
[]
[]
[]
[]
[]
[]
[]
[]
[]
[]
[]
[]
[]
[]
[]
[]
[]
[]
[]
[]
[]
[]
[]
[]
[]
[]
[]
[]
[]
[]
[]
[]
[]
[]
[]
[]
[]
[]
[]
[]
[]
[]
[]
[]
[]
[]
[]
[]
[]
[]
[]
[]
[]
[]
[]
[]
[]
[]
[]
[]
[]
[]
[]
[]
[]
[]
[]
[]
[]
[]
[]
[]
[]
[]
[]
[]
[]
[]
[]
[]
[]
[]
[]
[]
[]
[]
[]
[]
[]
[]
[]
[]
[]
[]
[]
[]
[]
[]
[]
[]
[]
[]
[]
[]
[]
[]
[]
[]
[]
[]
[]
[]
[]
[]
[]
[]
[]
[]
[]
[]
[]
[]
[]
[]
[]
[]
[]
[]
[]
[]
[]
[]
[]
[]
[]
[]
[]
[]
[]
[]
[]
[]
[]
[]
[]
[]
[]
[]
[]
[]
[]
[]
[]
[]
[]
[]
[]
[]
[]
[]
[]
[]
[]
[]
[]
[]
[]
[]
[]
[]
[]
[]
[]
[]
[]
[]
[]
[]
[]
[]
[]
[]
[]
[]
[]
[]
[]
[]
[]
[]
[]
[]
[]
[]
[]
[]
[]
[]
[]
[]
[]
[]
[]
[]
[]
[]
[]
[]
[]
[]
[]
[]
[]
[]
[]
[]
[]
[]
[]
[]
[]
[]
[]
[]
[]
[]
[]
[]
[]
[]
[]
[]
[]
[]
[]
[]
[]
[]
[]
[]
[]
[]
[]
[]
[]
[]
[]
[]
[]
[]
[]
[]
[]
[]
[]
[]
[]
[]
[]
[]
[]
[]
[]
[]
[]
[]
[]
[]
[]
[]
[]
[]
[]
[]
[]
[]
[]
[]
[]
[]
[]
[]
[]
[]
[]
[]
[]
[]
[]
[]
[]
[]
[]
[]
[]
[]
[]
[]
[]
[]
[]
[]
[]
[]
[]
[]
[]
[]
[]
[]
[]
[]
[]
[]
[]
[]
[]
[]
[]
[]
[]
[]
[]
[]
[]
[]
[]
[]
[]
[]
[]
[]
[]
[]
[]
[]
[]
[]
[]
[]
[]
[]
[]
[]
[]
[]
[]
[]
[]
[]
[]
[]
[]
[]
[]
[]
[]
[]
[]
[]
[]
[]
[]
[]
[]
[]
[]
[]
[]
[]
[]
[]
[]
[]
[]
[]
[]
[]
[]
[]
[]
[]
[]
[]
[]
[]
[]
[]
[]
[]
[]
[]
[]
[]
[]
[]
[]
[]
[]
[]
[]
[]
[]
[]
[]
[]
[]
[]
[]
[]
[]
[]
[]
[]
[]
[]
[]
[]
[]
[]
[]
[]
[]
[]
[]
[]
[]
[]
[]
[]
[]
[]
[]
[]
[]
[]
[]
[]
[]
[]
[]
[]
[]
[]
[]
[]
[]
[]
[]
[]
[]
[]
[]
[]
[]
[]
[]
[]
[]
[]
[]
[]
[]
[]
[]
[]
[]
[]
[]
[]
[]
[]
[]
[]
[]
[]
[]
[]
[]
[]
[]
[]
[]
[]
[]
[]
[]
[]
[]
[]
[]
[]
[]
[]
[]
[]
[]
[]
[]
[]
[]
[]
[]
[]
[]
[]
[]
[]
[]
[]
[]
[]
[]
[]
[]
[]
[]
[]
[]
[]
[]
[]
[]
[]
[]
[]
[]
[]
[]
[]
[]
[]
[]
[]
[]
[]
[]
[]
[]
[]
[]
[]
[]
[]
[]
[]
[]
[]
[]
[]
[]
[]
[]
[]
[]
[]
[]
[]
[]
[]
[]
[]
[]
[]
[]
[]
[]
[]
[]
[]
[]
[]
[]
[]
[]
[]
[]
[]
[]
[]
[]
[]
[]
[]
[]
[]
[]
[]
[]
[]
[]
[]
[]
[]
[]
[]
[]
[]
[]
[]
[]
[]
[]
[]
[]
[]
[]
[]
[]
[]
[]
[]
[]
[]
[]
[]
[]
[]
[]
[]
[]
[]
[]
[]
[]
[]
[]
[]
[]
[]
[]
[]
[]
[]
[]
[]
[]
[]
[]
[]
[]
[]
[]
[]
[]
[]
[]
[]
[]
[]
[]
[]
[]
[]
[]
[]
[]
[]
[]
[]
[]
[]
[]
[]
[]
[]
[]
[]
[]
[]
[]
[]
[]
[]
[]
[]
[]
[]
[]
[]
[]
[]
[]
[]
[]
[]
[]
[]
[]
[]
[]
[]
[]
[]
[]
[]
[]
[]
[]
[]
[]
[]
[]
[]
[]
[]
[]
[]
[]
[]
[]
[]
[]
[]
[]
[]
[]
[]
[]
[]
[]
[]
[]
[]
[]
[]
[]
[]
[]
[]
[]
[]
[]
[]
[]
[]
[]
[]
[]
[]
[]
[]
[]
[]
[]
[]
[]
[]
[]
[]
[]
[]
[]
[]
[]
[]
[]
[]
[]
[]
[]
[]
[]
[]
[]
[]
[]
[]
[]
[]
[]
[]
[]
[]
[]
[]
[]
[]
[]
[]
[]
[]
[]
[]
[]
[]
[]
[]
[]
[]
[]
[]
[]
[]
[]
[]
[]
[]
[]
[]
[]
[]
[]
[]
[]
[]
[]
[]
[]
[]
[]
[]
[]
[]
[]
[]
[]
[]
[]
[]
[]
[]
[]
[]
[]
[]
[]
[]
[]
[]
[]
[]
[]
[]
[]
[]
[]
[]
[]
[]
[]
[]
[]
[]
[]
[]
[]
[]
[]
[]
[]
[]
[]
[]
[]
[]
[]
[]
[]
[]
[]
[]
[]
[]
[]
[]
[]
[]
[]
[]
[]
[]
[]
[]
[]
[]
[]
[]
[]
[]
[]
[]
[]
[]
[]
[]
[]
[]
[]
[]
[]
[]
[]
[]
[]
[]
[]
[]
[]
[]
[]
[]
[]
[]
[]
[]
[]
[]
[]
[]
[]
[]
[]
[]
[]
[]
[]
[]
[]
[]
[]
[]
[]
[]
[]
[]
[]
[]
[]
[]
[]
[]
[]
[]
[]
[]
[]
[]
[]
[]
[]
[]
[]
[]
[]
[]
[]
[]
[]
[]
[]
[]
[]
[]
[]
[]
[]
[]
[]
[]
[]
[]
[]
[]
[]
[]
[]
[]
[]
[]
[]
[]
[]
[]
[]
[]
[]
[]
[]
[]
[]
[]
[]
[]
[]
[]
[]
[]
[]
[]
[]
[]
[]
[]
[]
[]
[]
[]
[]
[]
[]
[]
[]
[]
[]
[]
[]
[]
[]
[]
[]
[]
[]
[]
[]
[]
[]
[]
[]
[]
[]
[]
[]
[]
[]
[]
[]
[]
[]
[]
[]
[]
[]
[]
[]
[]
[]
[]
[]
[]
[]
[]
[]
[]
[]
[]
[]
[]
[]
[]
[]
[]
[]
[]
[]
[]
[]
[]
[]
[]
[]
[]
[]
[]
[]
[]
[]
[]
[]
[]
[]
[]
[]
[]
[]
[]
[]
[]
[]
[]
[]
[]
[]
[]
[]
[]
[]
[]
[]
[]
[]
[]
[]
[]
[]
[]
[]
[]
[]
[]
[]
[]
[]
[]
[]
[]
[]
[]
[]
[]
[]
[]
[]
[]
[]
[]
[]
[]
[]
[]
[]
[]
[]
[]
[]
[]
[]
[]
[]
[]
[]
[]
[]
[]
[]
[]
[]
[]
[]
[]
[]
[]
[]
[]
[]
[]
[]
[]
[]
[]
[]
[]
[]
[]
[]
[]
[]
[]
[]
[]
[]
[]
[]
[]
[]
[]
[]
[]
[]
[]
[]
[]
[]
[]
[]
[]
[]
[]
[]
[]
[]
[]
[]
[]
[]
[]
[]
[]
[]
[]
[]
[]
[]
[]
[]
[]
[]
[]
[]
[]
[]
[]
[]
[]
[]
[]
[]
[]
[]
[]
[]
[]
[]
[]
[]
[]
[]
[]
[]
[]
[]
[]
[]
[]
[]
[]
[]
[]
[]
[]
[]
[]
[]
[]
[]
[]
[]
[]
[]
[]
[]
[]
[]
[]
[]
[]
[]
[]
[]
[]
[]
[]
[]
[]
[]
[]
[]
[]
[]
[]
[]
[]
[]
[]
[]
[]
[]
[]
[]
[]
[]
[]
[]
[]
[]
[]
[]
[]
[]
[]
[]
[]
[]
[]
[]
[]
[]
[]
[]
[]
[]
[]
[]
[]
[]
[]
[]
[]
[]
[]
[]
[]
[]
[]
[]
[]
[]
[]
[]
[]
[]
[]
[]
[]
[]
[]
[]
[]
[]
[]
[]
[]
[]
[]
[]
[]
[]
[]
[]
[]
[]
[]
[]
[]
[]
[]
[]
[]
[]
[]
[]
[]
[]
[]
[]
[]
[]
[]
[]
[]
[]
[]
[]
[]
[]
[]
[]
[]
[]
[]
[]
[]
[]
[]
[]
[]
[]
[]
[]
[]
[]
[]
[]
[]
[]
[]
[]
[]
[]
[]
[]
[]
[]
[]
[]
[]
[]
[]
[]
[]
[]
[]
[]
[]
[]
[]
[]
[]
[]
[]
[]
[]
[]
[]
[]
[]
[]
[]
[]
[]
[]
[]
[]
[]
[]
[]
[]
[]
[]
[]
[]
[]
[]
[]
[]
[]
[]
[]
[]
[]
[]
[]
[]
[]
[]
[]
[]
[]
[]
[]
[]
[]
[]
[]
[]
[]
[]
[]
[]
[]
[]
[]
[]
[]
[]
[]
[]
[]
[]
[]
[]
[]
[]
[]
[]
[]
[]
[]
[]
[]
[]
[]
[]
[]
[]
[]
[]
[]
[]
[]
[]
[]
[]
[]
[]
[]
[]
[]
[]
[]
[]
[]
[]
[]
[]
[]
[]
[]
[]
[]
[]
[]
[]
[]
[]
[]
[]
[]
[]
[]
[]
[]
[]
[]
[]
[]
[]
[]
[]
[]
[]
[]
[]
[]
[]
[]
[]
[]
[]
[]
[]
[]
[]
[]
[]
[]
[]
[]
[]
[]
[]
[]
[]
[]
[]
[]
[]
[]
[]
[]
[]
[]
[]
[]
[]
[]
[]
[]
[]
[]
[]
[]
[]
[]
[]
[]
[]
[]
[]
[]
[]
[]
[]
[]
[]
[]
[]
[]
[]
[]
[]
[]
[]
[]
[]
[]
[]
[]
[]
[]
[]
[]
[]
[]
[]
[]
[]
[]
[]
[]
[]
[]
[]
[]
[]
[]
[]
[]
[]
[]
[]
[]
[]
[]
[]
[]
[]
[]
[]
[]
[]
[]
[]
[]
[]
[]
[]
[]
[]
[]
[]
[]
[]
[]
[]
[]
[]
[]
[]
[]
[]
[]
[]
[]
[]
[]
[]
[]
[]
[]
[]
[]
[]
[]
[]
[]
[]
[]
[]
[]
[]
[]
[]
[]
[]
[]
[]
[]
[]
[]
[]
[]
[]
[]
[]
[]
[]
[]
[]
[]
[]
[]
[]
[]
[]
[]
[]
[]
[]
[]
[]
[]
[]
[]
[]
[]
[]
[]
[]
[]
[]
[]
[]
[]
[]
[]
[]
[]
[]
[]
[]
[]
[]
[]
[]
[]
[]
[]
[]
[]
[]
[]
[]
[]
[]
[]
[]
[]
[]
[]
[]
[]
[]
[]
[]
[]
[]
[]
[]
[]
[]
[]
[]
[]
[]
[]
[]
[]
[]
[]
[]
[]
[]
[]
[]
[]
[]
[]
[]
[]
[]
[]
[]
[]
[]
[]
[]
[]
[]
[]
[]
[]
[]
[]
[]
[]
[]
[]
[]
[]
[]
[]
[]
[]
[]
[]
[]
[]
[]
[]
[]
[]
[]
[]
[]
[]
[]
[]
[]
[]
[]
[]
[]
[]
[]
[]
[]
[]
[]
[]
[]
[]
[]
[]
[]
[]
[]
[]
[]
[]
[]
[]
[]
[]
[]
[]
[]
[]
[]
[]
[]
[]
[]
[]
[]
[]
[]
[]
[]
[]
[]
[]
[]
[]
[]
[]
[]
[]
[]
[]
[]
[]
[]
[]
[]
[]
[]
[]
[]
[]
[]
[]
[]
[]
[]
[]
[]
[]
[]
[]
[]
[]
[]
[]
[]
[]
[]
[]
[]
[]
[]
[]
[]
[]
[]
[]
[]
[]
[]
[]
[]
[]
[]
[]
[]
[]
[]
[]
[]
[]
[]
[]
[]
[]
[]
[]
[]
[]
[]
[]
[]
[]
[]
[]
[]
[]
[]
[]
[]
[]
[]
[]
[]
[]
[]
[]
[]
[]
[]
[]
[]
[]
[]
[]
[]
[]
[]
[]
[]
[]
[]
[]
[]
[]
[]
[]
[]
[]
[]
[]
[]
[]
[]
[]
[]
[]
[]
[]
[]
[]
[]
[]
[]
[]
[]
[]
[]
[]
[]
[]
[]
[]
[]
[]
[]
[]
[]
[]
[]
[]
[]
[]
[]
[]
[]
[]
[]
[]
[]
[]
[]
[]
[]
[]
[]
[]
[]
[]
[]
[]
[]
[]
[]
[]
[]
[]
[]
[]
[]
[]
[]
[]
[]
[]
[]
[]
[]
[]
[]
[]
[]
[]
[]
[]
[]
[]
[]
[]
[]
[]
[]
[]
[]
[]
[]
[]
[]
[]
[]
[]
[]
[]
[]
[]
[]
[]
[]
[]
[]
[]
[]
[]
[]
[]
[]
[]
[]
[]
[]
[]
[]
[]
[]
[]
[]
[]
[]
[]
[]
[]
[]
[]
[]
[]
[]
[]
[]
[]
[]
[]
[]
[]
[]
[]
[]
[]
[]
[]
[]
[]
[]
[]
[]
[]
[]
[]
[]
[]
[]
[]
[]
[]
[]
[]
[]
[]
[]
[]
[]
[]
[]
[]
[]
[]
[]
[]
[]
[]
[]
[]
[]
[]
[]
[]
[]
[]
[]
[]
[]
[]
[]
[]
[]
[]
[]
[]
[]
[]
[]
[]
[]
[]
[]
[]
[]
[]
[]
[]
[]
[]
[]
[]
[]
[]
[]
[]
[]
[]
[]
[]
[]
[]
[]
[]
[]
[]
[]
[]
[]
[]
[]
[]
[]
[]
[]
[]
[]
[]
[]
[]
[]
[]
[]
[]
[]
[]
[]
[]
[]
[]
[]
[]
[]
[]
[]
[]
[]
[]
[]
[]
[]
[]
[]
[]
[]
[]
[]
[]
[]
[]
[]
[]
[]
[]
[]
[]
[]
[]
[]
[]
[]
[]
[]
[]
[]
[]
[]
[]
[]
[]
[]
[]
[]
[]
[]
[]
[]
[]
[]
[]
[]
[]
[]
[]
[]
[]
[]
[]
[]
[]
[]
[]
[]
[]
[]
[]
[]
[]
[]
[]
[]
[]
[]
[]
[]
[]
[]
[]
[]
[]
[]
[]
[]
[]
[]
[]
[]
[]
[]
[]
[]
[]
[]
[]
[]
[]
[]
[]
[]
[]
[]
[]
[]
[]
[]
[]
[]
[]
[]
[]
[]
[]
[]
[]
[]
[]
[]
[]
[]
[]
[]
[]
[]
[]
[]
[]
[]
[]
[]
[]
[]
[]
[]
[]
[]
[]
[]
[]
[]
[]
[]
[]
[]
[]
[]
[]
[]
[]
[]
[]
[]
[]
[]
[]
[]
[]
[]
[]
[]
[]
[]
[]
[]
[]
[]
[]
[]
[]
[]
[]
[]
[]
[]
[]
[]
[]
[]
[]
[]
[]
[]
[]
[]
[]
[]
[]
[]
[]
[]
[]
[]
[]
[]
[]
[]
[]
[]
[]
[]
[]
[]
[]
[]
[]
[]
[]
[]
[]
[]
[]
[]
[]
[]
[]
[]
[]
[]
[]
[]
[]
[]
[]
[]
[]
[]
[]
[]
[]
[]
[]
[]
[]
[]
[]
[]
[]
[]
[]
[]
[]
[]
[]
[]
[]
[]
[]
[]
[]
[]
[]
[]
[]
[]
[]
[]
[]
[]
[]
[]
[]
[]
[]
[]
[]
[]
[]
[]
[]
[]
[]
[]
[]
[]
[]
[]
[]
[]
[]
[]
[]
[]
[]
[]
[]
[]
[]
[]
[]
[]
[]
[]
[]
[]
[]
[]
[]
[]
[]
[]
[]
[]
[]
[]
[]
[]
[]
[]
[]
[]
[]
[]
[]
[]
[]
[]
[]
[]
[]
[]
[]
[]
[]
[]
[]
[]
[]
[]
[]
[]
[]
[]
[]
[]
[]
[]
[]
[]
[]
[]
[]
[]
[]
[]
[]
[]
[]
[]
[]
[]
[]
[]
[]
[]
[]
[]
[]
[]
[]
[]
[]
[]
[]
[]
[]
[]
[]
[]
[]
[]
[]
[]
[]
[]
[]
[]
[]
[]
[]
[]
[]
[]
[]
[]
[]
[]
[]
[]
[]
[]
[]
[]
[]
[]
[]
[]
[]
[]
[]
[]
[]
[]
[]
[]
[]
[]
[]
[]
[]
[]
[]
[]
[]
[]
[]
[]
[]
[]
[]
[]
[]
[]
[]
[]
[]
[]
[]
[]
[]
[]
[]
[]
[]
[]
[]
[]
[]
[]
[]
[]
[]
[]
[]
[]
[]
[]
[]
[]
[]
[]
[]
[]
[]
[]
[]
[]
[]
[]
[]
[]
[]
[]
[]
[]
[]
[]
[]
[]
[]
[]
[]
[]
[]
[]
[]
[]
[]
[]
[]
[]
[]
[]
[]
[]
[]
[]
[]
[]
[]
[]
[]
[]
[]
[]
[]
[]
[]
[]
[]
[]
[]
[]
[]
[]
[]
[]
[]
[]
[]
[]
[]
[]
[]
[]
[]
[]
[]
[]
[]
[]
[]
[]
[]
[]
[]
[]
[]
[]
[]
[]
[]
[]
[]
[]
[]
[]
[]
[]
[]
[]
[]
[]
[]
[]
[]
[]
[]
[]
[]
[]
[]
[]
[]
[]
[]
[]
[]
[]
[]
[]
[]
[]
[]
[]
[]
[]
[]
[]
[]
[]
[]
[]
[]
[]
[]
[]
[]
[]
[]
[]
[]
[]
[]
[]
[]
[]
[]
[]
[]
[]
[]
[]
[]
[]
[]
[]
[]
[]
[]
[]
[]
[]
[]
[]
[]
[]
[]
[]
[]
[]
[]
[]
[]
[]
[]
[]
[]
[]
[]
[]
[]
[]
[]
[]
[]
[]
[]
[]
[]
[]
[]
[]
[]
[]
[]
[]
[]
[]
[]
[]
[]
[]
[]
[]
[]
[]
[]
[]
[]
[]
[]
[]
[]
[]
[]
[]
[]
[]
[]
[]
[]
[]
[]
[]
[]
[]
[]
[]
[]
[]
[]
[]
[]
[]
[]
[]
[]
[]
[]
[]
[]
[]
[]
[]
[]
[]
[]
[]
[]
[]
[]
[]
[]
[]
[]
[]
[]
[]
[]
[]
[]
[]
[]
[]
[]
[]
[]
[]
[]
[]
[]
[]
[]
[]
[]
[]
[]
[]
[]
[]
[]
[]
[]
[]
[]
[]
[]
[]
[]
[]
[]
[]
[]
[]
[]
[]
[]
[]
[]
[]
[]
[]
[]
[]
[]
[]
[]
[]
[]
[]
[]
[]
[]
[]
[]
[]
[]
[]
[]
[]
[]
[]
[]
[]
[]
[]
[]
[]
[]
[]
[]
[]
[]
[]
[]
[]
[]
[]
[]
[]
[]
[]
[]
[]
[]
[]
[]
[]
[]
[]
[]
[]
[]
[]
[]
[]
[]
[]
[]
[]
[]
[]
[]
[]
[]
[]
[]
[]
[]
[]
[]
[]
[]
[]
[]
[]
[]
[]
[]
[]
[]
[]
[]
[]
[]
[]
[]
[]
[]
[]
[]
[]
[]
[]
[]
[]
[]
[]
[]
[]
[]
[]
[]
[]
[]
[]
[]
[]
[]
[]
[]
[]
[]
[]
[]
[]
[]
[]
[]
[]
[]
[]
[]
[]
[]
[]
[]
[]
[]
[]
[]
[]
[]
[]
[]
[]
[]
[]
[]
[]
[]
[]
[]
[]
[]
[]
[]
[]
[]
[]
[]
[]
[]
[]
[]
[]
[]
[]
[]
[]
[]
[]
[]
[]
[]
[]
[]
[]
[]
[]
[]
[]
[]
[]
[]
[]
[]
[]
[]
[]
[]
[]
[]
[]
[]
[]
[]
[]
[]
[]
[]
[]
[]
[]
[]
[]
[]
[]
[]
[]
[]
[]
[]
[]
[]
[]
[]
[]
[]
[]
[]
[]
[]
[]
[]
[]
[]
[]
[]
[]
[]
[]
[]
[]
[]
[]
[]
[]
[]
[]
[]
[]
[]
[]
[]
[]
[]
[]
[]
[]
[]
[]
[]
[]
[]
[]
[]
[]
[]
[]
[]
[]
[]
[]
[]
[]
[]
[]
[]
[]
[]
[]
[]
[]
[]
[]
[]
[]
[]
[]
[]
[]
[]
[]
[]
[]
[]
[]
[]
[]
[]
[]
[]
[]
[]
[]
[]
[]
[]
[]
[]
[]
[]
[]
[]
[]
[]
[]
[]
[]
[]
[]
[]
[]
[]
[]
[]
[]
[]
[]
[]
[]
[]
[]
[]
[]
[]
[]
[]
[]
[]
[]
[]
[]
[]
[]
[]
[]
[]
[]
[]
[]
[]
[]
[]
[]
[]
[]
[]
[]
[]
[]
[]
[]
[]
[]
[]
[]
[]
[]
[]
[]
[]
[]
[]
[]
[]
[]
[]
[]
[]
[]
[]
[]
[]
[]
[]
[]
[]
[]
[]
[]
[]
[]
[]
[]
[]
[]
[]
[]
[]
[]
[]
[]
[]
[]
[]
[]
[]
[]
[]
[]
[]
[]
[]
[]
[]
[]
[]
[]
[]
[]
[]
[]
[]
[]
[]
[]
[]
[]
[]
[]
[]
[]
[]
[]
[]
[]
[]
[]
[]
[]
[]
[]
[]
[]
[]
[]
[]
[]
[]
[]
[]
[]
[]
[]
[]
[]
[]
[]
[]
[]
[]
[]
[]
[]
[]
[]
[]
[]
[]
[]
[]
[]
[]
[]
[]
[]
[]
[]
[]
[]
[]
[]
[]
[]
[]
[]
[]
[]
[]
[]
[]
[]
[]
[]
[]
[]
[]
[]
[]
[]
[]
[]
[]
[]
[]
[]
[]
[]
[]
[]
[]
[]
[]
[]
[]
[]
[]
[]
[]
[]
[]
[]
[]
[]
[]
[]
[]
[]
[]
[]
[]
[]
[]
[]
[]
[]
[]
[]
[]
[]
[]
[]
[]
[]
[]
[]
[]
[]
[]
[]
[]
[]
[]
[]
[]
[]
[]
[]
[]
[]
[]
[]
[]
[]
[]
[]
[]
[]
[]
[]
[]
[]
[]
[]
[]
[]
[]
[]
[]
[]
[]
[]
[]
[]
[]
[]
[]
[]
[]
[]
[]
[]
[]
[]
[]
[]
[]
[]
[]
[]
[]
[]
[]
[]
[]
[]
[]
[]
[]
[]
[]
[]
[]
[]
[]
[]
[]
[]
[]
[]
[]
[]
[]
[]
[]
[]
[]
[]
[]
[]
[]
[]
[]
[]
[]
[]
[]
[]
[]
[]
[]
[]
[]
[]
[]
[]
[]
[]
[]
[]
[]
[]
[]
[]
[]
[]
[]
[]
[]
[]
[]
[]
[]
[]
[]
[]
[]
[]
[]
[]
[]
[]
[]
[]
[]
[]
[]
[]
[]
[]
[]
[]
[]
[]
[]
[]
[]
[]
[]
[]
[]
[]
[]
[]
[]
[]
[]
[]
[]
[]
[]
[]
[]
[]
[]
[]
[]
[]
[]
[]
[]
[]
[]
[]
[]
[]
[]
[]
[]
[]
[]
[]
[]
[]
[]
[]
[]
[]
[]
[]
[]
[]
[]
[]
[]
[]
[]
[]
[]
[]
[]
[]
[]
[]
[]
[]
[]
[]
[]
[]
[]
[]
[]
[]
[]
[]
[]
[]
[]
[]
[]
[]
[]
[]
[]
[]
[]
[]
[]
[]
[]
[]
[]
[]
[]
[]
[]
[]
[]
[]
[]
[]
[]
[]
[]
[]
[]
[]
[]
[]
[]
[]
[]
[]
[]
[]
[]
[]
[]
[]
[]
[]
[]
[]
[]
[]
[]
[]
[]
[]
[]
[]
[]
[]
[]
[]
[]
[]
[]
[]
[]
[]
[]
[]
[]
[]
[]
[]
[]
[]
[]
[]
[]
[]
[]
[]
[]
[]
[]
[]
[]
[]
[]
[]
[]
[]
[]
[]
[]
[]
[]
[]
[]
[]
[]
[]
[]
[]
[]
[]
[]
[]
[]
[]
[]
[]
[]
[]
[]
[]
[]
[]
[]
[]
[]
[]
[]
[]
[]
[]
[]
[]
[]
[]
[]
[]
[]
[]
[]
[]
[]
[]
[]
[]
[]
[]
[]
[]
[]
[]
[]
[]
[]
[]
[]
[]
[]
[]
[]
[]
[]
[]
[]
[]
[]
[]
[]
[]
[]
[]
[]
[]
[]
[]
[]
[]
[]
[]
[]
[]
[]
[]
[]
[]
[]
[]
[]
[]
[]
[]
[]
[]
[]
[]
[]
[]
[]
[]
[]
[]
[]
[]
[]
[]
[]
[]
[]
[]
[]
[]
[]
[]
[]
[]
[]
[]
[]
[]
[]
[]
[]
[]
[]
[]
[]
[]
[]
[]
[]
[]
[]
[]
[]
[]
[]
[]
[]
[]
[]
[]
[]
[]
[]
[]
[]
[]
[]
[]
[]
[]
[]
[]
[]
[]
[]
[]
[]
[]
[]
[]
[]
[]
[]
[]
[]
[]
[]
[]
[]
[]
[]
[]
[]
[]
[]
[]
[]
[]
[]
[]
[]
[]
[]
[]
[]
[]
[]
[]
[]
[]
[]
[]
[]
[]
[]
[]
[]
[]
[]
[]
[]
[]
[]
[]
[]
[]
[]
[]
[]
[]
[]
[]
[]
[]
[]
[]
[]
[]
[]
[]
[]
[]
[]
[]
[]
[]
[]
[]
[]
[]
[]
[]
[]
[]
[]
[]
[]
[]
[]
[]
[]
[]
[]
[]
[]
[]
[]
[]
[]
[]
[]
[]
[]
[]
[]
[]
[]
[]
[]
[]
[]
[]
[]
[]
[]
[]
[]
[]
[]
[]
[]
[]
[]
[]
[]
[]
[]
[]
[]
[]
[]
[]
[]
[]
[]
[]
[]
[]
[]
[]
[]
[]
[]
[]
[]
[]
[]
[]
[]
[]
[]
[]
[]
[]
[]
[]
[]
[]
[]
[]
[]
[]
[]
[]
[]
[]
[]
[]
[]
[]
[]
[]
[]
[]
[]
[]
[]
[]
[]
[]
[]
[]
[]
[]
[]
[]
[]
[]
[]
[]
[]
[]
[]
[]
[]
[]
[]
[]
[]
[]
[]
[]
[]
[]
[]
[]
[]
[]
[]
[]
[]
[]
[]
[]
[]
[]
[]
[]
[]
[]
[]
[]
[]
[]
[]
[]
[]
[]
[]
[]
[]
[]
[]
[]
[]
[]
[]
[]
[]
[]
[]
[]
[]
[]
[]
[]
[]
[]
[]
[]
[]
[]
[]
[]
[]
[]
[]
[]
[]
[]
[]
[]
[]
[]
[]
[]
[]
[]
[]
[]
[]
[]
[]
[]
[]
[]
[]
[]
[]
[]
[]
[]
[]
[]
[]
[]
[]
[]
[]
[]
[]
[]
[]
[]
[]
[]
[]
[]
[]
[]
[]
[]
[]
[]
[]
[]
[]
[]
[]
[]
[]
[]
[]
[]
[]
[]
[]
[]
[]
[]
[]
[]
[]
[]
[]
[]
[]
[]
[]
[]
[]
[]
[]
[]
[]
[]
[]
[]
[]
[]
[]
[]
[]
[]
[]
[]
[]
[]
[]
[]
[]
[]
[]
[]
[]
[]
[]
[]
[]
[]
[]
[]
[]
[]
[]
[]
[]
[]
[]
[]
[]
[]
[]
[]
[]
[]
[]
[]
[]
[]
[]
[]
[]
[]
[]
[]
[]
[]
[]
[]
[]
[]
[]
[]
[]
[]
[]
[]
[]
[]
[]
[]
[]
[]
[]
[]
[]
[]
[]
[]
[]
[]
[]
[]
[]
[]
[]
[]
[]
[]
[]
[]
[]
[]
[]
[]
[]
[]
[]
[]
[]
[]
[]
[]
[]
[]
[]
[]
[]
[]
[]
[]
[]
[]
[]
[]
[]
[]
[]
[]
[]
[]
[]
[]
[]
[]
[]
[]
[]
[]
[]
[]
[]
[]
[]
[]
[]
[]
[]
[]
[]
[]
[]
[]
[]
[]
[]
[]
[]
[]
[]
[]
[]
[]
[]
[]
[]
[]
[]
[]
[]
[]
[]
[]
[]
[]
[]
[]
[]
[]
[]
[]
[]
[]
[]
[]
[]
[]
[]
[]
[]
[]
[]
[]
[]
[]
[]
[]
[]
[]
[]
[]
[]
[]
[]
[]
[]
[]
[]
[]
[]
[]
[]
[]
[]
[]
[]
[]
[]
[]
[]
[]
[]
[]
[]
[]
[]
[]
[]
[]
[]
[]
[]
[]
[]
[]
[]
[]
[]
[]
[]
[]
[]
[]
[]
[]
[]
[]
[]
[]
[]
[]
[]
[]
[]
[]
[]
[]
[]
[]
[]
[]
[]
[]
[]
[]
[]
[]
[]
[]
[]
[]
[]
[]
[]
[]
[]
[]
[]
[]
[]
[]
[]
[]
[]
[]
[]
[]
[]
[]
[]
[]
[]
[]
[]
[]
[]
[]
[]
[]
[]
[]
[]
[]
[]
[]
[]
[]
[]
[]
[]
[]
[]
[]
[]
[]
[]
[]
[]
[]
[]
[]
[]
[]
[]
[]
[]
[]
[]
[]
[]
[]
[]
[]
[]
[]
[]
[]
[]
[]
[]
[]
[]
[]
[]
[]
[]
[]
[]
[]
[]
[]
[]
[]
[]
[]
[]
[]
[]
[]
[]
[]
[]
[]
[]
[]
[]
[]
[]
[]
[]
[]
[]
[]
[]
[]
[]
[]
[]
[]
[]
[]
[]
[]
[]
[]
[]
[]
[]
[]
[]
[]
[]
[]
[]
[]
[]
[]
[]
[]
[]
[]
[]
[]
[]
[]
[]
[]
[]
[]
[]
[]
[]
[]
[]
[]
[]
[]
[]
[]
[]
[]
[]
[]
[]
[]
[]
[]
[]
[]
[]
[]
[]
[]
[]
[]
[]
[]
[]
[]
[]
[]
[]
[]
[]
[]
[]
[]
[]
[]
[]
[]
[]
[]
[]
[]
[]
[]
[]
[]
[]
[]
[]
[]
[]
[]
[]
[]
[]
[]
[]
[]
[]
[]
[]
[]
[]
[]
[]
[]
[]
[]
[]
[]
[]
[]
[]
[]
[]
[]
[]
[]
[]
[]
[]
[]
[]
[]
[]
[]
[]
[]
[]
[]
[]
[]
[]
[]
[]
[]
[]
[]
[]
[]
[]
[]
[]
[]
[]
[]
[]
[]
[]
[]
[]
[]
[]
[]
[]
[]
[]
[]
[]
[]
[]
[]
[]
[]
[]
[]
[]
[]
[]
[]
[]
[]
[]
[]
[]
[]
[]
[]
[]
[]
[]
[]
[]
[]
[]
[]
[]
[]
[]
[]
[]
[]
[]
[]
[]
[]
[]
[]
[]
[]
[]
[]
[]
[]
[]
[]
[]
[]
[]
[]
[]
[]
[]
[]
[]
[]
[]
[]
[]
[]
[]
[]
[]
[]
[]
[]
[]
[]
[]
[]
[]
[]
[]
[]
[]
[]
[]
[]
[]
[]
[]
[]
[]
[]
[]
[]
[]
[]
[]
[]
[]
[]
[]
[]
[]
[]
[]
[]
[]
[]
[]
[]
[]
[]
[]
[]
[]
[]
[]
[]
[]
[]
[]
[]
[]
[]
[]
[]
[]
[]
[]
[]
[]
[]
[]
[]
[]
[]
[]
[]
[]
[]
[]
[]
[]
[]
[]
[]
[]
[]
[]
[]
[]
[]
[]
[]
[]
[]
[]
[]
[]
[]
[]
[]
[]
[]
[]
[]
[]
[]
[]
[]
[]
[]
[]
[]
[]
[]
[]
[]
[]
[]
[]
[]
[]
[]
[]
[]
[]
[]
[]
[]
[]
[]
[]
[]
[]
[]
[]
[]
[]
[]
[]
[]
[]
[]
[]
[]
[]
[]
[]
[]
[]
[]
[]
[]
[]
[]
[]
[]
[]
[]
[]
[]
[]
[]
[]
[]
[]
[]
[]
[]
[]
[]
[]
[]
[]
[]
[]
[]
[]
[]
[]
[]
[]
[]
[]
[]
[]
[]
[]
[]
[]
[]
[]
[]
[]
[]
[]
[]
[]
[]
[]
[]
[]
[]
[]
[]
[]
[]
[]
[]
[]
[]
[]
[]
[]
[]
[]
[]
[]
[]
[]
[]
[]
[]
[]
[]
[]
[]
[]
[]
[]
[]
[]
[]
[]
[]
[]
[]
[]
[]
[]
[]
[]
[]
[]
[]
[]
[]
[]
[]
[]
[]
[]
[]
[]
[]
[]
[]
[]
[]
[]
[]
[]
[]
[]
[]
[]
[]
[]
[]
[]
[]
[]
[]
[]
[]
[]
[]
[]
[]
[]
[]
[]
[]
[]
[]
[]
[]
[]
[]
[]
[]
[]
[]
[]
[]
[]
[]
[]
[]
[]
[]
[]
[]
[]
[]
[]
[]
[]
[]
[]
[]
[]
[]
[]
[]
[]
[]
[]
[]
[]
[]
[]
[]
[]
[]
[]
[]
[]
[]
[]
[]
[]
[]
[]
[]
[]
[]
[]
[]
[]
[]
[]
[]
[]
[]
[]
[]
[]
[]
[]
[]
[]
[]
[]
[]
[]
[]
[]
[]
[]
[]
[]
[]
[]
[]
[]
[]
[]
[]
[]
[]
[]
[]
[]
[]
[]
[]
[]
[]
[]
[]
[]
[]
[]
[]
[]
[]
[]
[]
[]
[]
[]
[]
[]
[]
[]
[]
[]
[]
[]
[]
[]
[]
[]
[]
[]
[]
[]
[]
[]
[]
[]
[]
[]
[]
[]
[]
[]
[]
[]
[]
[]
[]
[]
[]
[]
[]
[]
[]
[]
[]
[]
[]
[]
[]
[]
[]
[]
[]
[]
[]
[]
[]
[]
[]
[]
[]
[]
[]
[]
[]
[]
[]
[]
[]
[]
[]
[]
[]
[]
[]
[]
[]
[]
[]
[]
[]
[]
[]
[]
[]
[]
[]
[]
[]
[]
[]
[]
[]
[]
[]
[]
[]
[]
[]
[]
[]
[]
[]
[]
[]
[]
[]
[]
[]
[]
[]
[]
[]
[]
[]
[]
[]
[]
[]
[]
[]
[]
[]
[]
[]
[]
[]
[]
[]
[]
[]
[]
[]
[]
[]
[]
[]
[]
[]
[]
[]
[]
[]
[]
[]
[]
[]
[]
[]
[]
[]
[]
[]
[]
[]
[]
[]
[]
[]
[]
[]
[]
[]
[]
[]
[]
[]
[]
[]
[]
[]
[]
[]
[]
[]
[]
[]
[]
[]
[]
[]
[]
[]
[]
[]
[]
[]
[]
[]
[]
[]
[]
[]
[]
[]
[]
[]
[]
[]
[]
[]
[]
[]
[]
[]
[]
[]
[]
[]
[]
[]
[]
[]
[]
[]
[]
[]
[]
[]
[]
[]
[]
[]
[]
[]
[]
[]
[]
[]
[]
[]
[]
[]
[]
[]
[]
[]
[]
[]
[]
[]
[]
[]
[]
[]
[]
[]
[]
[]
[]
[]
[]
[]
[]
[]
[]
[]
[]
[]
[]
[]
[]
[]
[]
[]
[]
[]
[]
[]
[]
[]
[]
[]
[]
[]
[]
[]
[]
[]
[]
[]
[]
[]
[]
[]
[]
[]
[]
[]
[]
[]
[]
[]
[]
[]
[]
[]
[]
[]
[]
[]
[]
[]
[]
[]
[]
[]
[]
[]
[]
[]
[]
[]
[]
[]
[]
[]
[]
[]
[]
[]
[]
[]
[]
[]
[]
[]
[]
[]
[]
[]
[]
[]
[]
[]
[]
[]
[]
[]
[]
[]
[]
[]
[]
[]
[]
[]
[]
[]
[]
[]
[]
[]
[]
[]
[]
[]
[]
[]
[]
[]
[]
[]
[]
[]
[]
[]
[]
[]
[]
[]
[]
[]
[]
[]
[]
[]
[]
[]
[]
[]
[]
[]
[]
[]
[]
[]
[]
[]
[]
[]
[]
[]
[]
[]
[]
[]
[]
[]
[]
[]
[]
[]
[]
[]
[]
[]
[]
[]
[]
[]
[]
[]
[]
[]
[]
[]
[]
[]
[]
[]
[]
[]
[]
[]
[]
[]
[]
[]
[]
[]
[]
[]
[]
[]
[]
[]
[]
[]
[]
[]
[]
[]
[]
[]
[]
[]
[]
[]
[]
[]
[]
[]
[]
[]
[]
[]
[]
[]
[]
[]
[]
[]
[]
[]
[]
[]
[]
[]
[]
[]
[]
[]
[]
[]
[]
[]
[]
[]
[]
[]
[]
[]
[]
[]
[]
[]
[]
[]
[]
[]
[]
[]
[]
[]
[]
[]
[]
[]
[]
[]
[]
[]
[]
[]
[]
[]
[]
[]
[]
[]
[]
[]
[]
[]
[]
[]
[]
[]
[]
[]
[]
[]
[]
[]
[]
[]
[]
[]
[]
[]
[]
[]
[]
[]
[]
[]
[]
[]
[]
[]
[]
[]
[]
[]
[]
[]
[]
[]
[]
[]
[]
[]
[]
[]
[]
[]
[]
[]
[]
[]
[]
[]
[]
[]
[]
[]
[]
[]
[]
[]
[]
[]
[]
[]
[]
[]
[]
[]
[]
[]
[]
[]
[]
[]
[]
[]
[]
[]
[]
[]
[]
[]
[]
[]
[]
[]
[]
[]
[]
[]
[]
[]
[]
[]
[]
[]
[]
[]
[]
[]
[]
[]
[]
[]
[]
[]
[]
[]
[]
[]
[]
[]
[]
[]
[]
[]
[]
[]
[]
[]
[]
[]
[]
[]
[]
[]
[]
[]
[]
[]
[]
[]
[]
[]
[]
[]
[]
[]
[]
[]
[]
[]
[]
[]
[]
[]
[]
[]
[]
[]
[]
[]
[]
[]
[]
[]
[]
[]
[]
[]
[]
[]
[]
[]
[]
[]
[]
[]
[]
[]
[]
[]
[]
[]
[]
[]
[]
[]
[]
[]
[]
[]
[]
[]
[]
[]
[]
[]
[]
[]
[]
[]
[]
[]
[]
[]
[]
[]
[]
[]
[]
[]
[]
[]
[]
[]
[]
[]
[]
[]
[]
[]
[]
[]
[]
[]
[]
[]
[]
[]
[]
[]
[]
[]
[]
[]
[]
[]
[]
[]
[]
[]
[]
[]
[]
[]
[]
[]
[]
[]
[]
[]
[]
[]
[]
[]
[]
[]
[]
[]
[]
[]
[]
[]
[]
[]
[]
[]
[]
[]
[]
[]
[]
[]
[]
[]
[]
[]
[]
[]
[]
[]
[]
[]
[]
[]
[]
[]
[]
[]
[]
[]
[]
[]
[]
[]
[]
[]
[]
[]
[]
[]
[]
[]
[]
[]
[]
[]
[]
[]
[]
[]
[]
[]
[]
[]
[]
[]
[]
[]
[]
[]
[]
[]
[]
[]
[]
[]
[]
[]
[]
[]
[]
[]
[]
[]
[]
[]
[]
[]
[]
[]
[]
[]
[]
[]
[]
[]
[]
[]
[]
[]
[]
[]
[]
[]
[]
[]
[]
[]
[]
[]
[]
[]
[]
[]
[]
[]
[]
[]
[]
[]
[]
[]
[]
[]
[]
[]
[]
[]
[]
[]
[]
[]
[]
[]
[]
[]
[]
[]
[]
[]
[]
[]
[]
[]
[]
[]
[]
[]
[]
[]
[]
[]
[]
[]
[]
[]
[]
[]
[]
[]
[]
[]
[]
[]
[]
[]
[]
[]
[]
[]
[]
[]
[]
[]
[]
[]
[]
[]
[]
[]
[]
[]
[]
[]
[]
[]
[]
[]
[]
[]
[]
[]
[]
[]
[]
[]
[]
[]
[]
[]
[]
[]
[]
[]
[]
[]
[]
[]
[]
[]
[]
[]
[]
[]
[]
[]
[]
[]
[]
[]
[]
[]
[]
[]
[]
[]
[]
[]
[]
[]
[]
[]
[]
[]
[]
[]
[]
[]
[]
[]
[]
[]
[]
[]
[]
[]
[]
[]
[]
[]
[]
[]
[]
[]
[]
[]
[]
[]
[]
[]
[]
[]
[]
[]
[]
[]
[]
[]
[]
[]
[]
[]
[]
[]
[]
[]
[]
[]
[]
[]
[]
[]
[]
[]
[]
[]
[]
[]
[]
[]
[]
[]
[]
[]
[]
[]
[]
[]
[]
[]
[]
[]
[]
[]
[]
[]
[]
[]
[]
[]
[]
[]
[]
[]
[]
[]
[]
[]
[]
[]
[]
[]
[]
[]
[]
[]
[]
[]
[]
[]
[]
[]
[]
[]
[]
[]
[]
[]
[]
[]
[]
[]
[]
[]
[]
[]
[]
[]
[]
[]
[]
[]
[]
[]
[]
[]
[]
[]
[]
[]
[]
[]
[]
[]
[]
[]
[]
[]
[]
[]
[]
[]
[]
[]
[]
[]
[]
[]
[]
[]
[]
[]
[]
[]
[]
[]
[]
[]
[]
[]
[]
[]
[]
[]
[]
[]
[]
[]
[]
[]
[]
[]
[]
[]
[]
[]
[]
[]
[]
[]
[]
[]
[]
[]
[]
[]
[]
[]
[]
[]
[]
[]
[]
[]
[]
[]
[]
[]
[]
[]
[]
[]
[]
[]
[]
[]
[]
[]
[]
[]
[]
[]
[]
[]
[]
[]
[]
[]
[]
[]
[]
[]
[]
[]
[]
[]
[]
[]
[]
[]
[]
[]
[]
[]
[]
[]
[]
[]
[]
[]
[]
[]
[]
[]
[]
[]
[]
[]
[]
[]
[]
[]
[]
[]
[]
[]
[]
[]
[]
[]
[]
[]
[]
[]
[]
[]
[]
[]
[]
[]
[]
[]
[]
[]
[]
[]
[]
[]
[]
[]
[]
[]
[]
[]
[]
[]
[]
[]
[]
[]
[]
[]
[]
[]
[]
[]
[]
[]
[]
[]
[]
[]
[]
[]
[]
[]
[]
[]
[]
[]
[]
[]
[]
[]
[]
[]
[]
[]
[]
[]
[]
[]
[]
[]
[]
[]
[]
[]
[]
[]
[]
[]
[]
[]
[]
[]
[]
[]
[]
[]
[]
[]
[]
[]
[]
[]
[]
[]
[]
[]
[]
[]
[]
[]
[]
[]
[]
[]
[]
[]
[]
[]
[]
[]
[]
[]
[]
[]
[]
[]
[]
[]
[]
[]
[]
[]
[]
[]
[]
[]
[]
[]
[]
[]
[]
[]
[]
[]
[]
[]
[]
[]
[]
[]
[]
[]
[]
[]
[]
[]
[]
[]
[]
[]
[]
[]
[]
[]
[]
[]
[]
[]
[]
[]
[]
[]
[]
[]
[]
[]
[]
[]
[]
[]
[]
[]
[]
[]
[]
[]
[]
[]
[]
[]
[]
[]
[]
[]
[]
[]
[]
[]
[]
[]
[]
[]
[]
[]
[]
[]
[]
[]
[]
[]
[]
[]
[]
[]
[]
[]
[]
[]
[]
[]
[]
[]
[]
[]
[]
[]
[]
[]
[]
[]
[]
[]
[]
[]
[]
[]
[]
[]
[]
[]
[]
[]
[]
[]
[]
[]
[]
[]
[]
[]
[]
[]
[]
[]
[]
[]
[]
[]
[]
[]
[]
[]
[]
[]
[]
[]
[]
[]
[]
[]
[]
[]
[]
[]
[]
[]
[]
[]
[]
[]
[]
[]
[]
[]
[]
[]
[]
[]
[]
[]
[]
[]
[]
[]
[]
[]
[]
[]
[]
[]
[]
[]
[]
[]
[]
[]
[]
[]
[]
[]
[]
[]
[]
[]
[]
[]
[]
[]
[]
[]
[]
[]
[]
[]
[]
[]
[]
[]
[]
[]
[]
[]
[]
[]
[]
[]
[]
[]
[]
[]
[]
[]
[]
[]
[]
[]
[]
[]
[]
[]
[]
[]
[]
[]
[]
[]
[]
[]
[]
[]
[]
[]
[]
[]
[]
[]
[]
[]
[]
[]
[]
[]
[]
[]
[]
[]
[]
[]
[]
[]
[]
[]
[]
[]
[]
[]
[]
[]
[]
[]
[]
[]
[]
[]
[]
[]
[]
[]
[]
[]
[]
[]
[]
[]
[]
[]
[]
[]
[]
[]
[]
[]
[]
[]
[]
[]
[]
[]
[]
[]
[]
[]
[]
[]
[]
[]
[]
[]
[]
[]
[]
[]
[]
[]
[]
[]
[]
[]
[]
[]
[]
[]
[]
[]
[]
[]
[]
[]
[]
[]
[]
[]
[]
[]
[]
[]
[]
[]
[]
[]
[]
[]
[]
[]
[]
[]
[]
[]
[]
[]
[]
[]
[]
[]
[]
[]
[]
[]
[]
[]
[]
[]
[]
[]
[]
[]
[]
[]
[]
[]
[]
[]
[]
[]
[]
[]
[]
[]
[]
[]
[]
[]
[]
[]
[]
[]
[]
[]
[]
[]
[]
[]
[]
[]
[]
[]
[]
[]
[]
[]
[]
[]
[]
[]
[]
[]
[]
[]
[]
[]
[]
[]
[]
[]
[]
[]
[]
[]
[]
[]
[]
[]
[]
[]
[]
[]
[]
[]
[]
[]
[]
[]
[]
[]
[]
[]
[]
[]
[]
[]
[]
[]
[]
[]
[]
[]
[]
[]
[]
[]
[]
[]
[]
[]
[]
[]
[]
[]
[]
[]
[]
[]
[]
[]
[]
[]
[]
[]
[]
[]
[]
[]
[]
[]
[]
[]
[]
[]
[]
[]
[]
[]
[]
[]
[]
[]
[]
[]
[]
[]
[]
[]
[]
[]
[]
[]
[]
[]
[]
[]
[]
[]
[]
[]
[]
[]
[]
[]
[]
[]
[]
[]
[]
[]
[]
[]
[]
[]
[]
[]
[]
[]
[]
[]
[]
[]
[]
[]
[]
[]
[]
[]
[]
[]
[]
[]
[]
[]
[]
[]
[]
[]
[]
[]
[]
[]
[]
[]
[]
[]
[]
[]
[]
[]
[]
[]
[]
[]
[]
[]
[]
[]
[]
[]
[]
[]
[]
[]
[]
[]
[]
[]
[]
[]
[]
[]
[]
[]
[]
[]
[]
[]
[]
[]
[]
[]
[]
[]
[]
[]
[]
[]
[]
[]
[]
[]
[]
[]
[]
[]
[]
[]
[]
[]
[]
[]
[]
[]
[]
[]
[]
[]
[]
[]
[]
[]
[]
[]
[]
[]
[]
[]
[]
[]
[]
[]
[]
[]
[]
[]
[]
[]
[]
[]
[]
[]
[]
[]
[]
[]
[]
[]
[]
[]
[]
[]
[]
[]
[]
[]
[]
[]
[]
[]
[]
[]
[]
[]
[]
[]
[]
[]
[]
[]
[]
[]
[]
[]
[]
[]
[]
[]
[]
[]
[]
[]
[]
[]
[]
[]
[]
[]
[]
[]
[]
[]
[]
[]
[]
[]
[]
[]
[]
[]
[]
[]
[]
[]
[]
[]
[]
[]
[]
[]
[]
[]
[]
[]
[]
[]
[]
[]
[]
[]
[]
[]
[]
[]
[]
[]
[]
[]
[]
[]
[]
[]
[]
[]
[]
[]
[]
[]
[]
[]
[]
[]
[]
[]
[]
[]
[]
[]
[]
[]
[]
[]
[]
[]
[]
[]
[]
[]
[]
[]
[]
[]
[]
[]
[]
[]
[]
[]
[]
[]
[]
[]
[]
[]
[]
[]
[]
[]
[]
[]
[]
[]
[]
[]
[]
[]
[]
[]
[]
[]
[]
[]
[]
[]
[]
[]
[]
[]
[]
[]
[]
[]
[]
[]
[]
[]
[]
[]
[]
[]
[]
[]
[]
[]
[]
[]
[]
[]
[]
[]
[]
[]
[]
[]
[]
[]
[]
[]
[]
[]
[]
[]
[]
[]
[]
[]
[]
[]
[]
[]
[]
[]
[]
[]
[]
[]
[]
[]
[]
[]
[]
[]
[]
[]
[]
[]
[]
[]
[]
[]
[]
[]
[]
[]
[]
[]
[]
[]
[]
[]
[]
[]
[]
[]
[]
[]
[]
[]
[]
[]
[]
[]
[]
[]
[]
[]
[]
[]
[]
[]
[]
[]
[]
[]
[]
[]
[]
[]
[]
[]
[]
[]
[]
[]
[]
[]
[]
[]
[]
[]
[]
[]
[]
[]
[]
[]
[]
[]
[]
[]
[]
[]
[]
[]
[]
[]
[]
[]
[]
[]
[]
[]
[]
[]
[]
[]
[]
[]
[]
[]
[]
[]
[]
[]
[]
[]
[]
[]
[]
[]
[]
[]
[]
[]
[]
[]
[]
[]
[]
[]
[]
[]
[]
[]
[]
[]
[]
[]
[]
[]
[]
[]
[]
[]
[]
[]
[]
[]
[]
[]
[]
[]
[]
[]
[]
[]
[]
[]
[]
[]
[]
[]
[]
[]
[]
[]
[]
[]
[]
[]
[]
[]
[]
[]
[]
[]
[]
[]
[]
[]
[]
[]
[]
[]
[]
[]
[]
[]
[]
[]
[]
[]
[]
[]
[]
[]
[]
[]
[]
[]
[]
[]
[]
[]
[]
[]
[]
[]
[]
[]
[]
[]
[]
[]
[]
[]
[]
[]
[]
[]
[]
[]
[]
[]
[]
[]
[]
[]
[]
[]
[]
[]
[]
[]
[]
[]
[]
[]
[]
[]
[]
[]
[]
[]
[]
[]
[]
[]
[]
[]
[]
[]
[]
[]
[]
[]
[]
[]
[]
[]
[]
[]
[]
[]
[]
[]
[]
[]
[]
[]
[]
[]
[]
[]
[]
[]
[]
[]
[]
[]
[]
[]
[]
[]
[]
[]
[]
[]
[]
[]
[]
[]
[]
[]
[]
[]
[]
[]
[]
[]
[]
[]
[]
[]
[]
[]
[]
[]
[]
[]
[]
[]
[]
[]
[]
[]
[]
[]
[]
[]
[]
[]
[]
[]
[]
[]
[]
[]
[]
[]
[]
[]
[]
[]
[]
[]
[]
[]
[]
[]
[]
[]
[]
[]
[]
[]
[]
[]
[]
[]
[]
[]
[]
[]
[]
[]
[]
[]
[]
[]
[]
[]
[]
[]
[]
[]
[]
[]
[]
[]
[]
[]
[]
[]
[]
[]
[]
[]
[]
[]
[]
[]
[]
[]
[]
[]
[]
[]
[]
[]
[]
[]
[]
[]
[]
[]
[]
[]
[]
[]
[]
[]
[]
[]
[]
[]
[]
[]
[]
[]
[]
[]
[]
[]
[]
[]
[]
[]
[]
[]
[]
[]
[]
[]
[]
[]
[]
[]
[]
[]
[]
[]
[]
[]
[]
[]
[]
[]
[]
[]
[]
[]
[]
[]
[]
[]
[]
[]
[]
[]
[]
[]
[]
[]
[]
[]
[]
[]
[]
[]
[]
[]
[]
[]
[]
[]
[]
[]
[]
[]
[]
[]
[]
[]
[]
[]
[]
[]
[]
[]
[]
[]
[]
[]
[]
[]
[]
[]
[]
[]
[]
[]
[]
[]
[]
[]
[]
[]
[]
[]
[]
[]
[]
[]
[]
[]
[]
[]
[]
[]
[]
[]
[]
[]
[]
[]
[]
[]
[]
[]
[]
[]
[]
[]
[]
[]
[]
[]
[]
[]
[]
[]
[]
[]
[]
[]
[]
[]
[]
[]
[]
[]
[]
[]
[]
[]
[]
[]
[]
[]
[]
[]
[]
[]
[]
[]
[]
[]
[]
[]
[]
[]
[]
[]
[]
[]
[]
[]
[]
[]
[]
[]
[]
[]
[]
[]
[]
[]
[]
[]
[]
[]
[]
[]
[]
[]
[]
[]
[]
[]
[]
[]
[]
[]
[]
[]
[]
[]
[]
[]
[]
[]
[]
[]
[]
[]
[]
[]
[]
[]
[]
[]
[]
[]
[]
[]
[]
[]
[]
[]
[]
[]
[]
[]
[]
[]
[]
[]
[]
[]
[]
[]
[]
[]
[]
[]
[]
[]
[]
[]
[]
[]
[]
[]
[]
[]
[]
[]
[]
[]
[]
[]
[]
[]
[]
[]
[]
[]
[]
[]
[]
[]
[]
[]
[]
[]
[]
[]
[]
[]
[]
[]
[]
[]
[]
[]
[]
[]
[]
[]
[]
[]
[]
[]
[]
[]
[]
[]
[]
[]
[]
[]
[]
[]
[]
[]
[]
[]
[]
[]
[]
[]
[]
[]
[]
[]
[]
[]
[]
[]
[]
[]
[]
[]
[]
[]
[]
[]
[]
[]
[]
[]
[]
[]
[]
[]
[]
[]
[]
[]
[]
[]
[]
[]
[]
[]
[]
[]
[]
[]
[]
[]
[]
[]
[]
[]
[]
[]
[]
[]
[]
[]
[]
[]
[]
[]
[]
[]
[]
[]
[]
[]
[]
[]
[]
[]
[]
[]
[]
[]
[]
[]
[]
[]
[]
[]
[]
[]
[]
[]
[]
[]
[]
[]
[]
[]
[]
[]
[]
[]
[]
[]
[]
[]
[]
[]
[]
[]
[]
[]
[]
[]
[]
[]
[]
[]
[]
[]
[]
[]
[]
[]
[]
[]
[]
[]
[]
[]
[]
[]
[]
[]
[]
[]
[]
[]
[]
[]
[]
[]
[]
[]
[]
[]
[]
[]
[]
[]
[]
[]
[]
[]
[]
[]
[]
[]
[]
[]
[]
[]
[]
[]
[]
[]
[]
[]
[]
[]
[]
[]
[]
[]
[]
[]
[]
[]
[]
[]
[]
[]
[]
[]
[]
[]
[]
[]
[]
[]
[]
[]
[]
[]
[]
[]
[]
[]
[]
[]
[]
[]
[]
[]
[]
[]
[]
[]
[]
[]
[]
[]
[]
[]
[]
[]
[]
[]
[]
[]
[]
[]
[]
[]
[]
[]
[]
[]
[]
[]
[]
[]
[]
[]
[]
[]
[]
[]
[]
[]
[]
[]
[]
[]
[]
[]
[]
[]
[]
[]
[]
[]
[]
[]
[]
[]
[]
[]
[]
[]
[]
[]
[]
[]
[]
[]
[]
[]
[]
[]
[]
[]
[]
[]
[]
[]
[]
[]
[]
[]
[]
[]
[]
[]
[]
[]
[]
[]
[]
[]
[]
[]
[]
[]
[]
[]
[]
[]
[]
[]
[]
[]
[]
[]
[]
[]
[]
[]
[]
[]
[]
[]
[]
[]
[]
[]
[]
[]
[]
[]
[]
[]
[]
[]
[]
[]
[]
[]
[]
[]
[]
[]
[]
[]
[]
[]
[]
[]
[]
[]
[]
[]
[]
[]
[]
[]
[]
[]
[]
[]
[]
[]
[]
[]
[]
[]
[]
[]
[]
[]
[]
[]
[]
[]
[]
[]
[]
[]
[]
[]
[]
[]
[]
[]
[]
[]
[]
[]
[]
[]
[]
[]
[]
[]
[]
[]
[]
[]
[]
[]
[]
[]
[]
[]
[]
[]
[]
[]
[]
[]
[]
[]
[]
[]
[]
[]
[]
[]
[]
[]
[]
[]
[]
[]
[]
[]
[]
[]
[]
[]
[]
[]
[]
[]
[]
[]
[]
[]
[]
[]
[]
[]
[]
[]
[]
[]
[]
[]
[]
[]
[]
[]
[]
[]
[]
[]
[]
[]
[]
[]
[]
[]
[]
[]
[]
[]
[]
[]
[]
[]
[]
[]
[]
[]
[]
[]
[]
[]
[]
[]
[]
[]
[]
[]
[]
[]
[]
[]
[]
[]
[]
[]
[]
[]
[]
[]
[]
[]
[]
[]
[]
[]
[]
[]
[]
[]
[]
[]
[]
[]
[]
[]
[]
[]
[]
[]
[]
[]
[]
[]
[]
[]
[]
[]
[]
[]
[]
[]
[]
[]
[]
[]
[]
[]
[]
[]
[]
[]
[]
[]
[]
[]
[]
[]
[]
[]
[]
[]
[]
[]
[]
[]
[]
[]
[]
[]
[]
[]
[]
[]
[]
[]
[]
[]
[]
[]
[]
[]
[]
[]
[]
[]
[]
[]
[]
[]
[]
[]
[]
[]
[]
[]
[]
[]
[]
[]
[]
[]
[]
[]
[]
[]
[]
[]
[]
[]
[]
[]
[]
[]
[]
[]
[]
[]
[]
[]
[]
[]
[]
[]
[]
[]
[]
[]
[]
[]
[]
[]
[]
[]
[]
[]
[]
[]
[]
[]
[]
[]
[]
[]
[]
[]
[]
[]
[]
[]
[]
[]
[]
[]
[]
[]
[]
[]
[]
[]
[]
[]
[]
[]
[]
[]
[]
[]
[]
[]
[]
[]
[]
[]
[]
[]
[]
[]
[]
[]
[]
[]
[]
[]
[]
[]
[]
[]
[]
[]
[]
[]
[]
[]
[]
[]
[]
[]
[]
[]
[]
[]
[]
[]
[]
[]
[]
[]
[]
[]
[]
[]
[]
[]
[]
[]
[]
[]
[]
[]
[]
[]
[]
[]
[]
[]
[]
[]
[]
[]
[]
[]
[]
[]
[]
[]
[]
[]
[]
[]
[]
[]
[]
[]
[]
[]
[]
[]
[]
[]
[]
[]
[]
[]
[]
[]
[]
[]
[]
[]
[]
[]
[]
[]
[]
[]
[]
[]
[]
[]
[]
[]
[]
[]
[]
[]
[]
[]
[]
[]
[]
[]
[]
[]
[]
[]
[]
[]
[]
[]
[]
[]
[]
[]
[]
[]
[]
[]
[]
[]
[]
[]
[]
[]
[]
[]
[]
[]
[]
[]
[]
[]
[]
[]
[]
[]
[]
[]
[]
[]
[]
[]
[]
[]
[]
[]
[]
[]
[]
[]
[]
[]
[]
[]
[]
[]
[]
[]
[]
[]
[]
[]
[]
[]
[]
[]
[]
[]
[]
[]
[]
[]
[]
[]
[]
[]
[]
[]
[]
[]
[]
[]
[]
[]
[]
[]
[]
[]
[]
[]
[]
[]
[]
[]
[]
[]
[]
[]
[]
[]
[]
[]
[]
[]
[]
[]
[]
[]
[]
[]
[]
[]
[]
[]
[]
[]
[]
[]
[]
[]
[]
[]
[]
[]
[]
[]
[]
[]
[]
[]
[]
[]
[]
[]
[]
[]
[]
[]
[]
[]
[]
[]
[]
[]
[]
[]
[]
[]
[]
[]
[]
[]
[]
[]
[]
[]
[]
[]
[]
[]
[]
[]
[]
[]
[]
[]
[]
[]
[]
[]
[]
[]
[]
[]
[]
[]
[]
[]
[]
[]
[]
[]
[]
[]
[]
[]
[]
[]
[]
[]
[]
[]
[]
[]
[]
[]
[]
[]
[]
[]
[]
[]
[]
[]
[]
[]
[]
[]
[]
[]
[]
[]
[]
[]
[]
[]
[]
[]
[]
[]
[]
[]
[]
[]
[]
[]
[]
[]
[]
[]
[]
[]
[]
[]
[]
[]
[]
[]
[]
[]
[]
[]
[]
[]
[]
[]
[]
[]
[]
[]
[]
[]
[]
[]
[]
[]
[]
[]
[]
[]
[]
[]
[]
[]
[]
[]
[]
[]
[]
[]
[]
[]
[]
[]
[]
[]
[]
[]
[]
[]
[]
[]
[]
[]
[]
[]
[]
[]
[]
[]
[]
[]
[]
[]
[]
[]
[]
[]
[]
[]
[]
[]
[]
[]
[]
[]
[]
[]
[]
[]
[]
[]
[]
[]
[]
[]
[]
[]
[]
[]
[]
[]
[]
[]
[]
[]
[]
[]
[]
[]
[]
[]
[]
[]
[]
[]
[]
[]
[]
[]
[]
[]
[]
[]
[]
[]
[]
[]
[]
[]
[]
[]
[]
[]
[]
[]
[]
[]
[]
[]
[]
[]
[]
[]
[]
[]
[]
[]
[]
[]
[]
[]
[]
[]
[]
[]
[]
[]
[]
[]
[]
[]
[]
[]
[]
[]
[]
[]
[]
[]
[]
[]
[]
[]
[]
[]
[]
[]
[]
[]
[]
[]
[]
[]
[]
[]
[]
[]
[]
[]
[]
[]
[]
[]
[]
[]
[]
[]
[]
[]
[]
[]
[]
[]
[]
[]
[]
[]
[]
[]
[]
[]
[]
[]
[]
[]
[]
[]
[]
[]
[]
[]
[]
[]
[]
[]
[]
[]
[]
[]
[]
[]
[]
[]
[]
[]
[]
[]
[]
[]
[]
[]
[]
[]
[]
[]
[]
[]
[]
[]
[]
[]
[]
[]
[]
[]
[]
[]
[]
[]
[]
[]
[]
[]
[]
[]
[]
[]
[]
[]
[]
[]
[]
[]
[]
[]
[]
[]
[]
[]
[]
[]
[]
[]
[]
[]
[]
[]
[]
[]
[]
[]
[]
[]
[]
[]
[]
[]
[]
[]
[]
[]
[]
[]
[]
[]
[]
[]
[]
[]
[]
[]
[]
[]
[]
[]
[]
[]
[]
[]
[]
[]
[]
[]
[]
[]
[]
[]
[]
[]
[]
[]
[]
[]
[]
[]
[]
[]
[]
[]
[]
[]
[]
[]
[]
[]
[]
[]
[]
[]
[]
[]
[]
[]
[]
[]
[]
[]
[]
[]
[]
[]
[]
[]
[]
[]
[]
[]
[]
[]
[]
[]
[]
[]
[]
[]
[]
[]
[]
[]
[]
[]
[]
[]
[]
[]
[]
[]
[]
[]
[]
[]
[]
[]
[]
[]
[]
[]
[]
[]
[]
[]
[]
[]
[]
[]
[]
[]
[]
[]
[]
[]
[]
[]
[]
[]
[]
[]
[]
[]
[]
[]
[]
[]
[]
[]
[]
[]
[]
[]
[]
[]
[]
[]
[]
[]
[]
[]
[]
[]
[]
[]
[]
[]
[]
[]
[]
[]
[]
[]
[]
[]
[]
[]
[]
[]
[]
[]
[]
[]
[]
[]
[]
[]
[]
[]
[]
[]
[]
[]
[]
[]
[]
[]
[]
[]
[]
[]
[]
[]
[]
[]
[]
[]
[]
[]
[]
[]
[]
[]
[]
[]
[]
[]
[]
[]
[]
[]
[]
[]
[]
[]
[]
[]
[]
[]
[]
[]
[]
[]
[]
[]
[]
[]
[]
[]
[]
[]
[]
[]
[]
[]
[]
[]
[]
[]
[]
[]
[]
[]
[]
[]
[]
[]
[]
[]
[]
[]
[]
[]
[]
[]
[]
[]
[]
[]
[]
[]
[]
[]
[]
[]
[]
[]
[]
[]
[]
[]
[]
[]
[]
[]
[]
[]
[]
[]
[]
[]
[]
[]
[]
[]
[]
[]
[]
[]
[]
[]
[]
[]
[]
[]
[]
[]
[]
[]
[]
[]
[]
[]
[]
[]
[]
[]
[]
[]
[]
[]
[]
[]
[]
[]
[]
[]
[]
[]
[]
[]
[]
[]
[]
[]
[]
[]
[]
[]
[]
[]
[]
[]
[]
[]
[]
[]
[]
[]
[]
[]
[]
[]
[]
[]
[]
[]
[]
[]
[]
[]
[]
[]
[]
[]
[]
[]
[]
[]
[]
[]
[]
[]
[]
[]
[]
[]
[]
[]
[]
[]
[]
[]
[]
[]
[]
[]
[]
[]
[]
[]
[]
[]
[]
[]
[]
[]
[]
[]
[]
[]
[]
[]
[]
[]
[]
[]
[]
[]
[]
[]
[]
[]
[]
[]
[]
[]
[]
[]
[]
[]
[]
[]
[]
[]
[]
[]
[]
[]
[]
[]
[]
[]
[]
[]
[]
[]
[]
[]
[]
[]
[]
[]
[]
[]
[]
[]
[]
[]
[]
[]
[]
[]
[]
[]
[]
[]
[]
[]
[]
[]
[]
[]
[]
[]
[]
[]
[]
[]
[]
[]
[]
[]
[]
[]
[]
[]
[]
[]
[]
[]
[]
[]
[]
[]
[]
[]
[]
[]
[]
[]
[]
[]
[]
[]
[]
[]
[]
[]
[]
[]
[]
[]
[]
[]
[]
[]
[]
[]
[]
[]
[]
[]
[]
[]
[]
[]
[]
[]
[]
[]
[]
[]
[]
[]
[]
[]
[]
[]
[]
[]
[]
[]
[]
[]
[]
[]
[]
[]
[]
[]
[]
[]
[]
[]
[]
[]
[]
[]
[]
[]
[]
[]
[]
[]
[]
[]
[]
[]
[]
[]
[]
[]
[]
[]
[]
[]
[]
[]
[]
[]
[]
[]
[]
[]
[]
[]
[]
[]
[]
[]
[]
[]
[]
[]
[]
[]
[]
[]
[]
[]
[]
[]
[]
[]
[]
[]
[]
[]
[]
[]
[]
[]
[]
[]
[]
[]
[]
[]
[]
[]
[]
[]
[]
[]
[]
[]
[]
[]
[]
[]
[]
[]
[]
[]
[]
[]
[]
[]
[]
[]
[]
[]
[]
[]
[]
[]
[]
[]
[]
[]
[]
[]
[]
[]
[]
[]
[]
[]
[]
[]
[]
[]
[]
[]
[]
[]
[]
[]
[]
[]
[]
[]
[]
[]
[]
[]
[]
[]
[]
[]
[]
[]
[]
[]
[]
[]
[]
[]
[]
[]
[]
[]
[]
[]
[]
[]
[]
[]
[]
[]
[]
[]
[]
[]
[]
[]
[]
[]
[]
[]
[]
[]
[]
[]
[]
[]
[]
[]
[]
[]
[]
[]
[]
[]
[]
[]
[]
[]
[]
[]
[]
[]
[]
[]
[]
[]
[]
[]
[]
[]
[]
[]
[]
[]
[]
[]
[]
[]
[]
[]
[]
[]
[]
[]
[]
[]
[]
[]
[]
[]
[]
[]
[]
[]
[]
[]
[]
[]
[]
[]
[]
[]
[]
[]
[]
[]
[]
[]
[]
[]
[]
[]
[]
[]
[]
[]
[]
[]
[]
[]
[]
[]
[]
[]
[]
[]
[]
[]
[]
[]
[]
[]
[]
[]
[]
[]
[]
[]
[]
[]
[]
[]
[]
[]
[]
[]
[]
[]
[]
[]
[]
[]
[]
[]
[]
[]
[]
[]
[]
[]
[]
[]
[]
[]
[]
[]
[]
[]
[]
[]
[]
[]
[]
[]
[]
[]
[]
[]
[]
[]
[]
[]
[]
[]
[]
[]
[]
[]
[]
[]
[]
[]
[]
[]
[]
[]
[]
[]
[]
[]
[]
[]
[]
[]
[]
[]
[]
[]
[]
[]
[]
[]
[]
[]
[]
[]
[]
[]
[]
[]
[]
[]
[]
[]
[]
[]
[]
[]
[]
[]
[]
[]
[]
[]
[]
[]
[]
[]
[]
[]
[]
[]
[]
[]
[]
[]
[]
[]
[]
[]
[]
[]
[]
[]
[]
[]
[]
[]
[]
[]
[]
[]
[]
[]
[]
[]
[]
[]
[]
[]
[]
[]
[]
[]
[]
[]
[]
[]
[]
[]
[]
[]
[]
[]
[]
[]
[]
[]
[]
[]
[]
[]
[]
[]
[]
[]
[]
[]
[]
[]
[]
[]
[]
[]
[]
[]
[]
[]
[]
[]
[]
[]
[]
[]
[]
[]
[]
[]
[]
[]
[]
[]
[]
[]
[]
[]
[]
[]
[]
[]
[]
[]
[]
[]
[]
[]
[]
[]
[]
[]
[]
[]
[]
[]
[]
[]
[]
[]
[]
[]
[]
[]
[]
[]
[]
[]
[]
[]
[]
[]
[]
[]
[]
[]
[]
[]
[]
[]
[]
[]
[]
[]
[]
[]
[]
[]
[]
[]
[]
[]
[]
[]
[]
[]
[]
[]
[]
[]
[]
[]
[]
[]
[]
[]
[]
[]
[]
[]
[]
[]
[]
[]
[]
[]
[]
[]
[]
[]
[]
[]
[]
[]
[]
[]
[]
[]
[]
[]
[]
[]
[]
[]
[]
[]
[]
[]
[]
[]
[]
[]
[]
[]
[]
[]
[]
[]
[]
[]
[]
[]
[]
[]
[]
[]
[]
[]
[]
[]
[]
[]
[]
[]
[]
[]
[]
[]
[]
[]
[]
[]
[]
[]
[]
[]
[]
[]
[]
[]
[]
[]
[]
[]
[]
[]
[]
[]
[]
[]
[]
[]
[]
[]
[]
[]
[]
[]
[]
[]
[]
[]
[]
[]
[]
[]
[]
[]
[]
[]
[]
[]
[]
[]
[]
[]
[]
[]
[]
[]
[]
[]
[]
[]
[]
[]
[]
[]
[]
[]
[]
[]
[]
[]
[]
[]
[]
[]
[]
[]
[]
[]
[]
[]
[]
[]
[]
[]
[]
[]
[]
[]
[]
[]
[]
[]
[]
[]
[]
[]
[]
[]
[]
[]
[]
[]
[]
[]
[]
[]
[]
[]
[]
[]
[]
[]
[]
[]
[]
[]
[]
[]
[]
[]
[]
[]
[]
[]
[]
[]
[]
[]
[]
[]
[]
[]
[]
[]
[]
[]
[]
[]
[]
[]
[]
[]
[]
[]
[]
[]
[]
[]
[]
[]
[]
[]
[]
[]
[]
[]
[]
[]
[]
[]
[]
[]
[]
[]
[]
[]
[]
[]
[]
[]
[]
[]
[]
[]
[]
[]
[]
[]
[]
[]
[]
[]
[]
[]
[]
[]
[]
[]
[]
[]
[]
[]
[]
[]
[]
[]
[]
[]
[]
[]
[]
[]
[]
[]
[]
[]
[]
[]
[]
[]
[]
[]
[]
[]
[]
[]
[]
[]
[]
[]
[]
[]
[]
[]
[]
[]
[]
[]
[]
[]
[]
[]
[]
[]
[]
[]
[]
[]
[]
[]
[]
[]
[]
[]
[]
[]
[]
[]
[]
[]
[]
[]
[]
[]
[]
[]
[]
[]
[]
[]
[]
[]
[]
[]
[]
[]
[]
[]
[]
[]
[]
[]
[]
[]
[]
[]
[]
[]
[]
[]
[]
[]
[]
[]
[]
[]
[]
[]
[]
[]
[]
[]
[]
[]
[]
[]
[]
[]
[]
[]
[]
[]
[]
[]
[]
[]
[]
[]
[]
[]
[]
[]
[]
[]
[]
[]
[]
[]
[]
[]
[]
[]
[]
[]
[]
[]
[]
[]
[]
[]
[]
[]
[]
[]
[]
[]
[]
[]
[]
[]
[]
[]
[]
[]
[]
[]
[]
[]
[]
[]
[]
[]
[]
[]
[]
[]
[]
[]
[]
[]
[]
[]
[]
[]
[]
[]
[]
[]
[]
[]
[]
[]
[]
[]
[]
[]
[]
[]
[]
[]
[]
[]
[]
[]
[]
[]
[]
[]
[]
[]
[]
[]
[]
[]
[]
[]
[]
[]
[]
[]
[]
[]
[]
[]
[]
[]
[]
[]
[]
[]
[]
[]
[]
[]
[]
[]
[]
[]
[]
[]
[]
[]
[]
[]
[]
[]
[]
[]
[]
[]
[]
[]
[]
[]
[]
[]
[]
[]
[]
[]
[]
[]
[]
[]
[]
[]
[]
[]
[]
[]
[]
[]
[]
[]
[]
[]
[]
[]
[]
[]
[]
[]
[]
[]
[]
[]
[]
[]
[]
[]
[]
[]
[]
[]
[]
[]
[]
[]
[]
[]
[]
[]
[]
[]
[]
[]
[]
[]
[]
[]
[]
[]
[]
[]
[]
[]
[]
[]
[]
[]
[]
[]
[]
[]
[]
[]
[]
[]
[]
[]
[]
[]
[]
[]
[]
[]
[]
[]
[]
[]
[]
[]
[]
[]
[]
[]
[]
[]
[]
[]
[]
[]
[]
[]
[]
[]
[]
[]
[]
[]
[]
[]
[]
[]
[]
[]
[]
[]
[]
[]
[]
[]
[]
[]
[]
[]
[]
[]
[]
[]
[]
[]
[]
[]
[]
[]
[]
[]
[]
[]
[]
[]
[]
[]
[]
[]
[]
[]
[]
[]
[]
[]
[]
[]
[]
[]
[]
[]
[]
[]
[]
[]
[]
[]
[]
[]
[]
[]
[]
[]
[]
[]
[]
[]
[]
[]
[]
[]
[]
[]
[]
[]
[]
[]
[]
[]
[]
[]
[]
[]
[]
[]
[]
[]
[]
[]
[]
[]
[]
[]
[]
[]
[]
[]
[]
[]
[]
[]
[]
[]
[]
[]
[]
[]
[]
[]
[]
[]
[]
[]
[]
[]
[]
[]
[]
[]
[]
[]
[]
[]
[]
[]
[]
[]
[]
[]
[]
[]
[]
[]
[]
[]
[]
[]
[]
[]
[]
[]
[]
[]
[]
[]
[]
[]
[]
[]
[]
[]
[]
[]
[]
[]
[]
[]
[]
[]
[]
[]
[]
[]
[]
[]
[]
[]
[]
[]
[]
[]
[]
[]
[]
[]
[]
[]
[]
[]
[]
[]
[]
[]
[]
[]
[]
[]
[]
[]
[]
[]
[]
[]
[]
[]
[]
[]
[]
[]
[]
[]
[]
[]
[]
[]
[]
[]
[]
[]
[]
[]
[]
[]
[]
[]
[]
[]
[]
[]
[]
[]
[]
[]
[]
[]
[]
[]
[]
[]
[]
[]
[]
[]
[]
[]
[]
[]
[]
[]
[]
[]
[]
[]
[]
[]
[]
[]
[]
[]
[]
[]
[]
[]
[]
[]
[]
[]
[]
[]
[]
[]
[]
[]
[]
[]
[]
[]
[]
[]
[]
[]
[]
[]
[]
[]
[]
[]
[]
[]
[]
[]
[]
[]
[]
[]
[]
[]
[]
[]
[]
[]
[]
[]
[]
[]
[]
[]
[]
[]
[]
[]
[]
[]
[]
[]
[]
[]
[]
[]
[]
[]
[]
[]
[]
[]
[]
[]
[]
[]
[]
[]
[]
[]
[]
[]
[]
[]
[]
[]
[]
[]
[]
[]
[]
[]
[]
[]
[]
[]
[]
[]
[]
[]
[]
[]
[]
[]
[]
[]
[]
[]
[]
[]
[]
[]
[]
[]
[]
[]
[]
[]
[]
[]
[]
[]
[]
[]
[]
[]
[]
[]
[]
[]
[]
[]
[]
[]
[]
[]
[]
[]
[]
[]
[]
[]
[]
[]
[]
[]
[]
[]
[]
[]
[]
[]
[]
[]
[]
[]
[]
[]
[]
[]
[]
[]
[]
[]
[]
[]
[]
[]
[]
[]
[]
[]
[]
[]
[]
[]
[]
[]
[]
[]
[]
[]
[]
[]
[]
[]
[]
[]
[]
[]
[]
[]
[]
[]
[]
[]
[]
[]
[]
[]
[]
[]
[]
[]
[]
[]
[]
[]
[]
[]
[]
[]
[]
[]
[]
[]
[]
[]
[]
[]
[]
[]
[]
[]
[]
[]
[]
[]
[]
[]
[]
[]
[]
[]
[]
[]
[]
[]
[]
[]
[]
[]
[]
[]
[]
[]
[]
[]
[]
[]
[]
[]
[]
[]
[]
[]
[]
[]
[]
[]
[]
[]
[]
[]
[]
[]
[]
[]
[]
[]
[]
[]
[]
[]
[]
[]
[]
[]
[]
[]
[]
[]
[]
[]
[]
[]
[]
[]
[]
[]
[]
[]
[]
[]
[]
[]
[]
[]
[]
[]
[]
[]
[]
[]
[]
[]
[]
[]
[]
[]
[]
[]
[]
[]
[]
[]
[]
[]
[]
[]
[]
[]
[]
[]
[]
[]
[]
[]
[]
[]
[]
[]
[]
[]
[]
[]
[]
[]
[]
[]
[]
[]
[]
[]
[]
[]
[]
[]
[]
[]
[]
[]
[]
[]
[]
[]
[]
[]
[]
[]
[]
[]
[]
[]
[]
[]
[]
[]
[]
[]
[]
[]
[]
[]
[]
[]
[]
[]
[]
[]
[]
[]
[]
[]
[]
[]
[]
[]
[]
[]
[]
[]
[]
[]
[]
[]
[]
[]
[]
[]
[]
[]
[]
[]
[]
[]
[]
[]
[]
[]
[]
[]
[]
[]
[]
[]
[]
[]
[]
[]
[]
[]
[]
[]
[]
[]
[]
[]
[]
[]
[]
[]
[]
[]
[]
[]
[]
[]
[]
[]
[]
[]
[]
[]
[]
[]
[]
[]
[]
[]
[]
[]
[]
[]
[]
[]
[]
[]
[]
[]
[]
[]
[]
[]
[]
[]
[]
[]
[]
[]
[]
[]
[]
[]
[]
[]
[]
[]
[]
[]
[]
[]
[]
[]
[]
[]
[]
[]
[]
[]
[]
[]
[]
[]
[]
[]
[]
[]
[]
[]
[]
[]
[]
[]
[]
[]
[]
[]
[]
[]
[]
[]
[]
[]
[]
[]
[]
[]
[]
[]
[]
[]
[]
[]
[]
[]
[]
[]
[]
[]
[]
[]
[]
[]
[]
[]
[]
[]
[]
[]
[]
[]
[]
[]
[]
[]
[]
[]
[]
[]
[]
[]
[]
[]
[]
[]
[]
[]
[]
[]
[]
[]
[]
[]
[]
[]
[]
[]
[]
[]
[]
[]
[]
[]
[]
[]
[]
[]
[]
[]
[]
[]
[]
[]
[]
[]
[]
[]
[]
[]
[]
[]
[]
[]
[]
[]
[]
[]
[]
[]
[]
[]
[]
[]
[]
[]
[]
[]
[]
[]
[]
[]
[]
[]
[]
[]
[]
[]
[]
[]
[]
[]
[]
[]
[]
[]
[]
[]
[]
[]
[]
[]
[]
[]
[]
[]
[]
[]
[]
[]
[]
[]
[]
[]
[]
[]
[]
[]
[]
[]
[]
[]
[]
[]
[]
[]
[]
[]
[]
[]
[]
[]
[]
[]
[]
[]
[]
[]
[]
[]
[]
[]
[]
[]
[]
[]
[]
[]
[]
[]
[]
[]
[]
[]
[]
[]
[]
[]
[]
[]
[]
[]
[]
[]
[]
[]
[]
[]
[]
[]
[]
[]
[]
[]
[]
[]
[]
[]
[]
[]
[]
[]
[]
[]
[]
[]
[]
[]
[]
[]
[]
[]
[]
[]
[]
[]
[]
[]
[]
[]
[]
[]
[]
[]
[]
[]
[]
[]
[]
[]
[]
[]
[]
[]
[]
[]
[]
[]
[]
[]
[]
[]
[]
[]
[]
[]
[]
[]
[]
[]
[]
[]
[]
[]
[]
[]
[]
[]
[]
[]
[]
[]
[]
[]
[]
[]
[]
[]
[]
[]
[]
[]
[]
[]
[]
[]
[]
[]
[]
[]
[]
[]
[]
[]
[]
[]
[]
[]
[]
[]
[]
[]
[]
[]
[]
[]
[]
[]
[]
[]
[]
[]
[]
[]
[]
[]
[]
[]
[]
[]
[]
[]
[]
[]
[]
[]
[]
[]
[]
[]
[]
[]
[]
[]
[]
[]
[]
[]
[]
[]
[]
[]
[]
[]
[]
[]
[]
[]
[]
[]
[]
[]
[]
[]
[]
[]
[]
[]
[]
[]
[]
[]
[]
[]
[]
[]
[]
[]
[]
[]
[]
[]
[]
[]
[]
[]
[]
[]
[]
[]
[]
[]
[]
[]
[]
[]
[]
[]
[]
[]
[]
[]
[]
[]
[]
[]
[]
[]
[]
[]
[]
[]
[]
[]
[]
[]
[]
[]
[]
[]
[]
[]
[]
[]
[]
[]
[]
[]
[]
[]
[]
[]
[]
[]
[]
[]
[]
[]
[]
[]
[]
[]
[]
[]
[]
[]
[]
[]
[]
[]
[]
[]
[]
[]
[]
[]
[]
[]
[]
[]
[]
[]
[]
[]
[]
[]
[]
[]
[]
[]
[]
[]
[]
[]
[]
[]
[]
[]
[]
[]
[]
[]
[]
[]
[]
[]
[]
[]
[]
[]
[]
[]
[]
[]
[]
[]
[]
[]
[]
[]
[]
[]
[]
[]
[]
[]
[]
[]
[]
[]
[]
[]
[]
[]
[]
[]
[]
[]
[]
[]
[]
[]
[]
[]
[]
[]
[]
[]
[]
[]
[]
[]
[]
[]
[]
[]
[]
[]
[]
[]
[]
[]
[]
[]
[]
[]
[]
[]
[]
[]
[]
[]
[]
[]
[]
[]
[]
[]
[]
[]
[]
[]
[]
[]
[]
[]
[]
[]
[]
[]
[]
[]
[]
[]
[]
[]
[]
[]
[]
[]
[]
[]
[]
[]
[]
[]
[]
[]
[]
[]
[]
[]
[]
[]
[]
[]
[]
[]
[]
[]
[]
[]
[]
[]
[]
[]
[]
[]
[]
[]
[]
[]
[]
[]
[]
[]
[]
[]
[]
[]
[]
[]
[]
[]
[]
[]
[]
[]
[]
[]
[]
[]
[]
[]
[]
[]
[]
[]
[]
[]
[]
[]
[]
[]
[]
[]
[]
[]
[]
[]
[]
[]
[]
[]
[]
[]
[]
[]
[]
[]
[]
[]
[]
[]
[]
[]
[]
[]
[]
[]
[]
[]
[]
[]
[]
[]
[]
[]
[]
[]
[]
[]
[]
[]
[]
[]
[]
[]
[]
[]
[]
[]
[]
[]
[]
[]
[]
[]
[]
[]
[]
[]
[]
[]
[]
[]
[]
[]
[]
[]
[]
[]
[]
[]
[]
[]
[]
[]
[]
[]
[]
[]
[]
[]
[]
[]
[]
[]
[]
[]
[]
[]
[]
[]
[]
[]
[]
[]
[]
[]
[]
[]
[]
[]
[]
[]
[]
[]
[]
[]
[]
[]
[]
[]
[]
[]
[]
[]
[]
[]
[]
[]
[]
[]
[]
[]
[]
[]
[]
[]
[]
[]
[]
[]
[]
[]
[]
[]
[]
[]
[]
[]
[]
[]
[]
[]
[]
[]
[]
[]
[]
[]
[]
[]
[]
[]
[]
[]
[]
[]
[]
[]
[]
[]
[]
[]
[]
[]
[]
[]
[]
[]
[]
[]
[]
[]
[]
[]
[]
[]
[]
[]
[]
[]
[]
[]
[]
[]
[]
[]
[]
[]
[]
[]
[]
[]
[]
[]
[]
[]
[]
[]
[]
[]
[]
[]
[]
[]
[]
[]
[]
[]
[]
[]
[]
[]
[]
[]
[]
[]
[]
[]
[]
[]
[]
[]
[]
[]
[]
[]
[]
[]
[]
[]
[]
[]
[]
[]
[]
[]
[]
[]
[]
[]
[]
[]
[]
[]
[]
[]
[]
[]
[]
[]
[]
[]
[]
[]
[]
[]
[]
[]
[]
[]
[]
[]
[]
[]
[]
[]
[]
[]
[]
[]
[]
[]
[]
[]
[]
[]
[]
[]
[]
[]
[]
[]
[]
[]
[]
[]
[]
[]
[]
[]
[]
[]
[]
[]
[]
[]
[]
[]
[]
[]
[]
[]
[]
[]
[]
[]
[]
[]
[]
[]
[]
[]
[]
[]
[]
[]
[]
[]
[]
[]
[]
[]
[]
[]
[]
[]
[]
[]
[]
[]
[]
[]
[]
[]
[]
[]
[]
[]
[]
[]
[]
[]
[]
[]
[]
[]
[]
[]
[]
[]
[]
[]
[]
[]
[]
[]
[]
[]
[]
[]
[]
[]
[]
[]
[]
[]
[]
[]
[]
[]
[]
[]
[]
[]
[]
[]
[]
[]
[]
[]
[]
[]
[]
[]
[]
[]
[]
[]
[]
[]
[]
[]
[]
[]
[]
[]
[]
[]
[]
[]
[]
[]
[]
[]
[]
[]
[]
[]
[]
[]
[]
[]
[]
[]
[]
[]
[]
[]
[]
[]
[]
[]
[]
[]
[]
[]
[]
[]
[]
[]
[]
[]
[]
[]
[]
[]
[]
[]
[]
[]
[]
[]
[]
[]
[]
[]
[]
[]
[]
[]
[]
[]
[]
[]
[]
[]
[]
[]
[]
[]
[]
[]
[]
[]
[]
[]
[]
[]
[]
[]
[]
[]
[]
[]
[]
[]
[]
[]
[]
[]
[]
[]
[]
[]
[]
[]
[]
[]
[]
[]
[]
[]
[]
[]
[]
[]
[]
[]
[]
[]
[]
[]
[]
[]
[]
[]
[]
[]
[]
[]
[]
[]
[]
[]
[]
[]
[]
[]
[]
[]
[]
[]
[]
[]
[]
[]
[]
[]
[]
[]
[]
[]
[]
[]
[]
[]
[]
[]
[]
[]
[]
[]
[]
[]
[]
[]
[]
[]
[]
[]
[]
[]
[]
[]
[]
[]
[]
[]
[]
[]
[]
[]
[]
[]
[]
[]
[]
[]
[]
[]
[]
[]
[]
[]
[]
[]
[]
[]
[]
[]
[]
[]
[]
[]
[]
[]
[]
[]
[]
[]
[]
[]
[]
[]
[]
[]
[]
[]
[]
[]
[]
[]
[]
[]
[]
[]
[]
[]
[]
[]
[]
[]
[]
[]
[]
[]
[]
[]
[]
[]
[]
[]
[]
[]
[]
[]
[]
[]
[]
[]
[]
[]
[]
[]
[]
[]
[]
[]
[]
[]
[]
[]
[]
[]
[]
[]
[]
[]
[]
[]
[]
[]
[]
[]
[]
[]
[]
[]
[]
[]
[]
[]
[]
[]
[]
[]
[]
[]
[]
[]
[]
[]
[]
[]
[]
[]
[]
[]
[]
[]
[]
[]
[]
[]
[]
[]
[]
[]
[]
[]
[]
[]
[]
[]
[]
[]
[]
[]
[]
[]
[]
[]
[]
[]
[]
[]
[]
[]
[]
[]
[]
[]
[]
[]
[]
[]
[]
[]
[]
[]
[]
[]
[]
[]
[]
[]
[]
[]
[]
[]
[]
[]
[]
[]
[]
[]
[]
[]
[]
[]
[]
[]
[]
[]
[]
[]
[]
[]
[]
[]
[]
[]
[]
[]
[]
[]
[]
[]
[]
[]
[]
[]
[]
[]
[]
[]
[]
[]
[]
[]
[]
[]
[]
[]
[]
[]
[]
[]
[]
[]
[]
[]
[]
[]
[]
[]
[]
[]
[]
[]
[]
[]
[]
[]
[]
[]
[]
[]
[]
[]
[]
[]
[]
[]
[]
[]
[]
[]
[]
[]
[]
[]
[]
[]
[]
[]
[]
[]
[]
[]
[]
[]
[]
[]
[]
[]
[]
[]
[]
[]
[]
[]
[]
[]
[]
[]
[]
[]
[]
[]
[]
[]
[]
[]
[]
[]
[]
[]
[]
[]
[]
[]
[]
[]
[]
[]
[]
[]
[]
[]
[]
[]
[]
[]
[]
[]
[]
[]
[]
[]
[]
[]
[]
[]
[]
[]
[]
[]
[]
[]
[]
[]
[]
[]
[]
[]
[]
[]
[]
[]
[]
[]
[]
[]
[]
[]
[]
[]
[]
[]
[]
[]
[]
[]
[]
[]
[]
[]
[]
[]
[]
[]
[]
[]
[]
[]
[]
[]
[]
[]
[]
[]
[]
[]
[]
[]
[]
[]
[]
[]
[]
[]
[]
[]
[]
[]
[]
[]
[]
[]
[]
[]
[]
[]
[]
[]
[]
[]
[]
[]
[]
[]
[]
[]
[]
[]
[]
[]
[]
[]
[]
[]
[]
[]
[]
[]
[]
[]
[]
[]
[]
[]
[]
[]
[]
[]
[]
[]
[]
[]
[]
[]
[]
[]
[]
[]
[]
[]
[]
[]
[]
[]
[]
[]
[]
[]
[]
[]
[]
[]
[]
[]
[]
[]
[]
[]
[]
[]
[]
[]
[]
[]
[]
[]
[]
[]
[]
[]
[]
[]
[]
[]
[]
[]
[]
[]
[]
[]
[]
[]
[]
[]
[]
[]
[]
[]
[]
[]
[]
[]
[]
[]
[]
[]
[]
[]
[]
[]
[]
[]
[]
[]
[]
[]
[]
[]
[]
[]
[]
[]
[]
[]
[]
[]
[]
[]
[]
[]
[]
[]
[]
[]
[]
[]
[]
[]
[]
[]
[]
[]
[]
[]
[]
[]
[]
[]
[]
[]
[]
[]
[]
[]
[]
[]
[]
[]
[]
[]
[]
[]
[]
[]
[]
[]
[]
[]
[]
[]
[]
[]
[]
[]
[]
[]
[]
[]
[]
[]
[]
[]
[]
[]
[]
[]
[]
[]
[]
[]
[]
[]
[]
[]
[]
[]
[]
[]
[]
[]
[]
[]
[]
[]
[]
[]
[]
[]
[]
[]
[]
[]
[]
[]
[]
[]
[]
[]
[]
[]
[]
[]
[]
[]
[]
[]
[]
[]
[]
[]
[]
[]
[]
[]
[]
[]
[]
[]
[]
[]
[]
[]
[]
[]
[]
[]
[]
[]
[]
[]
[]
[]
[]
[]
[]
[]
[]
[]
[]
[]
[]
[]
[]
[]
[]
[]
[]
[]
[]
[]
[]
[]
[]
[]
[]
[]
[]
[]
[]
[]
[]
[]
[]
[]
[]
[]
[]
[]
[]
[]
[]
[]
[]
[]
[]
[]
[]
[]
[]
[]
[]
[]
[]
[]
[]
[]
[]
[]
[]
[]
[]
[]
[]
[]
[]
[]
[]
[]
[]
[]
[]
[]
[]
[]
[]
[]
[]
[]
[]
[]
[]
[]
[]
[]
[]
[]
[]
[]
[]
[]
[]
[]
[]
[]
[]
[]
[]
[]
[]
[]
[]
[]
[]
[]
[]
[]
[]
[]
[]
[]
[]
[]
[]
[]
[]
[]
[]
[]
[]
[]
[]
[]
[]
[]
[]
[]
[]
[]
[]
[]
[]
[]
[]
[]
[]
[]
[]
[]
[]
[]
[]
[]
[]
[]
[]
[]
[]
[]
[]
[]
[]
[]
[]
[]
[]
[]
[]
[]
[]
[]
[]
[]
[]
[]
[]
[]
[]
[]
[]
[]
[]
[]
[]
[]
[]
[]
[]
[]
[]
[]
[]
[]
[]
[]
[]
[]
[]
[]
[]
[]
[]
[]
[]
[]
[]
[]
[]
[]
[]
[]
[]
[]
[]
[]
[]
[]
[]
[]
[]
[]
[]
[]
[]
[]
[]
[]
[]
[]
[]
[]
[]
[]
[]
[]
[]
[]
[]
[]
[]
[]
[]
[]
[]
[]
[]
[]
[]
[]
[]
[]
[]
[]
[]
[]
[]
[]
[]
[]
[]
[]
[]
[]
[]
[]
[]
[]
[]
[]
[]
[]
[]
[]
[]
[]
[]
[]
[]
[]
[]
[]
[]
[]
[]
[]
[]
[]
[]
[]
[]
[]
[]
[]
[]
[]
[]
[]
[]
[]
[]
[]
[]
[]
[]
[]
[]
[]
[]
[]
[]
[]
[]
[]
[]
[]
[]
[]
[]
[]
[]
[]
[]
[]
[]
[]
[]
[]
[]
[]
[]
[]
[]
[]
[]
[]
[]
[]
[]
[]
[]
[]
[]
[]
[]
[]
[]
[]
[]
[]
[]
[]
[]
[]
[]
[]
[]
[]
[]
[]
[]
[]
[]
[]
[]
[]
[]
[]
[]
[]
[]
[]
[]
[]
[]
[]
[]
[]
[]
[]
[]
[]
[]
[]
[]
[]
[]
[]
[]
[]
[]
[]
[]
[]
[]
[]
[]
[]
[]
[]
[]
[]
[]
[]
[]
[]
[]
[]
[]
[]
[]
[]
[]
[]
[]
[]
[]
[]
[]
[]
[]
[]
[]
[]
[]
[]
[]
[]
[]
[]
[]
[]
[]
[]
[]
[]
[]
[]
[]
[]
[]
[]
[]
[]
[]
[]
[]
[]
[]
[]
[]
[]
[]
[]
[]
[]
[]
[]
[]
[]
[]
[]
[]
[]
[]
[]
[]
[]
[]
[]
[]
[]
[]
[]
[]
[]
[]
[]
[]
[]
[]
[]
[]
[]
[]
[]
[]
[]
[]
[]
[]
[]
[]
[]
[]
[]
[]
[]
[]
[]
[]
[]
[]
[]
[]
[]
[]
[]
[]
[]
[]
[]
[]
[]
[]
[]
[]
[]
[]
[]
[]
[]
[]
[]
[]
[]
[]
[]
[]
[]
[]
[]
[]
[]
[]
[]
[]
[]
[]
[]
[]
[]
[]
[]
[]
[]
[]
[]
[]
[]
[]
[]
[]
[]
[]
[]
[]
[]
[]
[]
[]
[]
[]
[]
[]
[]
[]
[]
[]
[]
[]
[]
[]
[]
[]
[]
[]
[]
[]
[]
[]
[]
[]
[]
[]
[]
[]
[]
[]
[]
[]
[]
[]
[]
[]
[]
[]
[]
[]
[]
[]
[]
[]
[]
[]
[]
[]
[]
[]
[]
[]
[]
[]
[]
[]
[]
[]
[]
[]
[]
[]
[]
[]
[]
[]
[]
[]
[]
[]
[]
[]
[]
[]
[]
[]
[]
[]
[]
[]
[]
[]
[]
[]
[]
[]
[]
[]
[]
[]
[]
[]
[]
[]
[]
[]
[]
[]
[]
[]
[]
[]
[]
[]
[]
[]
[]
[]
[]
[]
[]
[]
[]
[]
[]
[]
[]
[]
[]
[]
[]
[]
[]
[]
[]
[]
[]
[]
[]
[]
[]
[]
[]
[]
[]
[]
[]
[]
[]
[]
[]
[]
[]
[]
[]
[]
[]
[]
[]
[]
[]
[]
[]
[]
[]
[]
[]
[]
[]
[]
[]
[]
[]
[]
[]
[]
[]
[]
[]
[]
[]
[]
[]
[]
[]
[]
[]
[]
[]
[]
[]
[]
[]
[]
[]
[]
[]
[]
[]
[]
[]
[]
[]
[]
[]
[]
[]
[]
[]
[]
[]
[]
[]
[]
[]
[]
[]
[]
[]
[]
[]
[]
[]
[]
[]
[]
[]
[]
[]
[]
[]
[]
[]
[]
[]
[]
[]
[]
[]
[]
[]
[]
[]
[]
[]
[]
[]
[]
[]
[]
[]
[]
[]
[]
[]
[]
[]
[]
[]
[]
[]
[]
[]
[]
[]
[]
[]
[]
[]
[]
[]
[]
[]
[]
[]
[]
[]
[]
[]
[]
[]
[]
[]
[]
[]
[]
[]
[]
[]
[]
[]
[]
[]
[]
[]
[]
[]
[]
[]
[]
[]
[]
[]
[]
[]
[]
[]
[]
[]
[]
[]
[]
[]
[]
[]
[]
[]
[]
[]
[]
[]
[]
[]
[]
[]
[]
[]
[]
[]
[]
[]
[]
[]
[]
[]
[]
[]
[]
[]
[]
[]
[]
[]
[]
[]
[]
[]
[]
[]
[]
[]
[]
[]
[]
[]
[]
[]
[]
[]
[]
[]
[]
[]
[]
[]
[]
[]
[]
[]
[]
[]
[]
[]
[]
[]
[]
[]
[]
[]
[]
[]
[]
[]
[]
[]
[]
[]
[]
[]
[]
[]
[]
[]
[]
[]
[]
[]
[]
[]
[]
[]
[]
[]
[]
[]
[]
[]
[]
[]
[]
[]
[]
[]
[]
[]
[]
[]
[]
[]
[]
[]
[]
[]
[]
[]
[]
[]
[]
[]
[]
[]
[]
[]
[]
[]
[]
[]
[]
[]
[]
[]
[]
[]
[]
[]
[]
[]
[]
[]
[]
[]
[]
[]
[]
[]
[]
[]
[]
[]
[]
[]
[]
[]
[]
[]
[]
[]
[]
[]
[]
[]
[]
[]
[]
[]
[]
[]
[]
[]
[]
[]
[]
[]
[]
[]
[]
[]
[]
[]
[]
[]
[]
[]
[]
[]
[]
[]
[]
[]
[]
[]
[]
[]
[]
[]
[]
[]
[]
[]
[]
[]
[]
[]
[]
[]
[]
[]
[]
[]
[]
[]
[]
[]
[]
[]
[]
[]
[]
[]
[]
[]
[]
[]
[]
[]
[]
[]
[]
[]
[]
[]
[]
[]
[]
[]
[]
[]
[]
[]
[]
[]
[]
[]
[]
[]
[]
[]
[]
[]
[]
[]
[]
[]
[]
[]
[]
[]
[]
[]
[]
[]
[]
[]
[]
[]
[]
[]
[]
[]
[]
[]
[]
[]
[]
[]
[]
[]
[]
[]
[]
[]
[]
[]
[]
[]
[]
[]
[]
[]
[]
[]
[]
[]
[]
[]
[]
[]
[]
[]
[]
[]
[]
[]
[]
[]
[]
[]
[]
[]
[]
[]
[]
[]
[]
[]
[]
[]
[]
[]
[]
[]
[]
[]
[]
[]
[]
[]
[]
[]
[]
[]
[]
[]
[]
[]
[]
[]
[]
[]
[]
[]
[]
[]
[]
[]
[]
[]
[]
[]
[]
[]
[]
[]
[]
[]
[]
[]
[]
[]
[]
[]
[]
[]
[]
[]
[]
[]
[]
[]
[]
[]
[]
[]
[]
[]
[]
[]
[]
[]
[]
[]
[]
[]
[]
[]
[]
[]
[]
[]
[]
[]
[]
[]
[]
[]
[]
[]
[]
[]
[]
[]
[]
[]
[]
[]
[]
[]
[]
[]
[]
[]
[]
[]
[]
[]
[]
[]
[]
[]
[]
[]
[]
[]
[]
[]
[]
[]
[]
[]
[]
[]
[]
[]
[]
[]
[]
[]
[]
[]
[]
[]
[]
[]
[]
[]
[]
[]
[]
[]
[]
[]
[]
[]
[]
[]
[]
[]
[]
[]
[]
[]
[]
[]
[]
[]
[]
[]
[]
[]
[]
[]
[]
[]
[]
[]
[]
[]
[]
[]
[]
[]
[]
[]
[]
[]
[]
[]
[]
[]
[]
[]
[]
[]
[]
[]
[]
[]
[]
[]
[]
[]
[]
[]
[]
[]
[]
[]
[]
[]
[]
[]
[]
[]
[]
[]
[]
[]
[]
[]
[]
[]
[]
[]
[]
[]
[]
[]
[]
[]
[]
[]
[]
[]
[]
[]
[]
[]
[]
[]
[]
[]
[]
[]
[]
[]
[]
[]
[]
[]
[]
[]
[]
[]
[]
[]
[]
[]
[]
[]
[]
[]
[]
[]
[]
[]
[]
[]
[]
[]
[]
[]
[]
[]
[]
[]
[]
[]
[]
[]
[]
[]
[]
[]
[]
[]
[]
[]
[]
[]
[]
[]
[]
[]
[]
[]
[]
[]
[]
[]
[]
[]
[]
[]
[]
[]
[]
[]
[]
[]
[]
[]
[]
[]
[]
[]
[]
[]
[]
[]
[]
[]
[]
[]
[]
[]
[]
[]
[]
[]
[]
[]
[]
[]
[]
[]
[]
[]
[]
[]
[]
[]
[]
[]
[]
[]
[]
[]
[]
[]
[]
[]
[]
[]
[]
[]
[]
[]
[]
[]
[]
[]
[]
[]
[]
[]
[]
[]
[]
[]
[]
[]
[]
[]
[]
[]
[]
[]
[]
[]
[]
[]
[]
[]
[]
[]
[]
[]
[]
[]
[]
[]
[]
[]
[]
[]
[]
[]
[]
[]
[]
[]
[]
[]
[]
[]
[]
[]
[]
[]
[]
[]
[]
[]
[]
[]
[]
[]
[]
[]
[]
[]
[]
[]
[]
[]
[]
[]
[]
[]
[]
[]
[]
[]
[]
[]
[]
[]
[]
[]
[]
[]
[]
[]
[]
[]
[]
[]
[]
[]
[]
[]
[]
[]
[]
[]
[]
[]
[]
[]
[]
[]
[]
[]
[]
[]
[]
[]
[]
[]
[]
[]
[]
[]
[]
[]
[]
[]
[]
[]
[]
[]
[]
[]
[]
[]
[]
[]
[]
[]
[]
[]
[]
[]
[]
[]
[]
[]
[]
[]
[]
[]
[]
[]
[]
[]
[]
[]
[]
[]
[]
[]
[]
[]
[]
[]
[]
[]
[]
[]
[]
[]
[]
[]
[]
[]
[]
[]
[]
[]
[]
[]
[]
[]
[]
[]
[]
[]
[]
[]
[]
[]
[]
[]
[]
[]
[]
[]
[]
[]
[]
[]
[]
[]
[]
[]
[]
[]
[]
[]
[]
[]
[]
[]
[]
[]
[]
[]
[]
[]
[]
[]
[]
[]
[]
[]
[]
[]
[]
[]
[]
[]
[]
[]
[]
[]
[]
[]
[]
[]
[]
[]
[]
[]
[]
[]
[]
[]
[]
[]
[]
[]
[]
[]
[]
[]
[]
[]
[]
[]
[]
[]
[]
[]
[]
[]
[]
[]
[]
[]
[]
[]
[]
[]
[]
[]
[]
[]
[]
[]
[]
[]
[]
[]
[]
[]
[]
[]
[]
[]
[]
[]
[]
[]
[]
[]
[]
[]
[]
[]
[]
[]
[]
[]
[]
[]
[]
[]
[]
[]
[]
[]
[]
[]
[]
[]
[]
[]
[]
[]
[]
[]
[]
[]
[]
[]
[]
[]
[]
[]
[]
[]
[]
[]
[]
[]
[]
[]
[]
[]
[]
[]
[]
[]
[]
[]
[]
[]
[]
[]
[]
[]
[]
[]
[]
[]
[]
[]
[]
[]
[]
[]
[]
[]
[]
[]
[]
[]
[]
[]
[]
[]
[]
[]
[]
[]
[]
[]
[]
[]
[]
[]
[]
[]
[]
[]
[]
[]
[]
[]
[]
[]
[]
[]
[]
[]
[]
[]
[]
[]
[]
[]
[]
[]
[]
[]
[]
[]
[]
[]
[]
[]
[]
[]
[]
[]
[]
[]
[]
[]
[]
[]
[]
[]
[]
[]
[]
[]
[]
[]
[]
[]
[]
[]
[]
[]
[]
[]
[]
[]
[]
[]
[]
[]
[]
[]
[]
[]
[]
[]
[]
[]
[]
[]
[]
[]
[]
[]
[]
[]
[]
[]
[]
[]
[]
[]
[]
[]
[]
[]
[]
[]
[]
[]
[]
[]
[]
[]
[]
[]
[]
[]
[]
[]
[]
[]
[]
[]
[]
[]
[]
[]
[]
[]
[]
[]
[]
[]
[]
[]
[]
[]
[]
[]
[]
[]
[]
[]
[]
[]
[]
[]
[]
[]
[]
[]
[]
[]
[]
[]
[]
[]
[]
[]
[]
[]
[]
[]
[]
[]
[]
[]
[]
[]
[]
[]
[]
[]
[]
[]
[]
[]
[]
[]
[]
[]
[]
[]
[]
[]
[]
[]
[]
[]
[]
[]
[]
[]
[]
[]
[]
[]
[]
[]
[]
[]
[]
[]
[]
[]
[]
[]
[]
[]
[]
[]
[]
[]
[]
[]
[]
[]
[]
[]
[]
[]
[]
[]
[]
[]
[]
[]
[]
[]
[]
[]
[]
[]
[]
[]
[]
[]
[]
[]
[]
[]
[]
[]
[]
[]
[]
[]
[]
[]
[]
[]
[]
[]
[]
[]
[]
[]
[]
[]
[]
[]
[]
[]
[]
[]
[]
[]
[]
[]
[]
[]
[]
[]
[]
[]
[]
[]
[]
[]
[]
[]
[]
[]
[]
[]
[]
[]
[]
[]
[]
[]
[]
[]
[]
[]
[]
[]
[]
[]
[]
[]
[]
[]
[]
[]
[]
[]
[]
[]
[]
[]
[]
[]
[]
[]
[]
[]
[]
[]
[]
[]
[]
[]
[]
[]
[]
[]
[]
[]
[]
[]
[]
[]
[]
[]
[]
[]
[]
[]
[]
[]
[]
[]
[]
[]
[]
[]
[]
[]
[]
[]
[]
[]
[]
[]
[]
[]
[]
[]
[]
[]
[]
[]
[]
[]
[]
[]
[]
[]
[]
[]
[]
[]
[]
[]
[]
[]
[]
[]
[]
[]
[]
[]
[]
[]
[]
[]
[]
[]
[]
[]
[]
[]
[]
[]
[]
[]
[]
[]
[]
[]
[]
[]
[]
[]
[]
[]
[]
[]
[]
[]
[]
[]
[]
[]
[]
[]
[]
[]
[]
[]
[]
[]
[]
[]
[]
[]
[]
[]
[]
[]
[]
[]
[]
[]
[]
[]
[]
[]
[]
[]
[]
[]
[]
[]
[]
[]
[]
[]
[]
[]
[]
[]
[]
[]
[]
[]
[]
[]
[]
[]
[]
[]
[]
[]
[]
[]
[]
[]
[]
[]
[]
[]
[]
[]
[]
[]
[]
[]
[]
[]
[]
[]
[]
[]
[]
[]
[]
[]
[]
[]
[]
[]
[]
[]
[]
[]
[]
[]
[]
[]
[]
[]
[]
[]
[]
[]
[]
[]
[]
[]
[]
[]
[]
[]
[]
[]
[]
[]
[]
[]
[]
[]
[]
[]
[]
[]
[]
[]
[]
[]
[]
[]
[]
[]
[]
[]
[]
[]
[]
[]
[]
[]
[]
[]
[]
[]
[]
[]
[]
[]
[]
[]
[]
[]
[]
[]
[]
[]
[]
[]
[]
[]
[]
[]
[]
[]
[]
[]
[]
[]
[]
[]
[]
[]
[]
[]
[]
[]
[]
[]
[]
[]
[]
[]
[]
[]
[]
[]
[]
[]
[]
[]
[]
[]
[]
[]
[]
[]
[]
[]
[]
[]
[]
[]
[]
[]
[]
[]
[]
[]
[]
[]
[]
[]
[]
[]
[]
[]
[]
[]
[]
[]
[]
[]
[]
[]
[]
[]
[]
[]
[]
[]
[]
[]
[]
[]
[]
[]
[]
[]
[]
[]
[]
[]
[]
[]
[]
[]
[]
[]
[]
[]
[]
[]
[]
[]
[]
[]
[]
[]
[]
[]
[]
[]
[]
[]
[]
[]
[]
[]
[]
[]
[]
[]
[]
[]
[]
[]
[]
[]
[]
[]
[]
[]
[]
[]
[]
[]
[]
[]
[]
[]
[]
[]
[]
[]
[]
[]
[]
[]
[]
[]
[]
[]
[]
[]
[]
[]
[]
[]
[]
[]
[]
[]
[]
[]
[]
[]
[]
[]
[]
[]
[]
[]
[]
[]
[]
[]
[]
[]
[]
[]
[]
[]
[]
[]
[]
[]
[]
[]
[]
[]
[]
[]
[]
[]
[]
[]
[]
[]
[]
[]
[]
[]
[]
[]
[]
[]
[]
[]
[]
[]
[]
[]
[]
[]
[]
[]
[]
[]
[]
[]
[]
[]
[]
[]
[]
[]
[]
[]
[]
[]
[]
[]
[]
[]
[]
[]
[]
[]
[]
[]
[]
[]
[]
[]
[]
[]
[]
[]
[]
[]
[]
[]
[]
[]
[]
[]
[]
[]
[]
[]
[]
[]
[]
[]
[]
[]
[]
[]
[]
[]
[]
[]
[]
[]
[]
[]
[]
[]
[]
[]
[]
[]
[]
[]
[]
[]
[]
[]
[]
[]
[]
[]
[]
[]
[]
[]
[]
[]
[]
[]
[]
[]
[]
[]
[]
[]
[]
[]
[]
[]
[]
[]
[]
[]
[]
[]
[]
[]
[]
[]
[]
[]
[]
[]
[]
[]
[]
[]
[]
[]
[]
[]
[]
[]
[]
[]
[]
[]
[]
[]
[]
[]
[]
[]
[]
[]
[]
[]
[]
[]
[]
[]
[]
[]
[]
[]
[]
[]
[]
[]
[]
[]
[]
[]
[]
[]
[]
[]
[]
[]
[]
[]
[]
[]
[]
[]
[]
[]
[]
[]
[]
[]
[]
[]
[]
[]
[]
[]
[]
[]
[]
[]
[]
[]
[]
[]
[]
[]
[]
[]
[]
[]
[]
[]
[]
[]
[]
[]
[]
[]
[]
[]
[]
[]
[]
[]
[]
[]
[]
[]
[]
[]
[]
[]
[]
[]
[]
[]
[]
[]
[]
[]
[]
[]
[]
[]
[]
[]
[]
[]
[]
[]
[]
[]
[]
[]
[]
[]
[]
[]
[]
[]
[]
[]
[]
[]
[]
[]
[]
[]
[]
[]
[]
[]
[]
[]
[]
[]
[]
[]
[]
[]
[]
[]
[]
[]
[]
[]
[]
[]
[]
[]
[]
[]
[]
[]
[]
[]
[]
[]
[]
[]
[]
[]
[]
[]
[]
[]
[]
[]
[]
[]
[]
[]
[]
[]
[]
[]
[]
[]
[]
[]
[]
[]
[]
[]
[]
[]
[]
[]
[]
[]
[]
[]
[]
[]
[]
[]
[]
[]
[]
[]
[]
[]
[]
[]
[]
[]
[]
[]
[]
[]
[]
[]
[]
[]
[]
[]
[]
[]
[]
[]
[]
[]
[]
[]
[]
[]
[]
[]
[]
[]
[]
[]
[]
[]
[]
[]
[]
[]
[]
[]
[]
[]
[]
[]
[]
[]
[]
[]
[]
[]
[]
[]
[]
[]
[]
[]
[]
[]
[]
[]
[]
[]
[]
[]
[]
[]
[]
[]
[]
[]
[]
[]
[]
[]
[]
[]
[]
[]
[]
[]
[]
[]
[]
[]
[]
[]
[]
[]
[]
[]
[]
[]
[]
[]
[]
[]
[]
[]
[]
[]
[]
[]
[]
[]
[]
[]
[]
[]
[]
[]
[]
[]
[]
[]
[]
[]
[]
[]
[]
[]
[]
[]
[]
[]
[]
[]
[]
[]
[]
[]
[]
[]
[]
[]
[]
[]
[]
[]
[]
[]
[]
[]
[]
[]
[]
[]
[]
[]
[]
[]
[]
[]
[]
[]
[]
[]
[]
[]
[]
[]
[]
[]
[]
[]
[]
[]
[]
[]
[]
[]
[]
[]
[]
[]
[]
[]
[]
[]
[]
[]
[]
[]
[]
[]
[]
[]
[]
[]
[]
[]
[]
[]
[]
[]
[]
[]
[]
[]
[]
[]
[]
[]
[]
[]
[]
[]
[]
[]
[]
[]
[]
[]
[]
[]
[]
[]
[]
[]
[]
[]
[]
[]
[]
[]
[]
[]
[]
[]
[]
[]
[]
[]
[]
[]
[]
[]
[]
[]
[]
[]
[]
[]
[]
[]
[]
[]
[]
[]
[]
[]
[]
[]
[]
[]
[]
[]
[]
[]
[]
[]
[]
[]
[]
[]
[]
[]
[]
[]
[]
[]
[]
[]
[]
[]
[]
[]
[]
[]
[]
[]
[]
[]
[]
[]
[]
[]
[]
[]
[]
[]
[]
[]
[]
[]
[]
[]
[]
[]
[]
[]
[]
[]
[]
[]
[]
[]
[]
[]
[]
[]
[]
[]
[]
[]
[]
[]
[]
[]
[]
[]
[]
[]
[]
[]
[]
[]
[]
[]
[]
[]
[]
[]
[]
[]
[]
[]
[]
[]
[]
[]
[]
[]
[]
[]
[]
[]
[]
[]
[]
[]
[]
[]
[]
[]
[]
[]
[]
[]
[]
[]
[]
[]
[]
[]
[]
[]
[]
[]
[]
[]
[]
[]
[]
[]
[]
[]
[]
[]
[]
[]
[]
[]
[]
[]
[]
[]
[]
[]
[]
[]
[]
[]
[]
[]
[]
[]
[]
[]
[]
[]
[]
[]
[]
[]
[]
[]
[]
[]
[]
[]
[]
[]
[]
[]
[]
[]
[]
[]
[]
[]
[]
[]
[]
[]
[]
[]
[]
[]
[]
[]
[]
[]
[]
[]
[]
[]
[]
[]
[]
[]
[]
[]
[]
[]
[]
[]
[]
[]
[]
[]
[]
[]
[]
[]
[]
[]
[]
[]
[]
[]
[]
[]
[]
[]
[]
[]
[]
[]
[]
[]
[]
[]
[]
[]
[]
[]
[]
[]
[]
[]
[]
[]
[]
[]
[]
[]
[]
[]
[]
[]
[]
[]
[]
[]
[]
[]
[]
[]
[]
[]
[]
[]
[]
[]
[]
[]
[]
[]
[]
[]
[]
[]
[]
[]
[]
[]
[]
[]
[]
[]
[]
[]
[]
[]
[]
[]
[]
[]
[]
[]
[]
[]
[]
[]
[]
[]
[]
[]
[]
[]
[]
[]
[]
[]
[]
[]
[]
[]
[]
[]
[]
[]
[]
[]
[]
[]
[]
[]
[]
[]
[]
[]
[]
[]
[]
[]
[]
[]
[]
[]
[]
[]
[]
[]
[]
[]
[]
[]
[]
[]
[]
[]
[]
[]
[]
[]
[]
[]
[]
[]
[]
[]
[]
[]
[]
[]
[]
[]
[]
[]
[]
[]
[]
[]
[]
[]
[]
[]
[]
[]
[]
[]
[]
[]
[]
[]
[]
[]
[]
[]
[]
[]
[]
[]
[]
[]
[]
[]
[]
[]
[]
[]
[]
[]
[]
[]
[]
[]
[]
[]
[]
[]
[]
[]
[]
[]
[]
[]
[]
[]
[]
[]
[]
[]
[]
[]
[]
[]
[]
[]
[]
[]
[]
[]
[]
[]
[]
[]
[]
[]
[]
[]
[]
[]
[]
[]
[]
[]
[]
[]
[]
[]
[]
[]
[]
[]
[]
[]
[]
[]
[]
[]
[]
[]
[]
[]
[]
[]
[]
[]
[]
[]
[]
[]
[]
[]
[]
[]
[]
[]
[]
[]
[]
[]
[]
[]
[]
[]
[]
[]
[]
[]
[]
[]
[]
[]
[]
[]
[]
[]
[]
[]
[]
[]
[]
[]
[]
[]
[]
[]
[]
[]
[]
[]
[]
[]
[]
[]
[]
[]
[]
[]
[]
[]
[]
[]
[]
[]
[]
[]
[]
[]
[]
[]
[]
[]
[]
[]
[]
[]
[]
[]
[]
[]
[]
[]
[]
[]
[]
[]
[]
[]
[]
[]
[]
[]
[]
[]
[]
[]
[]
[]
[]
[]
[]
[]
[]
[]
[]
[]
[]
[]
[]
[]
[]
[]
[]
[]
[]
[]
[]
[]
[]
[]
[]
[]
[]
[]
[]
[]
[]
[]
[]
[]
[]
[]
[]
[]
[]
[]
[]
[]
[]
[]
[]
[]
[]
[]
[]
[]
[]
[]
[]
[]
[]
[]
[]
[]
[]
[]
[]
[]
[]
[]
[]
[]
[]
[]
[]
[]
[]
[]
[]
[]
[]
[]
[]
[]
[]
[]
[]
[]
[]
[]
[]
[]
[]
[]
[]
[]
[]
[]
[]
[]
[]
[]
[]
[]
[]
[]
[]
[]
[]
[]
[]
[]
[]
[]
[]
[]
[]
[]
[]
[]
[]
[]
[]
[]
[]
[]
[]
[]
[]
[]
[]
[]
[]
[]
[]
[]
[]
[]
[]
[]
[]
[]
[]
[]
[]
[]
[]
[]
[]
[]
[]
[]
[]
[]
[]
[]
[]
[]
[]
[]
[]
[]
[]
[]
[]
[]
[]
[]
[]
[]
[]
[]
[]
[]
[]
[]
[]
[]
[]
[]
[]
[]
[]
[]
[]
[]
[]
[]
[]
[]
[]
[]
[]
[]
[]
[]
[]
[]
[]
[]
[]
[]
[]
[]
[]
[]
[]
[]
[]
[]
[]
[]
[]
[]
[]
[]
[]
[]
[]
[]
[]
[]
[]
[]
[]
[]
[]
[]
[]
[]
[]
[]
[]
[]
[]
[]
[]
[]
[]
[]
[]
[]
[]
[]
[]
[]
[]
[]
[]
[]
[]
[]
[]
[]
[]
[]
[]
[]
[]
[]
[]
[]
[]
[]
[]
[]
[]
[]
[]
[]
[]
[]
[]
[]
[]
[]
[]
[]
[]
[]
[]
[]
[]
[]
[]
[]
[]
[]
[]
[]
[]
[]
[]
[]
[]
[]
[]
[]
[]
[]
[]
[]
[]
[]
[]
[]
[]
[]
[]
[]
[]
[]
[]
[]
[]
[]
[]
[]
[]
[]
[]
[]
[]
[]
[]
[]
[]
[]
[]
[]
[]
[]
[]
[]
[]
[]
[]
[]
[]
[]
[]
[]
[]
[]
[]
[]
[]
[]
[]
[]
[]
[]
[]
[]
[]
[]
[]
[]
[]
[]
[]
[]
[]
[]
[]
[]
[]
[]
[]
[]
[]
[]
[]
[]
[]
[]
[]
[]
[]
[]
[]
[]
[]
[]
[]
[]
[]
[]
[]
[]
[]
[]
[]
[]
[]
[]
[]
[]
[]
[]
[]
[]
[]
[]
[]
[]
[]
[]
[]
[]
[]
[]
[]
[]
[]
[]
[]
[]
[]
[]
[]
[]
[]
[]
[]
[]
[]
[]
[]
[]
[]
[]
[]
[]
[]
[]
[]
[]
[]
[]
[]
[]
[]
[]
[]
[]
[]
[]
[]
[]
[]
[]
[]
[]
[]
[]
[]
[]
[]
[]
[]
[]
[]
[]
[]
[]
[]
[]
[]
[]
[]
[]
[]
[]
[]
[]
[]
[]
[]
[]
[]
[]
[]
[]
[]
[]
[]
[]
[]
[]
[]
[]
[]
[]
[]
[]
[]
[]
[]
[]
[]
[]
[]
[]
[]
[]
[]
[]
[]
[]
[]
[]
[]
[]
[]
[]
[]
[]
[]
[]
[]
[]
[]
[]
[]
[]
[]
[]
[]
[]
[]
[]
[]
[]
[]
[]
[]
[]
[]
[]
[]
[]
[]
[]
[]
[]
[]
[]
[]
[]
[]
[]
[]
[]
[]
[]
[]
[]
[]
[]
[]
[]
[]
[]
[]
[]
[]
[]
[]
[]
[]
[]
[]
[]
[]
[]
[]
[]
[]
[]
[]
[]
[]
[]
[]
[]
[]
[]
[]
[]
[]
[]
[]
[]
[]
[]
[]
[]
[]
[]
[]
[]
[]
[]
[]
[]
[]
[]
[]
[]
[]
[]
[]
[]
[]
[]
[]
[]
[]
[]
[]
[]
[]
[]
[]
[]
[]
[]
[]
[]
[]
[]
[]
[]
[]
[]
[]
[]
[]
[]
[]
[]
[]
[]
[]
[]
[]
[]
[]
[]
[]
[]
[]
[]
[]
[]
[]
[]
[]
[]
[]
[]
[]
[]
[]
[]
[]
[]
[]
[]
[]
[]
[]
[]
[]
[]
[]
[]
[]
[]
[]
[]
[]
[]
[]
[]
[]
[]
[]
[]
[]
[]
[]
[]
[]
[]
[]
[]
[]
[]
[]
[]
[]
[]
[]
[]
[]
[]
[]
[]
[]
[]
[]
[]
[]
[]
[]
[]
[]
[]
[]
[]
[]
[]
[]
[]
[]
[]
[]
[]
[]
[]
[]
[]
[]
[]
[]
[]
[]
[]
[]
[]
[]
[]
[]
[]
[]
[]
[]
[]
[]
[]
[]
[]
[]
[]
[]
[]
[]
[]
[]
[]
[]
[]
[]
[]
[]
[]
[]
[]
[]
[]
[]
[]
[]
[]
[]
[]
[]
[]
[]
[]
[]
[]
[]
[]
[]
[]
[]
[]
[]
[]
[]
[]
[]
[]
[]
[]
[]
[]
[]
[]
[]
[]
[]
[]
[]
[]
[]
[]
[]
[]
[]
[]
[]
[]
[]
[]
[]
[]
[]
[]
[]
[]
[]
[]
[]
[]
[]
[]
[]
[]
[]
[]
[]
[]
[]
[]
[]
[]
[]
[]
[]
[]
[]
[]
[]
[]
[]
[]
[]
[]
[]
[]
[]
[]
[]
[]
[]
[]
[]
[]
[]
[]
[]
[]
[]
[]
[]
[]
[]
[]
[]
[]
[]
[]
[]
[]
[]
[]
[]
[]
[]
[]
[]
[]
[]
[]
[]
[]
[]
[]
[]
[]
[]
[]
[]
[]
[]
[]
[]
[]
[]
[]
[]
[]
[]
[]
[]
[]
[]
[]
[]
[]
[]
[]
[]
[]
[]
[]
[]
[]
[]
[]
[]
[]
[]
[]
[]
[]
[]
[]
[]
[]
[]
[]
[]
[]
[]
[]
[]
[]
[]
[]
[]
[]
[]
[]
[]
[]
[]
[]
[]
[]
[]
[]
[]
[]
[]
[]
[]
[]
[]
[]
[]
[]
[]
[]
[]
[]
[]
[]
[]
[]
[]
[]
[]
[]
[]
[]
[]
[]
[]
[]
[]
[]
[]
[]
[]
[]
[]
[]
[]
[]
[]
[]
[]
[]
[]
[]
[]
[]
[]
[]
[]
[]
[]
[]
[]
[]
[]
[]
[]
[]
[]
[]
[]
[]
[]
[]
[]
[]
[]
[]
[]
[]
[]
[]
[]
[]
[]
[]
[]
[]
[]
[]
[]
[]
[]
[]
[]
[]
[]
[]
[]
[]
[]
[]
[]
[]
[]
[]
[]
[]
[]
[]
[]
[]
[]
[]
[]
[]
[]
[]
[]
[]
[]
[]
[]
[]
[]
[]
[]
[]
[]
[]
[]
[]
[]
[]
[]
[]
[]
[]
[]
[]
[]
[]
[]
[]
[]
[]
[]
[]
[]
[]
[]
[]
[]
[]
[]
[]
[]
[]
[]
[]
[]
[]
[]
[]
[]
[]
[]
[]
[]
[]
[]
[]
[]
[]
[]
[]
[]
[]
[]
[]
[]
[]
[]
[]
[]
[]
[]
[]
[]
[]
[]
[]
[]
[]
[]
[]
[]
[]
[]
[]
[]
[]
[]
[]
[]
[]
[]
[]
[]
[]
[]
[]
[]
[]
[]
[]
[]
[]
[]
[]
[]
[]
[]
[]
[]
[]
[]
[]
[]
[]
[]
[]
[]
[]
[]
[]
[]
[]
[]
[]
[]
[]
[]
[]
[]
[]
[]
[]
[]
[]
[]
[]
[]
[]
[]
[]
[]
[]
[]
[]
[]
[]
[]
[]
[]
[]
[]
[]
[]
[]
[]
[]
[]
[]
[]
[]
[]
[]
[]
[]
[]
[]
[]
[]
[]
[]
[]
[]
[]
[]
[]
[]
[]
[]
[]
[]
[]
[]
[]
[]
[]
[]
[]
[]
[]
[]
[]
[]
[]
[]
[]
[]
[]
[]
[]
[]
[]
[]
[]
[]
[]
[]
[]
[]
[]
[]
[]
[]
[]
[]
[]
[]
[]
[]
[]
[]
[]
[]
[]
[]
[]
[]
[]
[]
[]
[]
[]
[]
[]
[]
[]
[]
[]
[]
[]
[]
[]
[]
[]
[]
[]
[]
[]
[]
[]
[]
[]
[]
[]
[]
[]
[]
[]
[]
[]
[]
[]
[]
[]
[]
[]
[]
[]
[]
[]
[]
[]
[]
[]
[]
[]
[]
[]
[]
[]
[]
[]
[]
[]
[]
[]
[]
[]
[]
[]
[]
[]
[]
[]
[]
[]
[]
[]
[]
[]
[]
[]
[]
[]
[]
[]
[]
[]
[]
[]
[]
[]
[]
[]
[]
[]
[]
[]
[]
[]
[]
[]
[]
[]
[]
[]
[]
[]
[]
[]
[]
[]
[]
[]
[]
[]
[]
[]
[]
[]
[]
[]
[]
[]
[]
[]
[]
[]
[]
[]
[]
[]
[]
[]
[]
[]
[]
[]
[]
[]
[]
[]
[]
[]
[]
[]
[]
[]
[]
[]
[]
[]
[]
[]
[]
[]
[]
[]
[]
[]
[]
[]
[]
[]
[]
[]
[]
[]
[]
[]
[]
[]
[]
[]
[]
[]
[]
[]
[]
[]
[]
[]
[]
[]
[]
[]
[]
[]
[]
[]
[]
[]
[]
[]
[]
[]
[]
[]
[]
[]
[]
[]
[]
[]
[]
[]
[]
[]
[]
[]
[]
[]
[]
[]
[]
[]
[]
[]
[]
[]
[]
[]
[]
[]
[]
[]
[]
[]
[]
[]
[]
[]
[]
[]
[]
[]
[]
[]
[]
[]
[]
[]
[]
[]
[]
[]
[]
[]
[]
[]
[]
[]
[]
[]
[]
[]
[]
[]
[]
[]
[]
[]
[]
[]
[]
[]
[]
[]
[]
[]
[]
[]
[]
[]
[]
[]
[]
[]
[]
[]
[]
[]
[]
[]
[]
[]
[]
[]
[]
[]
[]
[]
[]
[]
[]
[]
[]
[]
[]
[]
[]
[]
[]
[]
[]
[]
[]
[]
[]
[]
[]
[]
[]
[]
[]
[]
[]
[]
[]
[]
[]
[]
[]
[]
[]
[]
[]
[]
[]
[]
[]
[]
[]
[]
[]
[]
[]
[]
[]
[]
[]
[]
[]
[]
[]
[]
[]
[]
[]
[]
[]
[]
[]
[]
[]
[]
[]
[]
[]
[]
[]
[]
[]
[]
[]
[]
[]
[]
[]
[]
[]
[]
[]
[]
[]
[]
[]
[]
[]
[]
[]
[]
[]
[]
[]
[]
[]
[]
[]
[]
[]
[]
[]
[]
[]
[]
[]
[]
[]
[]
[]
[]
[]
[]
[]
[]
[]
[]
[]
[]
[]
[]
[]
[]
[]
[]
[]
[]
[]
[]
[]
[]
[]
[]
[]
[]
[]
[]
[]
[]
[]
[]
[]
[]
[]
[]
[]
[]
[]
[]
[]
[]
[]
[]
[]
[]
[]
[]
[]
[]
[]
[]
[]
[]
[]
[]
[]
[]
[]
[]
[]
[]
[]
[]
[]
[]
[]
[]
[]
[]
[]
[]
[]
[]
[]
[]
[]
[]
[]
[]
[]
[]
[]
[]
[]
[]
[]
[]
[]
[]
[]
[]
[]
[]
[]
[]
[]
[]
[]
[]
[]
[]
[]
[]
[]
[]
[]
[]
[]
[]
[]
[]
[]
[]
[]
[]
[]
[]
[]
[]
[]
[]
[]
[]
[]
[]
[]
[]
[]
[]
[]
[]
[]
[]
[]
[]
[]
[]
[]
[]
[]
[]
[]
[]
[]
[]
[]
[]
[]
[]
[]
[]
[]
[]
[]
[]
[]
[]
[]
[]
[]
[]
[]
[]
[]
[]
[]
[]
[]
[]
[]
[]
[]
[]
[]
[]
[]
[]
[]
[]
[]
[]
[]
[]
[]
[]
[]
[]
[]
[]
[]
[]
[]
[]
[]
[]
[]
[]
[]
[]
[]
[]
[]
[]
[]
[]
[]
[]
[]
[]
[]
[]
[]
[]
[]
[]
[]
[]
[]
[]
[]
[]
[]
[]
[]
[]
[]
[]
[]
[]
[]
[]
[]
[]
[]
[]
[]
[]
[]
[]
[]
[]
[]
[]
[]
[]
[]
[]
[]
[]
[]
[]
[]
[]
[]
[]
[]
[]
[]
[]
[]
[]
[]
[]
[]
[]
[]
[]
[]
[]
[]
[]
[]
[]
[]
[]
[]
[]
[]
[]
[]
[]
[]
[]
[]
[]
[]
[]
[]
[]
[]
[]
[]
[]
[]
[]
[]
[]
[]
[]
[]
[]
[]
[]
[]
[]
[]
[]
[]
[]
[]
[]
[]
[]
[]
[]
[]
[]
[]
[]
[]
[]
[]
[]
[]
[]
[]
[]
[]
[]
[]
[]
[]
[]
[]
[]
[]
[]
[]
[]
[]
[]
[]
[]
[]
[]
[]
[]
[]
[]
[]
[]
[]
[]
[]
[]
[]
[]
[]
[]
[]
[]
[]
[]
[]
[]
[]
[]
[]
[]
[]
[]
[]
[]
[]
[]
[]
[]
[]
[]
[]
[]
[]
[]
[]
[]
[]
[]
[]
[]
[]
[]
[]
[]
[]
[]
[]
[]
[]
[]
[]
[]
[]
[]
[]
[]
[]
[]
[]
[]
[]
[]
[]
[]
[]
[]
[]
[]
[]
[]
[]
[]
[]
[]
[]
[]
[]
[]
[]
[]
[]
[]
[]
[]
[]
[]
[]
[]
[]
[]
[]
[]
[]
[]
[]
[]
[]
[]
[]
[]
[]
[]
[]
[]
[]
[]
[]
[]
[]
[]
[]
[]
[]
[]
[]
[]
[]
[]
[]
[]
[]
[]
[]
[]
[]
[]
[]
[]
[]
[]
[]
[]
[]
[]
[]
[]
[]
[]
[]
[]
[]
[]
[]
[]
[]
[]
[]
[]
[]
[]
[]
[]
[]
[]
[]
[]
[]
[]
[]
[]
[]
[]
[]
[]
[]
[]
[]
[]
[]
[]
[]
[]
[]
[]
[]
[]
[]
[]
[]
[]
[]
[]
[]
[]
[]
[]
[]
[]
[]
[]
[]
[]
[]
[]
[]
[]
[]
[]
[]
[]
[]
[]
[]
[]
[]
[]
[]
[]
[]
[]
[]
[]
[]
[]
[]
[]
[]
[]
[]
[]
[]
[]
[]
[]
[]
[]
[]
[]
[]
[]
[]
[]
[]
[]
[]
[]
[]
[]
[]
[]
[]
[]
[]
[]
[]
[]
[]
[]
[]
[]
[]
[]
[]
[]
[]
[]
[]
[]
[]
[]
[]
[]
[]
[]
[]
[]
[]
[]
[]
[]
[]
[]
[]
[]
[]
[]
[]
[]
[]
[]
[]
[]
[]
[]
[]
[]
[]
[]
[]
[]
[]
[]
[]
[]
[]
[]
[]
[]
[]
[]
[]
[]
[]
[]
[]
[]
[]
[]
[]
[]
[]
[]
[]
[]
[]
[]
[]
[]
[]
[]
[]
[]
[]
[]
[]
[]
[]
[]
[]
[]
[]
[]
[]
[]
[]
[]
[]
[]
[]
[]
[]
[]
[]
[]
[]
[]
[]
[]
[]
[]
[]
[]
[]
[]
[]
[]
[]
[]
[]
[]
[]
[]
[]
[]
[]
[]
[]
[]
[]
[]
[]
[]
[]
[]
[]
[]
[]
[]
[]
[]
[]
[]
[]
[]
[]
[]
[]
[]
[]
[]
[]
[]
[]
[]
[]
[]
[]
[]
[]
[]
[]
[]
[]
[]
[]
[]
[]
[]
[]
[]
[]
[]
[]
[]
[]
[]
[]
[]
[]
[]
[]
[]
[]
[]
[]
[]
[]
[]
[]
[]
[]
[]
[]
[]
[]
[]
[]
[]
[]
[]
[]
[]
[]
[]
[]
[]
[]
[]
[]
[]
[]
[]
[]
[]
[]
[]
[]
[]
[]
[]
[]
[]
[]
[]
[]
[]
[]
[]
[]
[]
[]
[]
[]
[]
[]
[]
[]
[]
[]
[]
[]
[]
[]
[]
[]
[]
[]
[]
[]
[]
[]
[]
[]
[]
[]
[]
[]
[]
[]
[]
[]
[]
[]
[]
[]
[]
[]
[]
[]
[]
[]
[]
[]
[]
[]
[]
[]
[]
[]
[]
[]
[]
[]
[]
[]
[]
[]
[]
[]
[]
[]
[]
[]
[]
[]
[]
[]
[]
[]
[]
[]
[]
[]
[]
[]
[]
[]
[]
[]
[]
[]
[]
[]
[]
[]
[]
[]
[]
[]
[]
[]
[]
[]
[]
[]
[]
[]
[]
[]
[]
[]
[]
[]
[]
[]
[]
[]
[]
[]
[]
[]
[]
[]
[]
[]
[]
[]
[]
[]
[]
[]
[]
[]
[]
[]
[]
[]
[]
[]
[]
[]
[]
[]
[]
[]
[]
[]
[]
[]
[]
[]
[]
[]
[]
[]
[]
[]
[]
[]
[]
[]
[]
[]
[]
[]
[]
[]
[]
[]
[]
[]
[]
[]
[]
[]
[]
[]
[]
[]
[]
[]
[]
[]
[]
[]
[]
[]
[]
[]
[]
[]
[]
[]
[]
[]
[]
[]
[]
[]
[]
[]
[]
[]
[]
[]
[]
[]
[]
[]
[]
[]
[]
[]
[]
[]
[]
[]
[]
[]
[]
[]
[]
[]
[]
[]
[]
[]
[]
[]
[]
[]
[]
[]
[]
[]
[]
[]
[]
[]
[]
[]
[]
[]
[]
[]
[]
[]
[]
[]
[]
[]
[]
[]
[]
[]
[]
[]
[]
[]
[]
[]
[]
[]
[]
[]
[]
[]
[]
[]
[]
[]
[]
[]
[]
[]
[]
[]
[]
[]
[]
[]
[]
[]
[]
[]
[]
[]
[]
[]
[]
[]
[]
[]
[]
[]
[]
[]
[]
[]
[]
[]
[]
[]
[]
[]
[]
[]
[]
[]
[]
[]
[]
[]
[]
[]
[]
[]
[]
[]
[]
[]
[]
[]
[]
[]
[]
[]
[]
[]
[]
[]
[]
[]
[]
[]
[]
[]
[]
[]
[]
[]
[]
[]
[]
[]
[]
[]
[]
[]
[]
[]
[]
[]
[]
[]
[]
[]
[]
[]
[]
[]
[]
[]
[]
[]
[]
[]
[]
[]
[]
[]
[]
[]
[]
[]
[]
[]
[]
[]
[]
[]
[]
[]
[]
[]
[]
[]
[]
[]
[]
[]
[]
[]
[]
[]
[]
[]
[]
[]
[]
[]
[]
[]
[]
[]
[]
[]
[]
[]
[]
[]
[]
[]
[]
[]
[]
[]
[]
[]
[]
[]
[]
[]
[]
[]
[]
[]
[]
[]
[]
[]
[]
[]
[]
[]
[]
[]
[]
[]
[]
[]
[]
[]
[]
[]
[]
[]
[]
[]
[]
[]
[]
[]
[]
[]
[]
[]
[]
[]
[]
[]
[]
[]
[]
[]
[]
[]
[]
[]
[]
[]
[]
[]
[]
[]
[]
[]
[]
[]
[]
[]
[]
[]
[]
[]
[]
[]
[]
[]
[]
[]
[]
[]
[]
[]
[]
[]
[]
[]
[]
[]
[]
[]
[]
[]
[]
[]
[]
[]
[]
[]
[]
[]
[]
[]
[]
[]
[]
[]
[]
[]
[]
[]
[]
[]
[]
[]
[]
[]
[]
[]
[]
[]
[]
[]
[]
[]
[]
[]
[]
[]
[]
[]
[]
[]
[]
[]
[]
[]
[]
[]
[]
[]
[]
[]
[]
[]
[]
[]
[]
[]
[]
[]
[]
[]
[]
[]
[]
[]
[]
[]
[]
[]
[]
[]
[]
[]
[]
[]
[]
[]
[]
[]
[]
[]
[]
[]
[]
[]
[]
[]
[]
[]
[]
[]
[]
[]
[]
[]
[]
[]
[]
[]
[]
[]
[]
[]
[]
[]
[]
[]
[]
[]
[]
[]
[]
[]
[]
[]
[]
[]
[]
[]
[]
[]
[]
[]
[]
[]
[]
[]
[]
[]
[]
[]
[]
[]
[]
[]
[]
[]
[]
[]
[]
[]
[]
[]
[]
[]
[]
[]
[]
[]
[]
[]
[]
[]
[]
[]
[]
[]
[]
[]
[]
[]
[]
[]
[]
[]
[]
[]
[]
[]
[]
[]
[]
[]
[]
[]
[]
[]
[]
[]
[]
[]
[]
[]
[]
[]
[]
[]
[]
[]
[]
[]
[]
[]
[]
[]
[]
[]
[]
[]
[]
[]
[]
[]
[]
[]
[]
[]
[]
[]
[]
[]
[]
[]
[]
[]
[]
[]
[]
[]
[]
[]
[]
[]
[]
[]
[]
[]
[]
[]
[]
[]
[]
[]
[]
[]
[]
[]
[]
[]
[]
[]
[]
[]
[]
[]
[]
[]
[]
[]
[]
[]
[]
[]
[]
[]
[]
[]
[]
[]
[]
[]
[]
[]
[]
[]
[]
[]
[]
[]
[]
[]
[]
[]
[]
[]
[]
[]
[]
[]
[]
[]
[]
[]
[]
[]
[]
[]
[]
[]
[]
[]
[]
[]
[]
[]
[]
[]
[]
[]
[]
[]
[]
[]
[]
[]
[]
[]
[]
[]
[]
[]
[]
[]
[]
[]
[]
[]
[]
[]
[]
[]
[]
[]
[]
[]
[]
[]
[]
[]
[]
[]
[]
[]
[]
[]
[]
[]
[]
[]
[]
[]
[]
[]
[]
[]
[]
[]
[]
[]
[]
[]
[]
[]
[]
[]
[]
[]
[]
[]
[]
[]
[]
[]
[]
[]
[]
[]
[]
[]
[]
[]
[]
[]
[]
[]
[]
[]
[]
[]
[]
[]
[]
[]
[]
[]
[]
[]
[]
[]
[]
[]
[]
[]
[]
[]
[]
[]
[]
[]
[]
[]
[]
[]
[]
[]
[]
[]
[]
[]
[]
[]
[]
[]
[]
[]
[]
[]
[]
[]
[]
[]
[]
[]
[]
[]
[]
[]
[]
[]
[]
[]
[]
[]
[]
[]
[]
[]
[]
[]
[]
[]
[]
[]
[]
[]
[]
[]
[]
[]
[]
[]
[]
[]
[]
[]
[]
[]
[]
[]
[]
[]
[]
[]
[]
[]
[]
[]
[]
[]
[]
[]
[]
[]
[]
[]
[]
[]
[]
[]
[]
[]
[]
[]
[]
[]
[]
[]
[]
[]
[]
[]
[]
[]
[]
[]
[]
[]
[]
[]
[]
[]
[]
[]
[]
[]
[]
[]
[]
[]
[]
[]
[]
[]
[]
[]
[]
[]
[]
[]
[]
[]
[]
[]
[]
[]
[]
[]
[]
[]
[]
[]
[]
[]
[]
[]
[]
[]
[]
[]
[]
[]
[]
[]
[]
[]
[]
[]
[]
[]
[]
[]
[]
[]
[]
[]
[]
[]
[]
[]
[]
[]
[]
[]
[]
[]
[]
[]
[]
[]
[]
[]
[]
[]
[]
[]
[]
[]
[]
[]
[]
[]
[]
[]
[]
[]
[]
[]
[]
[]
[]
[]
[]
[]
[]
[]
[]
[]
[]
[]
[]
[]
[]
[]
[]
[]
[]
[]
[]
[]
[]
[]
[]
[]
[]
[]
[]
[]
[]
[]
[]
[]
[]
[]
[]
[]
[]
[]
[]
[]
[]
[]
[]
[]
[]
[]
[]
[]
[]
[]
[]
[]
[]
[]
[]
[]
[]
[]
[]
[]
[]
[]
[]
[]
[]
[]
[]
[]
[]
[]
[]
[]
[]
[]
[]
[]
[]
[]
[]
[]
[]
[]
[]
[]
[]
[]
[]
[]
[]
[]
[]
[]
[]
[]
[]
[]
[]
[]
[]
[]
[]
[]
[]
[]
[]
[]
[]
[]
[]
[]
[]
[]
[]
[]
[]
[]
[]
[]
[]
[]
[]
[]
[]
[]
[]
[]
[]
[]
[]
[]
[]
[]
[]
[]
[]
[]
[]
[]
[]
[]
[]
[]
[]
[]
[]
[]
[]
[]
[]
[]
[]
[]
[]
[]
[]
[]
[]
[]
[]
[]
[]
[]
[]
[]
[]
[]
[]
[]
[]
[]
[]
[]
[]
[]
[]
[]
[]
[]
[]
[]
[]
[]
[]
[]
[]
[]
[]
[]
[]
[]
[]
[]
[]
[]
[]
[]
[]
[]
[]
[]
[]
[]
[]
[]
[]
[]
[]
[]
[]
[]
[]
[]
[]
[]
[]
[]
[]
[]
[]
[]
[]
[]
[]
[]
[]
[]
[]
[]
[]
[]
[]
[]
[]
[]
[]
[]
[]
[]
[]
[]
[]
[]
[]
[]
[]
[]
[]
[]
[]
[]
[]
[]
[]
[]
[]
[]
[]
[]
[]
[]
[]
[]
[]
[]
[]
[]
[]
[]
[]
[]
[]
[]
[]
[]
[]
[]
[]
[]
[]
[]
[]
[]
[]
[]
[]
[]
[]
[]
[]
[]
[]
[]
[]
[]
[]
[]
[]
[]
[]
[]
[]
[]
[]
[]
[]
[]
[]
[]
[]
[]
[]
[]
[]
[]
[]
[]
[]
[]
[]
[]
[]
[]
[]
[]
[]
[]
[]
[]
[]
[]
[]
[]
[]
[]
[]
[]
[]
[]
[]
[]
[]
[]
[]
[]
[]
[]
[]
[]
[]
[]
[]
[]
[]
[]
[]
[]
[]
[]
[]
[]
[]
[]
[]
[]
[]
[]
[]
[]
[]
[]
[]
[]
[]
[]
[]
[]
[]
[]
[]
[]
[]
[]
[]
[]
[]
[]
[]
[]
[]
[]
[]
[]
[]
[]
[]
[]
[]
[]
[]
[]
[]
[]
[]
[]
[]
[]
[]
[]
[]
[]
[]
[]
[]
[]
[]
[]
[]
[]
[]
[]
[]
[]
[]
[]
[]
[]
[]
[]
[]
[]
[]
[]
[]
[]
[]
[]
[]
[]
[]
[]
[]
[]
[]
[]
[]
[]
[]
[]
[]
[]
[]
[]
[]
[]
[]
[]
[]
[]
[]
[]
[]
[]
[]
[]
[]
[]
[]
[]
[]
[]
[]
[]
[]
[]
[]
[]
[]
[]
[]
[]
[]
[]
[]
[]
[]
[]
[]
[]
[]
[]
[]
[]
[]
[]
[]
[]
[]
[]
[]
[]
[]
[]
[]
[]
[]
[]
[]
[]
[]
[]
[]
[]
[]
[]
[]
[]
[]
[]
[]
[]
[]
[]
[]
[]
[]
[]
[]
[]
[]
[]
[]
[]
[]
[]
[]
[]
[]
[]
[]
[]
[]
[]
[]
[]
[]
[]
[]
[]
[]
[]
[]
[]
[]
[]
[]
[]
[]
[]
[]
[]
[]
[]
[]
[]
[]
[]
[]
[]
[]
[]
[]
[]
[]
[]
[]
[]
[]
[]
[]
[]
[]
[]
[]
[]
[]
[]
[]
[]
[]
[]
[]
[]
[]
[]
[]
[]
[]
[]
[]
[]
[]
[]
[]
[]
[]
[]
[]
[]
[]
[]
[]
[]
[]
[]
[]
[]
[]
[]
[]
[]
[]
[]
[]
[]
[]
[]
[]
[]
[]
[]
[]
[]
[]
[]
[]
[]
[]
[]
[]
[]
[]
[]
[]
[]
[]
[]
[]
[]
[]
[]
[]
[]
[]
[]
[]
[]
[]
[]
[]
[]
[]
[]
[]
[]
[]
[]
[]
[]
[]
[]
[]
[]
[]
[]
[]
[]
[]
[]
[]
[]
[]
[]
[]
[]
[]
[]
[]
[]
[]
[]
[]
[]
[]
[]
[]
[]
[]
[]
[]
[]
[]
[]
[]
[]
[]
[]
[]
[]
[]
[]
[]
[]
[]
[]
[]
[]
[]
[]
[]
[]
[]
[]
[]
[]
[]
[]
[]
[]
[]
[]
[]
[]
[]
[]
[]
[]
[]
[]
[]
[]
[]
[]
[]
[]
[]
[]
[]
[]
[]
[]
[]
[]
[]
[]
[]
[]
[]
[]
[]
[]
[]
[]
[]
[]
[]
[]
[]
[]
[]
[]
[]
[]
[]
[]
[]
[]
[]
[]
[]
[]
[]
[]
[]
[]
[]
[]
[]
[]
[]
[]
[]
[]
[]
[]
[]
[]
[]
[]
[]
[]
[]
[]
[]
[]
[]
[]
[]
[]
[]
[]
[]
[]
[]
[]
[]
[]
[]
[]
[]
[]
[]
[]
[]
[]
[]
[]
[]
[]
[]
[]
[]
[]
[]
[]
[]
[]
[]
[]
[]
[]
[]
[]
[]
[]
[]
[]
[]
[]
[]
[]
[]
[]
[]
[]
[]
[]
[]
[]
[]
[]
[]
[]
[]
[]
[]
[]
[]
[]
[]
[]
[]
[]
[]
[]
[]
[]
[]
[]
[]
[]
[]
[]
[]
[]
[]
[]
[]
[]
[]
[]
[]
[]
[]
[]
[]
[]
[]
[]
[]
[]
[]
[]
[]
[]
[]
[]
[]
[]
[]
[]
[]
[]
[]
[]
[]
[]
[]
[]
[]
[]
[]
[]
[]
[]
[]
[]
[]
[]
[]
[]
[]
[]
[]
[]
[]
[]
[]
[]
[]
[]
[]
[]
[]
[]
[]
[]
[]
[]
[]
[]
[]
[]
[]
[]
[]
[]
[]
[]
[]
[]
[]
[]
[]
[]
[]
[]
[]
[]
[]
[]
[]
[]
[]
[]
[]
[]
[]
[]
[]
[]
[]
[]
[]
[]
[]
[]
[]
[]
[]
[]
[]
[]
[]
[]
[]
[]
[]
[]
[]
[]
[]
[]
[]
[]
[]
[]
[]
[]
[]
[]
[]
[]
[]
[]
[]
[]
[]
[]
[]
[]
[]
[]
[]
[]
[]
[]
[]
[]
[]
[]
[]
[]
[]
[]
[]
[]
[]
[]
[]
[]
[]
[]
[]
[]
[]
[]
[]
[]
[]
[]
[]
[]
[]
[]
[]
[]
[]
[]
[]
[]
[]
[]
[]
[]
[]
[]
[]
[]
[]
[]
[]
[]
[]
[]
[]
[]
[]
[]
[]
[]
[]
[]
[]
[]
[]
[]
[]
[]
[]
[]
[]
[]
[]
[]
[]
[]
[]
[]
[]
[]
[]
[]
[]
[]
[]
[]
[]
[]
[]
[]
[]
[]
[]
[]
[]
[]
[]
[]
[]
[]
[]
[]
[]
[]
[]
[]
[]
[]
[]
[]
[]
[]
[]
[]
[]
[]
[]
[]
[]
[]
[]
[]
[]
[]
[]
[]
[]
[]
[]
[]
[]
[]
[]
[]
[]
[]
[]
[]
[]
[]
[]
[]
[]
[]
[]
[]
[]
[]
[]
[]
[]
[]
[]
[]
[]
[]
[]
[]
[]
[]
[]
[]
[]
[]
[]
[]
[]
[]
[]
[]
[]
[]
[]
[]
[]
[]
[]
[]
[]
[]
[]
[]
[]
[]
[]
[]
[]
[]
[]
[]
[]
[]
[]
[]
[]
[]
[]
[]
[]
[]
[]
[]
[]
[]
[]
[]
[]
[]
[]
[]
[]
[]
[]
[]
[]
[]
[]
[]
[]
[]
[]
[]
[]
[]
[]
[]
[]
[]
[]
[]
[]
[]
[]
[]
[]
[]
[]
[]
[]
[]
[]
[]
[]
[]
[]
[]
[]
[]
[]
[]
[]
[]
[]
[]
[]
[]
[]
[]
[]
[]
[]
[]
[]
[]
[]
[]
[]
[]
[]
[]
[]
[]
[]
[]
[]
[]
[]
[]
[]
[]
[]
[]
[]
[]
[]
[]
[]
[]
[]
[]
[]
[]
[]
[]
[]
[]
[]
[]
[]
[]
[]
[]
[]
[]
[]
[]
[]
[]
[]
[]
[]
[]
[]
[]
[]
[]
[]
[]
[]
[]
[]
[]
[]
[]
[]
[]
[]
[]
[]
[]
[]
[]
[]
[]
[]
[]
[]
[]
[]
[]
[]
[]
[]
[]
[]
[]
[]
[]
[]
[]
[]
[]
[]
[]
[]
[]
[]
[]
[]
[]
[]
[]
[]
[]
[]
[]
[]
[]
[]
[]
[]
[]
[]
[]
[]
[]
[]
[]
[]
[]
[]
[]
[]
[]
[]
[]
[]
[]
[]
[]
[]
[]
[]
[]
[]
[]
[]
[]
[]
[]
[]
[]
[]
[]
[]
[]
[]
[]
[]
[]
[]
[]
[]
[]
[]
[]
[]
[]
[]
[]
[]
[]
[]
[]
[]
[]
[]
[]
[]
[]
[]
[]
[]
[]
[]
[]
[]
[]
[]
[]
[]
[]
[]
[]
[]
[]
[]
[]
[]
[]
[]
[]
[]
[]
[]
[]
[]
[]
[]
[]
[]
[]
[]
[]
[]
[]
[]
[]
[]
[]
[]
[]
[]
[]
[]
[]
[]
[]
[]
[]
[]
[]
[]
[]
[]
[]
[]
[]
[]
[]
[]
[]
[]
[]
[]
[]
[]
[]
[]
[]
[]
[]
[]
[]
[]
[]
[]
[]
[]
[]
[]
[]
[]
[]
[]
[]
[]
[]
[]
[]
[]
[]
[]
[]
[]
[]
[]
[]
[]
[]
[]
[]
[]
[]
[]
[]
[]
[]
[]
[]
[]
[]
[]
[]
[]
[]
[]
[]
[]
[]
[]
[]
[]
[]
[]
[]
[]
[]
[]
[]
[]
[]
[]
[]
[]
[]
[]
[]
[]
[]
[]
[]
[]
[]
[]
[]
[]
[]
[]
[]
[]
[]
[]
[]
[]
[]
[]
[]
[]
[]
[]
[]
[]
[]
[]
[]
[]
[]
[]
[]
[]
[]
[]
[]
[]
[]
[]
[]
[]
[]
[]
[]
[]
[]
[]
[]
[]
[]
[]
[]
[]
[]
[]
[]
[]
[]
[]
[]
[]
[]
[]
[]
[]
[]
[]
[]
[]
[]
[]
[]
[]
[]
[]
[]
[]
[]
[]
[]
[]
[]
[]
[]
[]
[]
[]
[]
[]
[]
[]
[]
[]
[]
[]
[]
[]
[]
[]
[]
[]
[]
[]
[]
[]
[]
[]
[]
[]
[]
[]
[]
[]
[]
[]
[]
[]
[]
[]
[]
[]
[]
[]
[]
[]
[]
[]
[]
[]
[]
[]
[]
[]
[]
[]
[]
[]
[]
[]
[]
[]
[]
[]
[]
[]
[]
[]
[]
[]
[]
[]
[]
[]
[]
[]
[]
[]
[]
[]
[]
[]
[]
[]
[]
[]
[]
[]
[]
[]
[]
[]
[]
[]
[]
[]
[]
[]
[]
[]
[]
[]
[]
[]
[]
[]
[]
[]
[]
[]
[]
[]
[]
[]
[]
[]
[]
[]
[]
[]
[]
[]
[]
[]
[]
[]
[]
[]
[]
[]
[]
[]
[]
[]
[]
[]
[]
[]
[]
[]
[]
[]
[]
[]
[]
[]
[]
[]
[]
[]
[]
[]
[]
[]
[]
[]
[]
[]
[]
[]
[]
[]
[]
[]
[]
[]
[]
[]
[]
[]
[]
[]
[]
[]
[]
[]
[]
[]
[]
[]
[]
[]
[]
[]
[]
[]
[]
[]
[]
[]
[]
[]
[]
[]
[]
[]
[]
[]
[]
[]
[]
[]
[]
[]
[]
[]
[]
[]
[]
[]
[]
[]
[]
[]
[]
[]
[]
[]
[]
[]
[]
[]
[]
[]
[]
[]
[]
[]
[]
[]
[]
[]
[]
[]
[]
[]
[]
[]
[]
[]
[]
[]
[]
[]
[]
[]
[]
[]
[]
[]
[]
[]
[]
[]
[]
[]
[]
[]
[]
[]
[]
[]
[]
[]
[]
[]
[]
[]
[]
[]
[]
[]
[]
[]
[]
[]
[]
[]
[]
[]
[]
[]
[]
[]
[]
[]
[]
[]
[]
[]
[]
[]
[]
[]
[]
[]
[]
[]
[]
[]
[]
[]
[]
[]
[]
[]
[]
[]
[]
[]
[]
[]
[]
[]
[]
[]
[]
[]
[]
[]
[]
[]
[]
[]
[]
[]
[]
[]
[]
[]
[]
[]
[]
[]
[]
[]
[]
[]
[]
[]
[]
[]
[]
[]
[]
[]
[]
[]
[]
[]
[]
[]
[]
[]
[]
[]
[]
[]
[]
[]
[]
[]
[]
[]
[]
[]
[]
[]
[]
[]
[]
[]
[]
[]
[]
[]
[]
[]
[]
[]
[]
[]
[]
[]
[]
[]
[]
[]
[]
[]
[]
[]
[]
[]
[]
[]
[]
[]
[]
[]
[]
[]
[]
[]
[]
[]
[]
[]
[]
[]
[]
[]
[]
[]
[]
[]
[]
[]
[]
[]
[]
[]
[]
[]
[]
[]
[]
[]
[]
[]
[]
[]
[]
[]
[]
[]
[]
[]
[]
[]
[]
[]
[]
[]
[]
[]
[]
[]
[]
[]
[]
[]
[]
[]
[]
[]
[]
[]
[]
[]
[]
[]
[]
[]
[]
[]
[]
[]
[]
[]
[]
[]
[]
[]
[]
[]
[]
[]
[]
[]
[]
[]
[]
[]
[]
[]
[]
[]
[]
[]
[]
[]
[]
[]
[]
[]
[]
[]
[]
[]
[]
[]
[]
[]
[]
[]
[]
[]
[]
[]
[]
[]
[]
[]
[]
[]
[]
[]
[]
[]
[]
[]
[]
[]
[]
[]
[]
[]
[]
[]
[]
[]
[]
[]
[]
[]
[]
[]
[]
[]
[]
[]
[]
[]
[]
[]
[]
[]
[]
[]
[]
[]
[]
[]
[]
[]
[]
[]
[]
[]
[]
[]
[]
[]
[]
[]
[]
[]
[]
[]
[]
[]
[]
[]
[]
[]
[]
[]
[]
[]
[]
[]
[]
[]
[]
[]
[]
[]
[]
[]
[]
[]
[]
[]
[]
[]
[]
[]
[]
[]
[]
[]
[]
[]
[]
[]
[]
[]
[]
[]
[]
[]
[]
[]
[]
[]
[]
[]
[]
[]
[]
[]
[]
[]
[]
[]
[]
[]
[]
[]
[]
[]
[]
[]
[]
[]
[]
[]
[]
[]
[]
[]
[]
[]
[]
[]
[]
[]
[]
[]
[]
[]
[]
[]
[]
[]
[]
[]
[]
[]
[]
[]
[]
[]
[]
[]
[]
[]
[]
[]
[]
[]
[]
[]
[]
[]
[]
[]
[]
[]
[]
[]
[]
[]
[]
[]
[]
[]
[]
[]
[]
[]
[]
[]
[]
[]
[]
[]
[]
[]
[]
[]
[]
[]
[]
[]
[]
[]
[]
[]
[]
[]
[]
[]
[]
[]
[]
[]
[]
[]
[]
[]
[]
[]
[]
[]
[]
[]
[]
[]
[]
[]
[]
[]
[]
[]
[]
[]
[]
[]
[]
[]
[]
[]
[]
[]
[]
[]
[]
[]
[]
[]
[]
[]
[]
[]
[]
[]
[]
[]
[]
[]
[]
[]
[]
[]
[]
[]
[]
[]
[]
[]
[]
[]
[]
[]
[]
[]
[]
[]
[]
[]
[]
[]
[]
[]
[]
[]
[]
[]
[]
[]
[]
[]
[]
[]
[]
[]
[]
[]
[]
[]
[]
[]
[]
[]
[]
[]
[]
[]
[]
[]
[]
[]
[]
[]
[]
[]
[]
[]
[]
[]
[]
[]
[]
[]
[]
[]
[]
[]
[]
[]
[]
[]
[]
[]
[]
[]
[]
[]
[]
[]
[]
[]
[]
[]
[]
[]
[]
[]
[]
[]
[]
[]
[]
[]
[]
[]
[]
[]
[]
[]
[]
[]
[]
[]
[]
[]
[]
[]
[]
[]
[]
[]
[]
[]
[]
[]
[]
[]
[]
[]
[]
[]
[]
[]
[]
[]
[]
[]
[]
[]
[]
[]
[]
[]
[]
[]
[]
[]
[]
[]
[]
[]
[]
[]
[]
[]
[]
[]
[]
[]
[]
[]
[]
[]
[]
[]
[]
[]
[]
[]
[]
[]
[]
[]
[]
[]
[]
[]
[]
[]
[]
[]
[]
[]
[]
[]
[]
[]
[]
[]
[]
[]
[]
[]
[]
[]
[]
[]
[]
[]
[]
[]
[]
[]
[]
[]
[]
[]
[]
[]
[]
[]
[]
[]
[]
[]
[]
[]
[]
[]
[]
[]
[]
[]
[]
[]
[]
[]
[]
[]
[]
[]
[]
[]
[]
[]
[]
[]
[]
[]
[]
[]
[]
[]
[]
[]
[]
[]
[]
[]
[]
[]
[]
[]
[]
[]
[]
[]
[]
[]
[]
[]
[]
[]
[]
[]
[]
[]
[]
[]
[]
[]
[]
[]
[]
[]
[]
[]
[]
[]
[]
[]
[]
[]
[]
[]
[]
[]
[]
[]
[]
[]
[]
[]
[]
[]
[]
[]
[]
[]
[]
[]
[]
[]
[]
[]
[]
[]
[]
[]
[]
[]
[]
[]
[]
[]
[]
[]
[]
[]
[]
[]
[]
[]
[]
[]
[]
[]
[]
[]
[]
[]
[]
[]
[]
[]
[]
[]
[]
[]
[]
[]
[]
[]
[]
[]
[]
[]
[]
[]
[]
[]
[]
[]
[]
[]
[]
[]
[]
[]
[]
[]
[]
[]
[]
[]
[]
[]
[]
[]
[]
[]
[]
[]
[]
[]
[]
[]
[]
[]
[]
[]
[]
[]
[]
[]
[]
[]
[]
[]
[]
[]
[]
[]
[]
[]
[]
[]
[]
[]
[]
[]
[]
[]
[]
[]
[]
[]
[]
[]
[]
[]
[]
[]
[]
[]
[]
[]
[]
[]
[]
[]
[]
[]
[]
[]
[]
[]
[]
[]
[]
[]
[]
[]
[]
[]
[]
[]
[]
[]
[]
[]
[]
[]
[]
[]
[]
[]
[]
[]
[]
[]
[]
[]
[]
[]
[]
[]
[]
[]
[]
[]
[]
[]
[]
[]
[]
[]
[]
[]
[]
[]
[]
[]
[]
[]
[]
[]
[]
[]
[]
[]
[]
[]
[]
[]
[]
[]
[]
[]
[]
[]
[]
[]
[]
[]
[]
[]
[]
[]
[]
[]
[]
[]
[]
[]
[]
[]
[]
[]
[]
[]
[]
[]
[]
[]
[]
[]
[]
[]
[]
[]
[]
[]
[]
[]
[]
[]
[]
[]
[]
[]
[]
[]
[]
[]
[]
[]
[]
[]
[]
[]
[]
[]
[]
[]
[]
[]
[]
[]
[]
[]
[]
[]
[]
[]
[]
[]
[]
[]
[]
[]
[]
[]
[]
[]
[]
[]
[]
[]
[]
[]
[]
[]
[]
[]
[]
[]
[]
[]
[]
[]
[]
[]
[]
[]
[]
[]
[]
[]
[]
[]
[]
[]
[]
[]
[]
[]
[]
[]
[]
[]
[]
[]
[]
[]
[]
[]
[]
[]
[]
[]
[]
[]
[]
[]
[]
[]
[]
[]
[]
[]
[]
[]
[]
[]
[]
[]
[]
[]
[]
[]
[]
[]
[]
[]
[]
[]
[]
[]
[]
[]
[]
[]
[]
[]
[]
[]
[]
[]
[]
[]
[]
[]
[]
[]
[]
[]
[]
[]
[]
[]
[]
[]
[]
[]
[]
[]
[]
[]
[]
[]
[]
[]
[]
[]
[]
[]
[]
[]
[]
[]
[]
[]
[]
[]
[]
[]
[]
[]
[]
[]
[]
[]
[]
[]
[]
[]
[]
[]
[]
[]
[]
[]
[]
[]
[]
[]
[]
[]
[]
[]
[]
[]
[]
[]
[]
[]
[]
[]
[]
[]
[]
[]
[]
[]
[]
[]
[]
[]
[]
[]
[]
[]
[]
[]
[]
[]
[]
[]
[]
[]
[]
[]
[]
[]
[]
[]
[]
[]
[]
[]
[]
[]
[]
[]
[]
[]
[]
[]
[]
[]
[]
[]
[]
[]
[]
[]
[]
[]
[]
[]
[]
[]
[]
[]
[]
[]
[]
[]
[]
[]
[]
[]
[]
[]
[]
[]
[]
[]
[]
[]
[]
[]
[]
[]
[]
[]
[]
[]
[]
[]
[]
[]
[]
[]
[]
[]
[]
[]
[]
[]
[]
[]
[]
[]
[]
[]
[]
[]
[]
[]
[]
[]
[]
[]
[]
[]
[]
[]
[]
[]
[]
[]
[]
[]
[]
[]
[]
[]
[]
[]
[]
[]
[]
[]
[]
[]
[]
[]
[]
[]
[]
[]
[]
[]
[]
[]
[]
[]
[]
[]
[]
[]
[]
[]
[]
[]
[]
[]
[]
[]
[]
[]
[]
[]
[]
[]
[]
[]
[]
[]
[]
[]
[]
[]
[]
[]
[]
[]
[]
[]
[]
[]
[]
[]
[]
[]
[]
[]
[]
[]
[]
[]
[]
[]
[]
[]
[]
[]
[]
[]
[]
[]
[]
[]
[]
[]
[]
[]
[]
[]
[]
[]
[]
[]
[]
[]
[]
[]
[]
[]
[]
[]
[]
[]
[]
[]
[]
[]
[]
[]
[]
[]
[]
[]
[]
[]
[]
[]
[]
[]
[]
[]
[]
[]
[]
[]
[]
[]
[]
[]
[]
[]
[]
[]
[]
[]
[]
[]
[]
[]
[]
[]
[]
[]
[]
[]
[]
[]
[]
[]
[]
[]
[]
[]
[]
[]
[]
[]
[]
[]
[]
[]
[]
[]
[]
[]
[]
[]
[]
[]
[]
[]
[]
[]
[]
[]
[]
[]
[]
[]
[]
[]
[]
[]
[]
[]
[]
[]
[]
[]
[]
[]
[]
[]
[]
[]
[]
[]
[]
[]
[]
[]
[]
[]
[]
[]
[]
[]
[]
[]
[]
[]
[]
[]
[]
[]
[]
[]
[]
[]
[]
[]
[]
[]
[]
[]
[]
[]
[]
[]
[]
[]
[]
[]
[]
[]
[]
[]
[]
[]
[]
[]
[]
[]
[]
[]
[]
[]
[]
[]
[]
[]
[]
[]
[]
[]
[]
[]
[]
[]
[]
[]
[]
[]
[]
[]
[]
[]
[]
[]
[]
[]
[]
[]
[]
[]
[]
[]
[]
[]
[]
[]
[]
[]
[]
[]
[]
[]
[]
[]
[]
[]
[]
[]
[]
[]
[]
[]
[]
[]
[]
[]
[]
[]
[]
[]
[]
[]
[]
[]
[]
[]
[]
[]
[]
[]
[]
[]
[]
[]
[]
[]
[]
[]
[]
[]
[]
[]
[]
[]
[]
[]
[]
[]
[]
[]
[]
[]
[]
[]
[]
[]
[]
[]
[]
[]
[]
[]
[]
[]
[]
[]
[]
[]
[]
[]
[]
[]
[]
[]
[]
[]
[]
[]
[]
[]
[]
[]
[]
[]
[]
[]
[]
[]
[]
[]
[]
[]
[]
[]
[]
[]
[]
[]
[]
[]
[]
[]
[]
[]
[]
[]
[]
[]
[]
[]
[]
[]
[]
[]
[]
[]
[]
[]
[]
[]
[]
[]
[]
[]
[]
[]
[]
[]
[]
[]
[]
[]
[]
[]
[]
[]
[]
[]
[]
[]
[]
[]
[]
[]
[]
[]
[]
[]
[]
[]
[]
[]
[]
[]
[]
[]
[]
[]
[]
[]
[]
[]
[]
[]
[]
[]
[]
[]
[]
[]
[]
[]
[]
[]
[]
[]
[]
[]
[]
[]
[]
[]
[]
[]
[]
[]
[]
[]
[]
[]
[]
[]
[]
[]
[]
[]
[]
[]
[]
[]
[]
[]
[]
[]
[]
[]
[]
[]
[]
[]
[]
[]
[]
[]
[]
[]
[]
[]
[]
[]
[]
[]
[]
[]
[]
[]
[]
[]
[]
[]
[]
[]
[]
[]
[]
[]
[]
[]
[]
[]
[]
[]
[]
[]
[]
[]
[]
[]
[]
[]
[]
[]
[]
[]
[]
[]
[]
[]
[]
[]
[]
[]
[]
[]
[]
[]
[]
[]
[]
[]
[]
[]
[]
[]
[]
[]
[]
[]
[]
[]
[]
[]
[]
[]
[]
[]
[]
[]
[]
[]
[]
[]
[]
[]
[]
[]
[]
[]
[]
[]
[]
[]
[]
[]
[]
[]
[]
[]
[]
[]
[]
[]
[]
[]
[]
[]
[]
[]
[]
[]
[]
[]
[]
[]
[]
[]
[]
[]
[]
[]
[]
[]
[]
[]
[]
[]
[]
[]
[]
[]
[]
[]
[]
[]
[]
[]
[]
[]
[]
[]
[]
[]
[]
[]
[]
[]
[]
[]
[]
[]
[]
[]
[]
[]
[]
[]
[]
[]
[]
[]
[]
[]
[]
[]
[]
[]
[]
[]
[]
[]
[]
[]
[]
[]
[]
[]
[]
[]
[]
[]
[]
[]
[]
[]
[]
[]
[]
[]
[]
[]
[]
[]
[]
[]
[]
[]
[]
[]
[]
[]
[]
[]
[]
[]
[]
[]
[]
[]
[]
[]
[]
[]
[]
[]
[]
[]
[]
[]
[]
[]
[]
[]
[]
[]
[]
[]
[]
[]
[]
[]
[]
[]
[]
[]
[]
[]
[]
[]
[]
[]
[]
[]
[]
[]
[]
[]
[]
[]
[]
[]
[]
[]
[]
[]
[]
[]
[]
[]
[]
[]
[]
[]
[]
[]
[]
[]
[]
[]
[]
[]
[]
[]
[]
[]
[]
[]
[]
[]
[]
[]
[]
[]
[]
[]
[]
[]
[]
[]
[]
[]
[]
[]
[]
[]
[]
[]
[]
[]
[]
[]
[]
[]
[]
[]
[]
[]
[]
[]
[]
[]
[]
[]
[]
[]
[]
[]
[]
[]
[]
[]
[]
[]
[]
[]
[]
[]
[]
[]
[]
[]
[]
[]
[]
[]
[]
[]
[]
[]
[]
[]
[]
[]
[]
[]
[]
[]
[]
[]
[]
[]
[]
[]
[]
[]
[]
[]
[]
[]
[]
[]
[]
[]
[]
[]
[]
[]
[]
[]
[]
[]
[]
[]
[]
[]
[]
[]
[]
[]
[]
[]
[]
[]
[]
[]
[]
[]
[]
[]
[]
[]
[]
[]
[]
[]
[]
[]
[]
[]
[]
[]
[]
[]
[]
[]
[]
[]
[]
[]
[]
[]
[]
[]
[]
[]
[]
[]
[]
[]
[]
[]
[]
[]
[]
[]
[]
[]
[]
[]
[]
[]
[]
[]
[]
[]
[]
[]
[]
[]
[]
[]
[]
[]
[]
[]
[]
[]
[]
[]
[]
[]
[]
[]
[]
[]
[]
[]
[]
[]
[]
[]
[]
[]
[]
[]
[]
[]
[]
[]
[]
[]
[]
[]
[]
[]
[]
[]
[]
[]
[]
[]
[]
[]
[]
[]
[]
[]
[]
[]
[]
[]
[]
[]
[]
[]
[]
[]
[]
[]
[]
[]
[]
[]
[]
[]
[]
[]
[]
[]
[]
[]
[]
[]
[]
[]
[]
[]
[]
[]
[]
[]
[]
[]
[]
[]
[]
[]
[]
[]
[]
[]
[]
[]
[]
[]
[]
[]
[]
[]
[]
[]
[]
[]
[]
[]
[]
[]
[]
[]
[]
[]
[]
[]
[]
[]
[]
[]
[]
[]
[]
[]
[]
[]
[]
[]
[]
[]
[]
[]
[]
[]
[]
[]
[]
[]
[]
[]
[]
[]
[]
[]
[]
[]
[]
[]
[]
[]
[]
[]
[]
[]
[]
[]
[]
[]
[]
[]
[]
[]
[]
[]
[]
[]
[]
[]
[]
[]
[]
[]
[]
[]
[]
[]
[]
[]
[]
[]
[]
[]
[]
[]
[]
[]
[]
[]
[]
[]
[]
[]
[]
[]
[]
[]
[]
[]
[]
[]
[]
[]
[]
[]
[]
[]
[]
[]
[]
[]
[]
[]
[]
[]
[]
[]
[]
[]
[]
[]
[]
[]
[]
[]
[]
[]
[]
[]
[]
[]
[]
[]
[]
[]
[]
[]
[]
[]
[]
[]
[]
[]
[]
[]
[]
[]
[]
[]
[]
[]
[]
[]
[]
[]
[]
[]
[]
[]
[]
[]
[]
[]
[]
[]
[]
[]
[]
[]
[]
[]
[]
[]
[]
[]
[]
[]
[]
[]
[]
[]
[]
[]
[]
[]
[]
[]
[]
[]
[]
[]
[]
[]
[]
[]
[]
[]
[]
[]
[]
[]
[]
[]
[]
[]
[]
[]
[]
[]
[]
[]
[]
[]
[]
[]
[]
[]
[]
[]
[]
[]
[]
[]
[]
[]
[]
[]
[]
[]
[]
[]
[]
[]
[]
[]
[]
[]
[]
[]
[]
[]
[]
[]
[]
[]
[]
[]
[]
[]
[]
[]
[]
[]
[]
[]
[]
[]
[]
[]
[]
[]
[]
[]
[]
[]
[]
[]
[]
[]
[]
[]
[]
[]
[]
[]
[]
[]
[]
[]
[]
[]
[]
[]
[]
[]
[]
[]
[]
[]
[]
[]
[]
[]
[]
[]
[]
[]
[]
[]
[]
[]
[]
[]
[]
[]
[]
[]
[]
[]
[]
[]
[]
[]
[]
[]
[]
[]
[]
[]
[]
[]
[]
[]
[]
[]
[]
[]
[]
[]
[]
[]
[]
[]
[]
[]
[]
[]
[]
[]
[]
[]
[]
[]
[]
[]
[]
[]
[]
[]
[]
[]
[]
[]
[]
[]
[]
[]
[]
[]
[]
[]
[]
[]
[]
[]
[]
[]
[]
[]
[]
[]
[]
[]
[]
[]
[]
[]
[]
[]
[]
[]
[]
[]
[]
[]
[]
[]
[]
[]
[]
[]
[]
[]
[]
[]
[]
[]
[]
[]
[]
[]
[]
[]
[]
[]
[]
[]
[]
[]
[]
[]
[]
[]
[]
[]
[]
[]
[]
[]
[]
[]
[]
[]
[]
[]
[]
[]
[]
[]
[]
[]
[]
[]
[]
[]
[]
[]
[]
[]
[]
[]
[]
[]
[]
[]
[]
[]
[]
[]
[]
[]
[]
[]
[]
[]
[]
[]
[]
[]
[]
[]
[]
[]
[]
[]
[]
[]
[]
[]
[]
[]
[]
[]
[]
[]
[]
[]
[]
[]
[]
[]
[]
[]
[]
[]
[]
[]
[]
[]
[]
[]
[]
[]
[]
[]
[]
[]
[]
[]
[]
[]
[]
[]
[]
[]
[]
[]
[]
[]
[]
[]
[]
[]
[]
[]
[]
[]
[]
[]
[]
[]
[]
[]
[]
[]
[]
[]
[]
[]
[]
[]
[]
[]
[]
[]
[]
[]
[]
[]
[]
[]
[]
[]
[]
[]
[]
[]
[]
[]
[]
[]
[]
[]
[]
[]
[]
[]
[]
[]
[]
[]
[]
[]
[]
[]
[]
[]
[]
[]
[]
[]
[]
[]
[]
[]
[]
[]
[]
[]
[]
[]
[]
[]
[]
[]
[]
[]
[]
[]
[]
[]
[]
[]
[]
[]
[]
[]
[]
[]
[]
[]
[]
[]
[]
[]
[]
[]
[]
[]
[]
[]
[]
[]
[]
[]
[]
[]
[]
[]
[]
[]
[]
[]
[]
[]
[]
[]
[]
[]
[]
[]
[]
[]
[]
[]
[]
[]
[]
[]
[]
[]
[]
[]
[]
[]
[]
[]
[]
[]
[]
[]
[]
[]
[]
[]
[]
[]
[]
[]
[]
[]
[]
[]
[]
[]
[]
[]
[]
[]
[]
[]
[]
[]
[]
[]
[]
[]
[]
[]
[]
[]
[]
[]
[]
[]
[]
[]
[]
[]
[]
[]
[]
[]
[]
[]
[]
[]
[]
[]
[]
[]
[]
[]
[]
[]
[]
[]
[]
[]
[]
[]
[]
[]
[]
[]
[]
[]
[]
[]
[]
[]
[]
[]
[]
[]
[]
[]
[]
[]
[]
[]
[]
[]
[]
[]
[]
[]
[]
[]
[]
[]
[]
[]
[]
[]
[]
[]
[]
[]
[]
[]
[]
[]
[]
[]
[]
[]
[]
[]
[]
[]
[]
[]
[]
[]
[]
[]
[]
[]
[]
[]
[]
[]
[]
[]
[]
[]
[]
[]
[]
[]
[]
[]
[]
[]
[]
[]
[]
[]
[]
[]
[]
[]
[]
[]
[]
[]
[]
[]
[]
[]
[]
[]
[]
[]
[]
[]
[]
[]
[]
[]
[]
[]
[]
[]
[]
[]
[]
[]
[]
[]
[]
[]
[]
[]
[]
[]
[]
[]
[]
[]
[]
[]
[]
[]
[]
[]
[]
[]
[]
[]
[]
[]
[]
[]
[]
[]
[]
[]
[]
[]
[]
[]
[]
[]
[]
[]
[]
[]
[]
[]
[]
[]
[]
[]
[]
[]
[]
[]
[]
[]
[]
[]
[]
[]
[]
[]
[]
[]
[]
[]
[]
[]
[]
[]
[]
[]
[]
[]
[]
[]
[]
[]
[]
[]
[]
[]
[]
[]
[]
[]
[]
[]
[]
[]
[]
[]
[]
[]
[]
[]
[]
[]
[]
[]
[]
[]
[]
[]
[]
[]
[]
[]
[]
[]
[]
[]
[]
[]
[]
[]
[]
[]
[]
[]
[]
[]
[]
[]
[]
[]
[]
[]
[]
[]
[]
[]
[]
[]
[]
[]
[]
[]
[]
[]
[]
[]
[]
[]
[]
[]
[]
[]
[]
[]
[]
[]
[]
[]
[]
[]
[]
[]
[]
[]
[]
[]
[]
[]
[]
[]
[]
[]
[]
[]
[]
[]
[]
[]
[]
[]
[]
[]
[]
[]
[]
[]
[]
[]
[]
[]
[]
[]
[]
[]
[]
[]
[]
[]
[]
[]
[]
[]
[]
[]
[]
[]
[]
[]
[]
[]
[]
[]
[]
[]
[]
[]
[]
[]
[]
[]
[]
[]
[]
[]
[]
[]
[]
[]
[]
[]
[]
[]
[]
[]
[]
[]
[]
[]
[]
[]
[]
[]
[]
[]
[]
[]
[]
[]
[]
[]
[]
[]
[]
[]
[]
[]
[]
[]
[]
[]
[]
[]
[]
[]
[]
[]
[]
[]
[]
[]
[]
[]
[]
[]
[]
[]
[]
[]
[]
[]
[]
[]
[]
[]
[]
[]
[]
[]
[]
[]
[]
[]
[]
[]
[]
[]
[]
[]
[]
[]
[]
[]
[]
[]
[]
[]
[]
[]
[]
[]
[]
[]
[]
[]
[]
[]
[]
[]
[]
[]
[]
[]
[]
[]
[]
[]
[]
[]
[]
[]
[]
[]
[]
[]
[]
[]
[]
[]
[]
[]
[]
[]
[]
[]
[]
[]
[]
[]
[]
[]
[]
[]
[]
[]
[]
[]
[]
[]
[]
[]
[]
[]
[]
[]
[]
[]
[]
[]
[]
[]
[]
[]
[]
[]
[]
[]
[]
[]
[]
[]
[]
[]
[]
[]
[]
[]
[]
[]
[]
[]
[]
[]
[]
[]
[]
[]
[]
[]
[]
[]
[]
[]
[]
[]
[]
[]
[]
[]
[]
[]
[]
[]
[]
[]
[]
[]
[]
[]
[]
[]
[]
[]
[]
[]
[]
[]
[]
[]
[]
[]
[]
[]
[]
[]
[]
[]
[]
[]
[]
[]
[]
[]
[]
[]
[]
[]
[]
[]
[]
[]
[]
[]
[]
[]
[]
[]
[]
[]
[]
[]
[]
[]
[]
[]
[]
[]
[]
[]
[]
[]
[]
[]
[]
[]
[]
[]
[]
[]
[]
[]
[]
[]
[]
[]
[]
[]
[]
[]
[]
[]
[]
[]
[]
[]
[]
[]
[]
[]
[]
[]
[]
[]
[]
[]
[]
[]
[]
[]
[]
[]
[]
[]
[]
[]
[]
[]
[]
[]
[]
[]
[]
[]
[]
[]
[]
[]
[]
[]
[]
[]
[]
[]
[]
[]
[]
[]
[]
[]
[]
[]
[]
[]
[]
[]
[]
[]
[]
[]
[]
[]
[]
[]
[]
[]
[]
[]
[]
[]
[]
[]
[]
[]
[]
[]
[]
[]
[]
[]
[]
[]
[]
[]
[]
[]
[]
[]
[]
[]
[]
[]
[]
[]
[]
[]
[]
[]
[]
[]
[]
[]
[]
[]
[]
[]
[]
[]
[]
[]
[]
[]
[]
[]
[]
[]
[]
[]
[]
[]
[]
[]
[]
[]
[]
[]
[]
[]
[]
[]
[]
[]
[]
[]
[]
[]
[]
[]
[]
[]
[]
[]
[]
[]
[]
[]
[]
[]
[]
[]
[]
[]
[]
[]
[]
[]
[]
[]
[]
[]
[]
[]
[]
[]
[]
[]
[]
[]
[]
[]
[]
[]
[]
[]
[]
[]
[]
[]
[]
[]
[]
[]
[]
[]
[]
[]
[]
[]
[]
[]
[]
[]
[]
[]
[]
[]
[]
[]
[]
[]
[]
[]
[]
[]
[]
[]
[]
[]
[]
[]
[]
[]
[]
[]
[]
[]
[]
[]
[]
[]
[]
[]
[]
[]
[]
[]
[]
[]
[]
[]
[]
[]
[]
[]
[]
[]
[]
[]
[]
[]
[]
[]
[]
[]
[]
[]
[]
[]
[]
[]
[]
[]
[]
[]
[]
[]
[]
[]
[]
[]
[]
[]
[]
[]
[]
[]
[]
[]
[]
[]
[]
[]
[]
[]
[]
[]
[]
[]
[]
[]
[]
[]
[]
[]
[]
[]
[]
[]
[]
[]
[]
[]
[]
[]
[]
[]
[]
[]
[]
[]
[]
[]
[]
[]
[]
[]
[]
[]
[]
[]
[]
[]
[]
[]
[]
[]
[]
[]
[]
[]
[]
[]
[]
[]
[]
[]
[]
[]
[]
[]
[]
[]
[]
[]
[]
[]
[]
[]
[]
[]
[]
[]
[]
[]
[]
[]
[]
[]
[]
[]
[]
[]
[]
[]
[]
[]
[]
[]
[]
[]
[]
[]
[]
[]
[]
[]
[]
[]
[]
[]
[]
[]
[]
[]
[]
[]
[]
[]
[]
[]
[]
[]
[]
[]
[]
[]
[]
[]
[]
[]
[]
[]
[]
[]
[]
[]
[]
[]
[]
[]
[]
[]
[]
[]
[]
[]
[]
[]
[]
[]
[]
[]
[]
[]
[]
[]
[]
[]
[]
[]
[]
[]
[]
[]
[]
[]
[]
[]
[]
[]
[]
[]
[]
[]
[]
[]
[]
[]
[]
[]
[]
[]
[]
[]
[]
[]
[]
[]
[]
[]
[]
[]
[]
[]
[]
[]
[]
[]
[]
[]
[]
[]
[]
[]
[]
[]
[]
[]
[]
[]
[]
[]
[]
[]
[]
[]
[]
[]
[]
[]
[]
[]
[]
[]
[]
[]
[]
[]
[]
[]
[]
[]
[]
[]
[]
[]
[]
[]
[]
[]
[]
[]
[]
[]
[]
[]
[]
[]
[]
[]
[]
[]
[]
[]
[]
[]
[]
[]
[]
[]
[]
[]
[]
[]
[]
[]
[]
[]
[]
[]
[]
[]
[]
[]
[]
[]
[]
[]
[]
[]
[]
[]
[]
[]
[]
[]
[]
[]
[]
[]
[]
[]
[]
[]
[]
[]
[]
[]
[]
[]
[]
[]
[]
[]
[]
[]
[]
[]
[]
[]
[]
[]
[]
[]
[]
[]
[]
[]
[]
[]
[]
[]
[]
[]
[]
[]
[]
[]
[]
[]
[]
[]
[]
[]
[]
[]
[]
[]
[]
[]
[]
[]
[]
[]
[]
[]
[]
[]
[]
[]
[]
[]
[]
[]
[]
[]
[]
[]
[]
[]
[]
[]
[]
[]
[]
[]
[]
[]
[]
[]
[]
[]
[]
[]
[]
[]
[]
[]
[]
[]
[]
[]
[]
[]
[]
[]
[]
[]
[]
[]
[]
[]
[]
[]
[]
[]
[]
[]
[]
[]
[]
[]
[]
[]
[]
[]
[]
[]
[]
[]
[]
[]
[]
[]
[]
[]
[]
[]
[]
[]
[]
[]
[]
[]
[]
[]
[]
[]
[]
[]
[]
[]
[]
[]
[]
[]
[]
[]
[]
[]
[]
[]
[]
[]
[]
[]
[]
[]
[]
[]
[]
[]
[]
[]
[]
[]
[]
[]
[]
[]
[]
[]
[]
[]
[]
[]
[]
[]
[]
[]
[]
[]
[]
[]
[]
[]
[]
[]
[]
[]
[]
[]
[]
[]
[]
[]
[]
[]
[]
[]
[]
[]
[]
[]
[]
[]
[]
[]
[]
[]
[]
[]
[]
[]
[]
[]
[]
[]
[]
[]
[]
[]
[]
[]
[]
[]
[]
[]
[]
[]
[]
[]
[]
[]
[]
[]
[]
[]
[]
[]
[]
[]
[]
[]
[]
[]
[]
[]
[]
[]
[]
[]
[]
[]
[]
[]
[]
[]
[]
[]
[]
[]
[]
[]
[]
[]
[]
[]
[]
[]
[]
[]
[]
[]
[]
[]
[]
[]
[]
[]
[]
[]
[]
[]
[]
[]
[]
[]
[]
[]
[]
[]
[]
[]
[]
[]
[]
[]
[]
[]
[]
[]
[]
[]
[]
[]
[]
[]
[]
[]
[]
[]
[]
[]
[]
[]
[]
[]
[]
[]
[]
[]
[]
[]
[]
[]
[]
[]
[]
[]
[]
[]
[]
[]
[]
[]
[]
[]
[]
[]
[]
[]
[]
[]
[]
[]
[]
[]
[]
[]
[]
[]
[]
[]
[]
[]
[]
[]
[]
[]
[]
[]
[]
[]
[]
[]
[]
[]
[]
[]
[]
[]
[]
[]
[]
[]
[]
[]
[]
[]
[]
[]
[]
[]
[]
[]
[]
[]
[]
[]
[]
[]
[]
[]
[]
[]
[]
[]
[]
[]
[]
[]
[]
[]
[]
[]
[]
[]
[]
[]
[]
[]
[]
[]
[]
[]
[]
[]
[]
[]
[]
[]
[]
[]
[]
[]
[]
[]
[]
[]
[]
[]
[]
[]
[]
[]
[]
[]
[]
[]
[]
[]
[]
[]
[]
[]
[]
[]
[]
[]
[]
[]
[]
[]
[]
[]
[]
[]
[]
[]
[]
[]
[]
[]
[]
[]
[]
[]
[]
[]
[]
[]
[]
[]
[]
[]
[]
[]
[]
[]
[]
[]
[]
[]
[]
[]
[]
[]
[]
[]
[]
[]
[]
[]
[]
[]
[]
[]
[]
[]
[]
[]
[]
[]
[]
[]
[]
[]
[]
[]
[]
[]
[]
[]
[]
[]
[]
[]
[]
[]
[]
[]
[]
[]
[]
[]
[]
[]
[]
[]
[]
[]
[]
[]
[]
[]
[]
[]
[]
[]
[]
[]
[]
[]
[]
[]
[]
[]
[]
[]
[]
[]
[]
[]
[]
[]
[]
[]
[]
[]
[]
[]
[]
[]
[]
[]
[]
[]
[]
[]
[]
[]
[]
[]
[]
[]
[]
[]
[]
[]
[]
[]
[]
[]
[]
[]
[]
[]
[]
[]
[]
[]
[]
[]
[]
[]
[]
[]
[]
[]
[]
[]
[]
[]
[]
[]
[]
[]
[]
[]
[]
[]
[]
[]
[]
[]
[]
[]
[]
[]
[]
[]
[]
[]
[]
[]
[]
[]
[]
[]
[]
[]
[]
[]
[]
[]
[]
[]
[]
[]
[]
[]
[]
[]
[]
[]
[]
[]
[]
[]
[]
[]
[]
[]
[]
[]
[]
[]
[]
[]
[]
[]
[]
[]
[]
[]
[]
[]
[]
[]
[]
[]
[]
[]
[]
[]
[]
[]
[]
[]
[]
[]
[]
[]
[]
[]
[]
[]
[]
[]
[]
[]
[]
[]
[]
[]
[]
[]
[]
[]
[]
[]
[]
[]
[]
[]
[]
[]
[]
[]
[]
[]
[]
[]
[]
[]
[]
[]
[]
[]
[]
[]
[]
[]
[]
[]
[]
[]
[]
[]
[]
[]
[]
[]
[]
[]
[]
[]
[]
[]
[]
[]
[]
[]
[]
[]
[]
[]
[]
[]
[]
[]
[]
[]
[]
[]
[]
[]
[]
[]
[]
[]
[]
[]
[]
[]
[]
[]
[]
[]
[]
[]
[]
[]
[]
[]
[]
[]
[]
[]
[]
[]
[]
[]
[]
[]
[]
[]
[]
[]
[]
[]
[]
[]
[]
[]
[]
[]
[]
[]
[]
[]
[]
[]
[]
[]
[]
[]
[]
[]
[]
[]
[]
[]
[]
[]
[]
[]
[]
[]
[]
[]
[]
[]
[]
[]
[]
[]
[]
[]
[]
[]
[]
[]
[]
[]
[]
[]
[]
[]
[]
[]
[]
[]
[]
[]
[]
[]
[]
[]
[]
[]
[]
[]
[]
[]
[]
[]
[]
[]
[]
[]
[]
[]
[]
[]
[]
[]
[]
[]
[]
[]
[]
[]
[]
[]
[]
[]
[]
[]
[]
[]
[]
[]
[]
[]
[]
[]
[]
[]
[]
[]
[]
[]
[]
[]
[]
[]
[]
[]
[]
[]
[]
[]
[]
[]
[]
[]
[]
[]
[]
[]
[]
[]
[]
[]
[]
[]
[]
[]
[]
[]
[]
[]
[]
[]
[]
[]
[]
[]
[]
[]
[]
[]
[]
[]
[]
[]
[]
[]
[]
[]
[]
[]
[]
[]
[]
[]
[]
[]
[]
[]
[]
[]
[]
[]
[]
[]
[]
[]
[]
[]
[]
[]
[]
[]
[]
[]
[]
[]
[]
[]
[]
[]
[]
[]
[]
[]
[]
[]
[]
[]
[]
[]
[]
[]
[]
[]
[]
[]
[]
[]
[]
[]
[]
[]
[]
[]
[]
[]
[]
[]
[]
[]
[]
[]
[]
[]
[]
[]
[]
[]
[]
[]
[]
[]
[]
[]
[]
[]
[]
[]
[]
[]
[]
[]
[]
[]
[]
[]
[]
[]
[]
[]
[]
[]
[]
[]
[]
[]
[]
[]
[]
[]
[]
[]
[]
[]
[]
[]
[]
[]
[]
[]
[]
[]
[]
[]
[]
[]
[]
[]
[]
[]
[]
[]
[]
[]
[]
[]
[]
[]
[]
[]
[]
[]
[]
[]
[]
[]
[]
[]
[]
[]
[]
[]
[]
[]
[]
[]
[]
[]
[]
[]
[]
[]
[]
[]
[]
[]
[]
[]
[]
[]
[]
[]
[]
[]
[]
[]
[]
[]
[]
[]
[]
[]
[]
[]
[]
[]
[]
[]
[]
[]
[]
[]
[]
[]
[]
[]
[]
[]
[]
[]
[]
[]
[]
[]
[]
[]
[]
[]
[]
[]
[]
[]
[]
[]
[]
[]
[]
[]
[]
[]
[]
[]
[]
[]
[]
[]
[]
[]
[]
[]
[]
[]
[]
[]
[]
[]
[]
[]
[]
[]
[]
[]
[]
[]
[]
[]
[]
[]
[]
[]
[]
[]
[]
[]
[]
[]
[]
[]
[]
[]
[]
[]
[]
[]
[]
[]
[]
[]
[]
[]
[]
[]
[]
[]
[]
[]
[]
[]
[]
[]
[]
[]
[]
[]
[]
[]
[]
[]
[]
[]
[]
[]
[]
[]
[]
[]
[]
[]
[]
[]
[]
[]
[]
[]
[]
[]
[]
[]
[]
[]
[]
[]
[]
[]
[]
[]
[]
[]
[]
[]
[]
[]
[]
[]
[]
[]
[]
[]
[]
[]
[]
[]
[]
[]
[]
[]
[]
[]
[]
[]
[]
[]
[]
[]
[]
[]
[]
[]
[]
[]
[]
[]
[]
[]
[]
[]
[]
[]
[]
[]
[]
[]
[]
[]
[]
[]
[]
[]
[]
[]
[]
[]
[]
[]
[]
[]
[]
[]
[]
[]
[]
[]
[]
[]
[]
[]
[]
[]
[]
[]
[]
[]
[]
[]
[]
[]
[]
[]
[]
[]
[]
[]
[]
[]
[]
[]
[]
[]
[]
[]
[]
[]
[]
[]
[]
[]
[]
[]
[]
[]
[]
[]
[]
[]
[]
[]
[]
[]
[]
[]
[]
[]
[]
[]
[]
[]
[]
[]
[]
[]
[]
[]
[]
[]
[]
[]
[]
[]
[]
[]
[]
[]
[]
[]
[]
[]
[]
[]
[]
[]
[]
[]
[]
[]
[]
[]
[]
[]
[]
[]
[]
[]
[]
[]
[]
[]
[]
[]
[]
[]
[]
[]
[]
[]
[]
[]
[]
[]
[]
[]
[]
[]
[]
[]
[]
[]
[]
[]
[]
[]
[]
[]
[]
[]
[]
[]
[]
[]
[]
[]
[]
[]
[]
[]
[]
[]
[]
[]
[]
[]
[]
[]
[]
[]
[]
[]
[]
[]
[]
[]
[]
[]
[]
[]
[]
[]
[]
[]
[]
[]
[]
[]
[]
[]
[]
[]
[]
[]
[]
[]
[]
[]
[]
[]
[]
[]
[]
[]
[]
[]
[]
[]
[]
[]
[]
[]
[]
[]
[]
[]
[]
[]
[]
[]
[]
[]
[]
[]
[]
[]
[]
[]
[]
[]
[]
[]
[]
[]
[]
[]
[]
[]
[]
[]
[]
[]
[]
[]
[]
[]
[]
[]
[]
[]
[]
[]
[]
[]
[]
[]
[]
[]
[]
[]
[]
[]
[]
[]
[]
[]
[]
[]
[]
[]
[]
[]
[]
[]
[]
[]
[]
[]
[]
[]
[]
[]
[]
[]
[]
[]
[]
[]
[]
[]
[]
[]
[]
[]
[]
[]
[]
[]
[]
[]
[]
[]
[]
[]
[]
[]
[]
[]
[]
[]
[]
[]
[]
[]
[]
[]
[]
[]
[]
[]
[]
[]
[]
[]
[]
[]
[]
[]
[]
[]
[]
[]
[]
[]
[]
[]
[]
[]
[]
[]
[]
[]
[]
[]
[]
[]
[]
[]
[]
[]
[]
[]
[]
[]
[]
[]
[]
[]
[]
[]
[]
[]
[]
[]
[]
[]
[]
[]
[]
[]
[]
[]
[]
[]
[]
[]
[]
[]
[]
[]
[]
[]
[]
[]
[]
[]
[]
[]
[]
[]
[]
[]
[]
[]
[]
[]
[]
[]
[]
[]
[]
[]
[]
[]
[]
[]
[]
[]
[]
[]
[]
[]
[]
[]
[]
[]
[]
[]
[]
[]
[]
[]
[]
[]
[]
[]
[]
[]
[]
[]
[]
[]
[]
[]
[]
[]
[]
[]
[]
[]
[]
[]
[]
[]
[]
[]
[]
[]
[]
[]
[]
[]
[]
[]
[]
[]
[]
[]
[]
[]
[]
[]
[]
[]
[]
[]
[]
[]
[]
[]
[]
[]
[]
[]
[]
[]
[]
[]
[]
[]
[]
[]
[]
[]
[]
[]
[]
[]
[]
[]
[]
[]
[]
[]
[]
[]
[]
[]
[]
[]
[]
[]
[]
[]
[]
[]
[]
[]
[]
[]
[]
[]
[]
[]
[]
[]
[]
[]
[]
[]
[]
[]
[]
[]
[]
[]
[]
[]
[]
[]
[]
[]
[]
[]
[]
[]
[]
[]
[]
[]
[]
[]
[]
[]
[]
[]
[]
[]
[]
[]
[]
[]
[]
[]
[]
[]
[]
[]
[]
[]
[]
[]
[]
[]
[]
[]
[]
[]
[]
[]
[]
[]
[]
[]
[]
[]
[]
[]
[]
[]
[]
[]
[]
[]
[]
[]
[]
[]
[]
[]
[]
[]
[]
[]
[]
[]
[]
[]
[]
[]
[]
[]
[]
[]
[]
[]
[]
[]
[]
[]
[]
[]
[]
[]
[]
[]
[]
[]
[]
[]
[]
[]
[]
[]
[]
[]
[]
[]
[]
[]
[]
[]
[]
[]
[]
[]
[]
[]
[]
[]
[]
[]
[]
[]
[]
[]
[]
[]
[]
[]
[]
[]
[]
[]
[]
[]
[]
[]
[]
[]
[]
[]
[]
[]
[]
[]
[]
[]
[]
[]
[]
[]
[]
[]
[]
[]
[]
[]
[]
[]
[]
[]
[]
[]
[]
[]
[]
[]
[]
[]
[]
[]
[]
[]
[]
[]
[]
[]
[]
[]
[]
[]
[]
[]
[]
[]
[]
[]
[]
[]
[]
[]
[]
[]
[]
[]
[]
[]
[]
[]
[]
[]
[]
[]
[]
[]
[]
[]
[]
[]
[]
[]
[]
[]
[]
[]
[]
[]
[]
[]
[]
[]
[]
[]
[]
[]
[]
[]
[]
[]
[]
[]
[]
[]
[]
[]
[]
[]
[]
[]
[]
[]
[]
[]
[]
[]
[]
[]
[]
[]
[]
[]
[]
[]
[]
[]
[]
[]
[]
[]
[]
[]
[]
[]
[]
[]
[]
[]
[]
[]
[]
[]
[]
[]
[]
[]
[]
[]
[]
[]
[]
[]
[]
[]
[]
[]
[]
[]
[]
[]
[]
[]
[]
[]
[]
[]
[]
[]
[]
[]
[]
[]
[]
[]
[]
[]
[]
[]
[]
[]
[]
[]
[]
[]
[]
[]
[]
[]
[]
[]
[]
[]
[]
[]
[]
[]
[]
[]
[]
[]
[]
[]
[]
[]
[]
[]
[]
[]
[]
[]
[]
[]
[]
[]
[]
[]
[]
[]
[]
[]
[]
[]
[]
[]
[]
[]
[]
[]
[]
[]
[]
[]
[]
[]
[]
[]
[]
[]
[]
[]
[]
[]
[]
[]
[]
[]
[]
[]
[]
[]
[]
[]
[]
[]
[]
[]
[]
[]
[]
[]
[]
[]
[]
[]
[]
[]
[]
[]
[]
[]
[]
[]
[]
[]
[]
[]
[]
[]
[]
[]
[]
[]
[]
[]
[]
[]
[]
[]
[]
[]
[]
[]
[]
[]
[]
[]
[]
[]
[]
[]
[]
[]
[]
[]
[]
[]
[]
[]
[]
[]
[]
[]
[]
[]
[]
[]
[]
[]
[]
[]
[]
[]
[]
[]
[]
[]
[]
[]
[]
[]
[]
[]
[]
[]
[]
[]
[]
[]
[]
[]
[]
[]
[]
[]
[]
[]
[]
[]
[]
[]
[]
[]
[]
[]
[]
[]
[]
[]
[]
[]
[]
[]
[]
[]
[]
[]
[]
[]
[]
[]
[]
[]
[]
[]
[]
[]
[]
[]
[]
[]
[]
[]
[]
[]
[]
[]
[]
[]
[]
[]
[]
[]
[]
[]
[]
[]
[]
[]
[]
[]
[]
[]
[]
[]
[]
[]
[]
[]
[]
[]
[]
[]
[]
[]
[]
[]
[]
[]
[]
[]
[]
[]
[]
[]
[]
[]
[]
[]
[]
[]
[]
[]
[]
[]
[]
[]
[]
[]
[]
[]
[]
[]
[]
[]
[]
[]
[]
[]
[]
[]
[]
[]
[]
[]
[]
[]
[]
[]
[]
[]
[]
[]
[]
[]
[]
[]
[]
[]
[]
[]
[]
[]
[]
[]
[]
[]
[]
[]
[]
[]
[]
[]
[]
[]
[]
[]
[]
[]
[]
[]
[]
[]
[]
[]
[]
[]
[]
[]
[]
[]
[]
[]
[]
[]
[]
[]
[]
[]
[]
[]
[]
[]
[]
[]
[]
[]
[]
[]
[]
[]
[]
[]
[]
[]
[]
[]
[]
[]
[]
[]
[]
[]
[]
[]
[]
[]
[]
[]
[]
[]
[]
[]
[]
[]
[]
[]
[]
[]
[]
[]
[]
[]
[]
[]
[]
[]
[]
[]
[]
[]
[]
[]
[]
[]
[]
[]
[]
[]
[]
[]
[]
[]
[]
[]
[]
[]
[]
[]
[]
[]
[]
[]
[]
[]
[]
[]
[]
[]
[]
[]
[]
[]
[]
[]
[]
[]
[]
[]
[]
[]
[]
[]
[]
[]
[]
[]
[]
[]
[]
[]
[]
[]
[]
[]
[]
[]
[]
[]
[]
[]
[]
[]
[]
[]
[]
[]
[]
[]
[]
[]
[]
[]
[]
[]
[]
[]
[]
[]
[]
[]
[]
[]
[]
[]
[]
[]
[]
[]
[]
[]
[]
[]
[]
[]
[]
[]
[]
[]
[]
[]
[]
[]
[]
[]
[]
[]
[]
[]
[]
[]
[]
[]
[]
[]
[]
[]
[]
[]
[]
[]
[]
[]
[]
[]
[]
[]
[]
[]
[]
[]
[]
[]
[]
[]
[]
[]
[]
[]
[]
[]
[]
[]
[]
[]
[]
[]
[]
[]
[]
[]
[]
[]
[]
[]
[]
[]
[]
[]
[]
[]
[]
[]
[]
[]
[]
[]
[]
[]
[]
[]
[]
[]
[]
[]
[]
[]
[]
[]
[]
[]
[]
[]
[]
[]
[]
[]
[]
[]
[]
[]
[]
[]
[]
[]
[]
[]
[]
[]
[]
[]
[]
[]
[]
[]
[]
[]
[]
[]
[]
[]
[]
[]
[]
[]
[]
[]
[]
[]
[]
[]
[]
[]
[]
[]
[]
[]
[]
[]
[]
[]
[]
[]
[]
[]
[]
[]
[]
[]
[]
[]
[]
[]
[]
[]
[]
[]
[]
[]
[]
[]
[]
[]
[]
[]
[]
[]
[]
[]
[]
[]
[]
[]
[]
[]
[]
[]
[]
[]
[]
[]
[]
[]
[]
[]
[]
[]
[]
[]
[]
[]
[]
[]
[]
[]
[]
[]
[]
[]
[]
[]
[]
[]
[]
[]
[]
[]
[]
[]
[]
[]
[]
[]
[]
[]
[]
[]
[]
[]
[]
[]
[]
[]
[]
[]
[]
[]
[]
[]
[]
[]
[]
[]
[]
[]
[]
[]
[]
[]
[]
[]
[]
[]
[]
[]
[]
[]
[]
[]
[]
[]
[]
[]
[]
[]
[]
[]
[]
[]
[]
[]
[]
[]
[]
[]
[]
[]
[]
[]
[]
[]
[]
[]
[]
[]
[]
[]
[]
[]
[]
[]
[]
[]
[]
[]
[]
[]
[]
[]
[]
[]
[]
[]
[]
[]
[]
[]
[]
[]
[]
[]
[]
[]
[]
[]
[]
[]
[]
[]
[]
[]
[]
[]
[]
[]
[]
[]
[]
[]
[]
[]
[]
[]
[]
[]
[]
[]
[]
[]
[]
[]
[]
[]
[]
[]
[]
[]
[]
[]
[]
[]
[]
[]
[]
[]
[]
[]
[]
[]
[]
[]
[]
[]
[]
[]
[]
[]
[]
[]
[]
[]
[]
[]
[]
[]
[]
[]
[]
[]
[]
[]
[]
[]
[]
[]
[]
[]
[]
[]
[]
[]
[]
[]
[]
[]
[]
[]
[]
[]
[]
[]
[]
[]
[]
[]
[]
[]
[]
[]
[]
[]
[]
[]
[]
[]
[]
[]
[]
[]
[]
[]
[]
[]
[]
[]
[]
[]
[]
[]
[]
[]
[]
[]
[]
[]
[]
[]
[]
[]
[]
[]
[]
[]
[]
[]
[]
[]
[]
[]
[]
[]
[]
[]
[]
[]
[]
[]
[]
[]
[]
[]
[]
[]
[]
[]
[]
[]
[]
[]
[]
[]
[]
[]
[]
[]
[]
[]
[]
[]
[]
[]
[]
[]
[]
[]
[]
[]
[]
[]
[]
[]
[]
[]
[]
[]
[]
[]
[]
[]
[]
[]
[]
[]
[]
[]
[]
[]
[]
[]
[]
[]
[]
[]
[]
[]
[]
[]
[]
[]
[]
[]
[]
[]
[]
[]
[]
[]
[]
[]
[]
[]
[]
[]
[]
[]
[]
[]
[]
[]
[]
[]
[]
[]
[]
[]
[]
[]
[]
[]
[]
[]
[]
[]
[]
[]
[]
[]
[]
[]
[]
[]
[]
[]
[]
[]
[]
[]
[]
[]
[]
[]
[]
[]
[]
[]
[]
[]
[]
[]
[]
[]
[]
[]
[]
[]
[]
[]
[]
[]
[]
[]
[]
[]
[]
[]
[]
[]
[]
[]
[]
[]
[]
[]
[]
[]
[]
[]
[]
[]
[]
[]
[]
[]
[]
[]
[]
[]
[]
[]
[]
[]
[]
[]
[]
[]
[]
[]
[]
[]
[]
[]
[]
[]
[]
[]
[]
[]
[]
[]
[]
[]
[]
[]
[]
[]
[]
[]
[]
[]
[]
[]
[]
[]
[]
[]
[]
[]
[]
[]
[]
[]
[]
[]
[]
[]
[]
[]
[]
[]
[]
[]
[]
[]
[]
[]
[]
[]
[]
[]
[]
[]
[]
[]
[]
[]
[]
[]
[]
[]
[]
[]
[]
[]
[]
[]
[]
[]
[]
[]
[]
[]
[]
[]
[]
[]
[]
[]
[]
[]
[]
[]
[]
[]
[]
[]
[]
[]
[]
[]
[]
[]
[]
[]
[]
[]
[]
[]
[]
[]
[]
[]
[]
[]
[]
[]
[]
[]
[]
[]
[]
[]
[]
[]
[]
[]
[]
[]
[]
[]
[]
[]
[]
[]
[]
[]
[]
[]
[]
[]
[]
[]
[]
[]
[]
[]
[]
[]
[]
[]
[]
[]
[]
[]
[]
[]
[]
[]
[]
[]
[]
[]
[]
[]
[]
[]
[]
[]
[]
[]
[]
[]
[]
[]
[]
[]
[]
[]
[]
[]
[]
[]
[]
[]
[]
[]
[]
[]
[]
[]
[]
[]
[]
[]
[]
[]
[]
[]
[]
[]
[]
[]
[]
[]
[]
[]
[]
[]
[]
[]
[]
[]
[]
[]
[]
[]
[]
[]
[]
[]
[]
[]
[]
[]
[]
[]
[]
[]
[]
[]
[]
[]
[]
[]
[]
[]
[]
[]
[]
[]
[]
[]
[]
[]
[]
[]
[]
[]
[]
[]
[]
[]
[]
[]
[]
[]
[]
[]
[]
[]
[]
[]
[]
[]
[]
[]
[]
[]
[]
[]
[]
[]
[]
[]
[]
[]
[]
[]
[]
[]
[]
[]
[]
[]
[]
[]
[]
[]
[]
[]
[]
[]
[]
[]
[]
[]
[]
[]
[]
[]
[]
[]
[]
[]
[]
[]
[]
[]
[]
[]
[]
[]
[]
[]
[]
[]
[]
[]
[]
[]
[]
[]
[]
[]
[]
[]
[]
[]
[]
[]
[]
[]
[]
[]
[]
[]
[]
[]
[]
[]
[]
[]
[]
[]
[]
[]
[]
[]
[]
[]
[]
[]
[]
[]
[]
[]
[]
[]
[]
[]
[]
[]
[]
[]
[]
[]
[]
[]
[]
[]
[]
[]
[]
[]
[]
[]
[]
[]
[]
[]
[]
[]
[]
[]
[]
[]
[]
[]
[]
[]
[]
[]
[]
[]
[]
[]
[]
[]
[]
[]
[]
[]
[]
[]
[]
[]
[]
[]
[]
[]
[]
[]
[]
[]
[]
[]
[]
[]
[]
[]
[]
[]
[]
[]
[]
[]
[]
[]
[]
[]
[]
[]
[]
[]
[]
[]
[]
[]
[]
[]
[]
[]
[]
[]
[]
[]
[]
[]
[]
[]
[]
[]
[]
[]
[]
[]
[]
[]
[]
[]
[]
[]
[]
[]
[]
[]
[]
[]
[]
[]
[]
[]
[]
[]
[]
[]
[]
[]
[]
[]
[]
[]
[]
[]
[]
[]
[]
[]
[]
[]
[]
[]
[]
[]
[]
[]
[]
[]
[]
[]
[]
[]
[]
[]
[]
[]
[]
[]
[]
[]
[]
[]
[]
[]
[]
[]
[]
[]
[]
[]
[]
[]
[]
[]
[]
[]
[]
[]
[]
[]
[]
[]
[]
[]
[]
[]
[]
[]
[]
[]
[]
[]
[]
[]
[]
[]
[]
[]
[]
[]
[]
[]
[]
[]
[]
[]
[]
[]
[]
[]
[]
[]
[]
[]
[]
[]
[]
[]
[]
[]
[]
[]
[]
[]
[]
[]
[]
[]
[]
[]
[]
[]
[]
[]
[]
[]
[]
[]
[]
[]
[]
[]
[]
[]
[]
[]
[]
[]
[]
[]
[]
[]
[]
[]
[]
[]
[]
[]
[]
[]
[]
[]
[]
[]
[]
[]
[]
[]
[]
[]
[]
[]
[]
[]
[]
[]
[]
[]
[]
[]
[]
[]
[]
[]
[]
[]
[]
[]
[]
[]
[]
[]
[]
[]
[]
[]
[]
[]
[]
[]
[]
[]
[]
[]
[]
[]
[]
[]
[]
[]
[]
[]
[]
[]
[]
[]
[]
[]
[]
[]
[]
[]
[]
[]
[]
[]
[]
[]
[]
[]
[]
[]
[]
[]
[]
[]
[]
[]
[]
[]
[]
[]
[]
[]
[]
[]
[]
[]
[]
[]
[]
[]
[]
[]
[]
[]
[]
[]
[]
[]
[]
[]
[]
[]
[]
[]
[]
[]
[]
[]
[]
[]
[]
[]
[]
[]
[]
[]
[]
[]
[]
[]
[]
[]
[]
[]
[]
[]
[]
[]
[]
[]
[]
[]
[]
[]
[]
[]
[]
[]
[]
[]
[]
[]
[]
[]
[]
[]
[]
[]
[]
[]
[]
[]
[]
[]
[]
[]
[]
[]
[]
[]
[]
[]
[]
[]
[]
[]
[]
[]
[]
[]
[]
[]
[]
[]
[]
[]
[]
[]
[]
[]
[]
[]
[]
[]
[]
[]
[]
[]
[]
[]
[]
[]
[]
[]
[]
[]
[]
[]
[]
[]
[]
[]
[]
[]
[]
[]
[]
[]
[]
[]
[]
[]
[]
[]
[]
[]
[]
[]
[]
[]
[]
[]
[]
[]
[]
[]
[]
[]
[]
[]
[]
[]
[]
[]
[]
[]
[]
[]
[]
[]
[]
[]
[]
[]
[]
[]
[]
[]
[]
[]
[]
[]
[]
[]
[]
[]
[]
[]
[]
[]
[]
[]
[]
[]
[]
[]
[]
[]
[]
[]
[]
[]
[]
[]
[]
[]
[]
[]
[]
[]
[]
[]
[]
[]
[]
[]
[]
[]
[]
[]
[]
[]
[]
[]
[]
[]
[]
[]
[]
[]
[]
[]
[]
[]
[]
[]
[]
[]
[]
[]
[]
[]
[]
[]
[]
[]
[]
[]
[]
[]
[]
[]
[]
[]
[]
[]
[]
[]
[]
[]
[]
[]
[]
[]
[]
[]
[]
[]
[]
[]
[]
[]
[]
[]
[]
[]
[]
[]
[]
[]
[]
[]
[]
[]
[]
[]
[]
[]
[]
[]
[]
[]
[]
[]
[]
[]
[]
[]
[]
[]
[]
[]
[]
[]
[]
[]
[]
[]
[]
[]
[]
[]
[]
[]
[]
[]
[]
[]
[]
[]
[]
[]
[]
[]
[]
[]
[]
[]
[]
[]
[]
[]
[]
[]
[]
[]
[]
[]
[]
[]
[]
[]
[]
[]
[]
[]
[]
[]
[]
[]
[]
[]
[]
[]
[]
[]
[]
[]
[]
[]
[]
[]
[]
[]
[]
[]
[]
[]
[]
[]
[]
[]
[]
[]
[]
[]
[]
[]
[]
[]
[]
[]
[]
[]
[]
[]
[]
[]
[]
[]
[]
[]
[]
[]
[]
[]
[]
[]
[]
[]
[]
[]
[]
[]
[]
[]
[]
[]
[]
[]
[]
[]
[]
[]
[]
[]
[]
[]
[]
[]
[]
[]
[]
[]
[]
[]
[]
[]
[]
[]
[]
[]
[]
[]
[]
[]
[]
[]
[]
[]
[]
[]
[]
[]
[]
[]
[]
[]
[]
[]
[]
[]
[]
[]
[]
[]
[]
[]
[]
[]
[]
[]
[]
[]
[]
[]
[]
[]
[]
[]
[]
[]
[]
[]
[]
[]
[]
[]
[]
[]
[]
[]
[]
[]
[]
[]
[]
[]
[]
[]
[]
[]
[]
[]
[]
[]
[]
[]
[]
[]
[]
[]
[]
[]
[]
[]
[]
[]
[]
[]
[]
[]
[]
[]
[]
[]
[]
[]
[]
[]
[]
[]
[]
[]
[]
[]
[]
[]
[]
[]
[]
[]
[]
[]
[]
[]
[]
[]
[]
[]
[]
[]
[]
[]
[]
[]
[]
[]
[]
[]
[]
[]
[]
[]
[]
[]
[]
[]
[]
[]
[]
[]
[]
[]
[]
[]
[]
[]
[]
[]
[]
[]
[]
[]
[]
[]
[]
[]
[]
[]
[]
[]
[]
[]
[]
[]
[]
[]
[]
[]
[]
[]
[]
[]
[]
[]
[]
[]
[]
[]
[]
[]
[]
[]
[]
[]
[]
[]
[]
[]
[]
[]
[]
[]
[]
[]
[]
[]
[]
[]
[]
[]
[]
[]
[]
[]
[]
[]
[]
[]
[]
[]
[]
[]
[]
[]
[]
[]
[]
[]
[]
[]
[]
[]
[]
[]
[]
[]
[]
[]
[]
[]
[]
[]
[]
[]
[]
[]
[]
[]
[]
[]
[]
[]
[]
[]
[]
[]
[]
[]
[]
[]
[]
[]
[]
[]
[]
[]
[]
[]
[]
[]
[]
[]
[]
[]
[]
[]
[]
[]
[]
[]
[]
[]
[]
[]
[]
[]
[]
[]
[]
[]
[]
[]
[]
[]
[]
[]
[]
[]
[]
[]
[]
[]
[]
[]
[]
[]
[]
[]
[]
[]
[]
[]
[]
[]
[]
[]
[]
[]
[]
[]
[]
[]
[]
[]
[]
[]
[]
[]
[]
[]
[]
[]
[]
[]
[]
[]
[]
[]
[]
[]
[]
[]
[]
[]
[]
[]
[]
[]
[]
[]
[]
[]
[]
[]
[]
[]
[]
[]
[]
[]
[]
[]
[]
[]
[]
[]
[]
[]
[]
[]
[]
[]
[]
[]
[]
[]
[]
[]
[]
[]
[]
[]
[]
[]
[]
[]
[]
[]
[]
[]
[]
[]
[]
[]
[]
[]
[]
[]
[]
[]
[]
[]
[]
[]
[]
[]
[]
[]
[]
[]
[]
[]
[]
[]
[]
[]
[]
[]
[]
[]
[]
[]
[]
[]
[]
[]
[]
[]
[]
[]
[]
[]
[]
[]
[]
[]
[]
[]
[]
[]
[]
[]
[]
[]
[]
[]
[]
[]
[]
[]
[]
[]
[]
[]
[]
[]
[]
[]
[]
[]
[]
[]
[]
[]
[]
[]
[]
[]
[]
[]
[]
[]
[]
[]
[]
[]
[]
[]
[]
[]
[]
[]
[]
[]
[]
[]
[]
[]
[]
[]
[]
[]
[]
[]
[]
[]
[]
[]
[]
[]
[]
[]
[]
[]
[]
[]
[]
[]
[]
[]
[]
[]
[]
[]
[]
[]
[]
[]
[]
[]
[]
[]
[]
[]
[]
[]
[]
[]
[]
[]
[]
[]
[]
[]
[]
[]
[]
[]
[]
[]
[]
[]
[]
[]
[]
[]
[]
[]
[]
[]
[]
[]
[]
[]
[]
[]
[]
[]
[]
[]
[]
[]
[]
[]
[]
[]
[]
[]
[]
[]
[]
[]
[]
[]
[]
[]
[]
[]
[]
[]
[]
[]
[]
[]
[]
[]
[]
[]
[]
[]
[]
[]
[]
[]
[]
[]
[]
[]
[]
[]
[]
[]
[]
[]
[]
[]
[]
[]
[]
[]
[]
[]
[]
[]
[]
[]
[]
[]
[]
[]
[]
[]
[]
[]
[]
[]
[]
[]
[]
[]
[]
[]
[]
[]
[]
[]
[]
[]
[]
[]
[]
[]
[]
[]
[]
[]
[]
[]
[]
[]
[]
[]
[]
[]
[]
[]
[]
[]
[]
[]
[]
[]
[]
[]
[]
[]
[]
[]
[]
[]
[]
[]
[]
[]
[]
[]
[]
[]
[]
[]
[]
[]
[]
[]
[]
[]
[]
[]
[]
[]
[]
[]
[]
[]
[]
[]
[]
[]
[]
[]
[]
[]
[]
[]
[]
[]
[]
[]
[]
[]
[]
[]
[]
[]
[]
[]
[]
[]
[]
[]
[]
[]
[]
[]
[]
[]
[]
[]
[]
[]
[]
[]
[]
[]
[]
[]
[]
[]
[]
[]
[]
[]
[]
[]
[]
[]
[]
[]
[]
[]
[]
[]
[]
[]
[]
[]
[]
[]
[]
[]
[]
[]
[]
[]
[]
[]
[]
[]
[]
[]
[]
[]
[]
[]
[]
[]
[]
[]
[]
[]
[]
[]
[]
[]
[]
[]
[]
[]
[]
[]
[]
[]
[]
[]
[]
[]
[]
[]
[]
[]
[]
[]
[]
[]
[]
[]
[]
[]
[]
[]
[]
[]
[]
[]
[]
[]
[]
[]
[]
[]
[]
[]
[]
[]
[]
[]
[]
[]
[]
[]
[]
[]
[]
[]
[]
[]
[]
[]
[]
[]
[]
[]
[]
[]
[]
[]
[]
[]
[]
[]
[]
[]
[]
[]
[]
[]
[]
[]
[]
[]
[]
[]
[]
[]
[]
[]
[]
[]
[]
[]
[]
[]
[]
[]
[]
[]
[]
[]
[]
[]
[]
[]
[]
[]
[]
[]
[]
[]
[]
[]
[]
[]
[]
[]
[]
[]
[]
[]
[]
[]
[]
[]
[]
[]
[]
[]
[]
[]
[]
[]
[]
[]
[]
[]
[]
[]
[]
[]
[]
[]
[]
[]
[]
[]
[]
[]
[]
[]
[]
[]
[]
[]
[]
[]
[]
[]
[]
[]
[]
[]
[]
[]
[]
[]
[]
[]
[]
[]
[]
[]
[]
[]
[]
[]
[]
[]
[]
[]
[]
[]
[]
[]
[]
[]
[]
[]
[]
[]
[]
[]
[]
[]
[]
[]
[]
[]
[]
[]
[]
[]
[]
[]
[]
[]
[]
[]
[]
[]
[]
[]
[]
[]
[]
[]
[]
[]
[]
[]
[]
[]
[]
[]
[]
[]
[]
[]
[]
[]
[]
[]
[]
[]
[]
[]
[]
[]
[]
[]
[]
[]
[]
[]
[]
[]
[]
[]
[]
[]
[]
[]
[]
[]
[]
[]
[]
[]
[]
[]
[]
[]
[]
[]
[]
[]
[]
[]
[]
[]
[]
[]
[]
[]
[]
[]
[]
[]
[]
[]
[]
[]
[]
[]
[]
[]
[]
[]
[]
[]
[]
[]
[]
[]
[]
[]
[]
[]
[]
[]
[]
[]
[]
[]
[]
[]
[]
[]
[]
[]
[]
[]
[]
[]
[]
[]
[]
[]
[]
[]
[]
[]
[]
[]
[]
[]
[]
[]
[]
[]
[]
[]
[]
[]
[]
[]
[]
[]
[]
[]
[]
[]
[]
[]
[]
[]
[]
[]
[]
[]
[]
[]
[]
[]
[]
[]
[]
[]
[]
[]
[]
[]
[]
[]
[]
[]
[]
[]
[]
[]
[]
[]
[]
[]
[]
[]
[]
[]
[]
[]
[]
[]
[]
[]
[]
[]
[]
[]
[]
[]
[]
[]
[]
[]
[]
[]
[]
[]
[]
[]
[]
[]
[]
[]
[]
[]
[]
[]
[]
[]
[]
[]
[]
[]
[]
[]
[]
[]
[]
[]
[]
[]
[]
[]
[]
[]
[]
[]
[]
[]
[]
[]
[]
[]
[]
[]
[]
[]
[]
[]
[]
[]
[]
[]
[]
[]
[]
[]
[]
[]
[]
[]
[]
[]
[]
[]
[]
[]
[]
[]
[]
[]
[]
[]
[]
[]
[]
[]
[]
[]
[]
[]
[]
[]
[]
[]
[]
[]
[]
[]
[]
[]
[]
[]
[]
[]
[]
[]
[]
[]
[]
[]
[]
[]
[]
[]
[]
[]
[]
[]
[]
[]
[]
[]
[]
[]
[]
[]
[]
[]
[]
[]
[]
[]
[]
[]
[]
[]
[]
[]
[]
[]
[]
[]
[]
[]
[]
[]
[]
[]
[]
[]
[]
[]
[]
[]
[]
[]
[]
[]
[]
[]
[]
[]
[]
[]
[]
[]
[]
[]
[]
[]
[]
[]
[]
[]
[]
[]
[]
[]
[]
[]
[]
[]
[]
[]
[]
[]
[]
[]
[]
[]
[]
[]
[]
[]
[]
[]
[]
[]
[]
[]
[]
[]
[]
[]
[]
[]
[]
[]
[]
[]
[]
[]
[]
[]
[]
[]
[]
[]
[]
[]
[]
[]
[]
[]
[]
[]
[]
[]
[]
[]
[]
[]
[]
[]
[]
[]
[]
[]
[]
[]
[]
[]
[]
[]
[]
[]
[]
[]
[]
[]
[]
[]
[]
[]
[]
[]
[]
[]
[]
[]
[]
[]
[]
[]
[]
[]
[]
[]
[]
[]
[]
[]
[]
[]
[]
[]
[]
[]
[]
[]
[]
[]
[]
[]
[]
[]
[]
[]
[]
[]
[]
[]
[]
[]
[]
[]
[]
[]
[]
[]
[]
[]
[]
[]
[]
[]
[]
[]
[]
[]
[]
[]
[]
[]
[]
[]
[]
[]
[]
[]
[]
[]
[]
[]
[]
[]
[]
[]
[]
[]
[]
[]
[]
[]
[]
[]
[]
[]
[]
[]
[]
[]
[]
[]
[]
[]
[]
[]
[]
[]
[]
[]
[]
[]
[]
[]
[]
[]
[]
[]
[]
[]
[]
[]
[]
[]
[]
[]
[]
[]
[]
[]
[]
[]
[]
[]
[]
[]
[]
[]
[]
[]
[]
[]
[]
[]
[]
[]
[]
[]
[]
[]
[]
[]
[]
[]
[]
[]
[]
[]
[]
[]
[]
[]
[]
[]
[]
[]
[]
[]
[]
[]
[]
[]
[]
[]
[]
[]
[]
[]
[]
[]
[]
[]
[]
[]
[]
[]
[]
[]
[]
[]
[]
[]
[]
[]
[]
[]
[]
[]
[]
[]
[]
[]
[]
[]
[]
[]
[]
[]
[]
[]
[]
[]
[]
[]
[]
[]
[]
[]
[]
[]
[]
[]
[]
[]
[]
[]
[]
[]
[]
[]
[]
[]
[]
[]
[]
[]
[]
[]
[]
[]
[]
[]
[]
[]
[]
[]
[]
[]
[]
[]
[]
[]
[]
[]
[]
[]
[]
[]
[]
[]
[]
[]
[]
[]
[]
[]
[]
[]
[]
[]
[]
[]
[]
[]
[]
[]
[]
[]
[]
[]
[]
[]
[]
[]
[]
[]
[]
[]
[]
[]
[]
[]
[]
[]
[]
[]
[]
[]
[]
[]
[]
[]
[]
[]
[]
[]
[]
[]
[]
[]
[]
[]
[]
[]
[]
[]
[]
[]
[]
[]
[]
[]
[]
[]
[]
[]
[]
[]
[]
[]
[]
[]
[]
[]
[]
[]
[]
[]
[]
[]
[]
[]
[]
[]
[]
[]
[]
[]
[]
[]
[]
[]
[]
[]
[]
[]
[]
[]
[]
[]
[]
[]
[]
[]
[]
[]
[]
[]
[]
[]
[]
[]
[]
[]
[]
[]
[]
[]
[]
[]
[]
[]
[]
[]
[]
[]
[]
[]
[]
[]
[]
[]
[]
[]
[]
[]
[]
[]
[]
[]
[]
[]
[]
[]
[]
[]
[]
[]
[]
[]
[]
[]
[]
[]
[]
[]
[]
[]
[]
[]
[]
[]
[]
[]
[]
[]
[]
[]
[]
[]
[]
[]
[]
[]
[]
[]
[]
[]
[]
[]
[]
[]
[]
[]
[]
[]
[]
[]
[]
[]
[]
[]
[]
[]
[]
[]
[]
[]
[]
[]
[]
[]
[]
[]
[]
[]
[]
[]
[]
[]
[]
[]
[]
[]
[]
[]
[]
[]
[]
[]
[]
[]
[]
[]
[]
[]
[]
[]
[]
[]
[]
[]
[]
[]
[]
[]
[]
[]
[]
[]
[]
[]
[]
[]
[]
[]
[]
[]
[]
[]
[]
[]
[]
[]
[]
[]
[]
[]
[]
[]
[]
[]
[]
[]
[]
[]
[]
[]
[]
[]
[]
[]
[]
[]
[]
[]
[]
[]
[]
[]
[]
[]
[]
[]
[]
[]
[]
[]
[]
[]
[]
[]
[]
[]
[]
[]
[]
[]
[]
[]
[]
[]
[]
[]
[]
[]
[]
[]
[]
[]
[]
[]
[]
[]
[]
[]
[]
[]
[]
[]
[]
[]
[]
[]
[]
[]
[]
[]
[]
[]
[]
[]
[]
[]
[]
[]
[]
[]
[]
[]
[]
[]
[]
[]
[]
[]
[]
[]
[]
[]
[]
[]
[]
[]
[]
[]
[]
[]
[]
[]
[]
[]
[]
[]
[]
[]
[]
[]
[]
[]
[]
[]
[]
[]
[]
[]
[]
[]
[]
[]
[]
[]
[]
[]
[]
[]
[]
[]
[]
[]
[]
[]
[]
[]
[]
[]
[]
[]
[]
[]
[]
[]
[]
[]
[]
[]
[]
[]
[]
[]
[]
[]
[]
[]
[]
[]
[]
[]
[]
[]
[]
[]
[]
[]
[]
[]
[]
[]
[]
[]
[]
[]
[]
[]
[]
[]
[]
[]
[]
[]
[]
[]
[]
[]
[]
[]
[]
[]
[]
[]
[]
[]
[]
[]
[]
[]
[]
[]
[]
[]
[]
[]
[]
[]
[]
[]
[]
[]
[]
[]
[]
[]
[]
[]
[]
[]
[]
[]
[]
[]
[]
[]
[]
[]
[]
[]
[]
[]
[]
[]
[]
[]
[]
[]
[]
[]
[]
[]
[]
[]
[]
[]
[]
[]
[]
[]
[]
[]
[]
[]
[]
[]
[]
[]
[]
[]
[]
[]
[]
[]
[]
[]
[]
[]
[]
[]
[]
[]
[]
[]
[]
[]
[]
[]
[]
[]
[]
[]
[]
[]
[]
[]
[]
[]
[]
[]
[]
[]
[]
[]
[]
[]
[]
[]
[]
[]
[]
[]
[]
[]
[]
[]
[]
[]
[]
[]
[]
[]
[]
[]
[]
[]
[]
[]
[]
[]
[]
[]
[]
[]
[]
[]
[]
[]
[]
[]
[]
[]
[]
[]
[]
[]
[]
[]
[]
[]
[]
[]
[]
[]
[]
[]
[]
[]
[]
[]
[]
[]
[]
[]
[]
[]
[]
[]
[]
[]
[]
[]
[]
[]
[]
[]
[]
[]
[]
[]
[]
[]
[]
[]
[]
[]
[]
[]
[]
[]
[]
[]
[]
[]
[]
[]
[]
[]
[]
[]
[]
[]
[]
[]
[]
[]
[]
[]
[]
[]
[]
[]
[]
[]
[]
[]
[]
[]
[]
[]
[]
[]
[]
[]
[]
[]
[]
[]
[]
[]
[]
[]
[]
[]
[]
[]
[]
[]
[]
[]
[]
[]
[]
[]
[]
[]
[]
[]
[]
[]
[]
[]
[]
[]
[]
[]
[]
[]
[]
[]
[]
[]
[]
[]
[]
[]
[]
[]
[]
[]
[]
[]
[]
[]
[]
[]
[]
[]
[]
[]
[]
[]
[]
[]
[]
[]
[]
[]
[]
[]
[]
[]
[]
[]
[]
[]
[]
[]
[]
[]
[]
[]
[]
[]
[]
[]
[]
[]
[]
[]
[]
[]
[]
[]
[]
[]
[]
[]
[]
[]
[]
[]
[]
[]
[]
[]
[]
[]
[]
[]
[]
[]
[]
[]
[]
[]
[]
[]
[]
[]
[]
[]
[]
[]
[]
[]
[]
[]
[]
[]
[]
[]
[]
[]
[]
[]
[]
[]
[]
[]
[]
[]
[]
[]
[]
[]
[]
[]
[]
[]
[]
[]
[]
[]
[]
[]
[]
[]
[]
[]
[]
[]
[]
[]
[]
[]
[]
[]
[]
[]
[]
[]
[]
[]
[]
[]
[]
[]
[]
[]
[]
[]
[]
[]
[]
[]
[]
[]
[]
[]
[]
[]
[]
[]
[]
[]
[]
[]
[]
[]
[]
[]
[]
[]
[]
[]
[]
[]
[]
[]
[]
[]
[]
[]
[]
[]
[]
[]
[]
[]
[]
[]
[]
[]
[]
[]
[]
[]
[]
[]
[]
[]
[]
[]
[]
[]
[]
[]
[]
[]
[]
[]
[]
[]
[]
[]
[]
[]
[]
[]
[]
[]
[]
[]
[]
[]
[]
[]
[]
[]
[]
[]
[]
[]
[]
[]
[]
[]
[]
[]
[]
[]
[]
[]
[]
[]
[]
[]
[]
[]
[]
[]
[]
[]
[]
[]
[]
[]
[]
[]
[]
[]
[]
[]
[]
[]
[]
[]
[]
[]
[]
[]
[]
[]
[]
[]
[]
[]
[]
[]
[]
[]
[]
[]
[]
[]
[]
[]
[]
[]
[]
[]
[]
[]
[]
[]
[]
[]
[]
[]
[]
[]
[]
[]
[]
[]
[]
[]
[]
[]
[]
[]
[]
[]
[]
[]
[]
[]
[]
[]
[]
[]
[]
[]
[]
[]
[]
[]
[]
[]
[]
[]
[]
[]
[]
[]
[]
[]
[]
[]
[]
[]
[]
[]
[]
[]
[]
[]
[]
[]
[]
[]
[]
[]
[]
[]
[]
[]
[]
[]
[]
[]
[]
[]
[]
[]
[]
[]
[]
[]
[]
[]
[]
[]
[]
[]
[]
[]
[]
[]
[]
[]
[]
[]
[]
[]
[]
[]
[]
[]
[]
[]
[]
[]
[]
[]
[]
[]
[]
[]
[]
[]
[]
[]
[]
[]
[]
[]
[]
[]
[]
[]
[]
[]
[]
[]
[]
[]
[]
[]
[]
[]
[]
[]
[]
[]
[]
[]
[]
[]
[]
[]
[]
[]
[]
[]
[]
[]
[]
[]
[]
[]
[]
[]
[]
[]
[]
[]
[]
[]
[]
[]
[]
[]
[]
[]
[]
[]
[]
[]
[]
[]
[]
[]
[]
[]
[]
[]
[]
[]
[]
[]
[]
[]
[]
[]
[]
[]
[]
[]
[]
[]
[]
[]
[]
[]
[]
[]
[]
[]
[]
[]
[]
[]
[]
[]
[]
[]
[]
[]
[]
[]
[]
[]
[]
[]
[]
[]
[]
[]
[]
[]
[]
[]
[]
[]
[]
[]
[]
[]
[]
[]
[]
[]
[]
[]
[]
[]
[]
[]
[]
[]
[]
[]
[]
[]
[]
[]
[]
[]
[]
[]
[]
[]
[]
[]
[]
[]
[]
[]
[]
[]
[]
[]
[]
[]
[]
[]
[]
[]
[]
[]
[]
[]
[]
[]
[]
[]
[]
[]
[]
[]
[]
[]
[]
[]
[]
[]
[]
[]
[]
[]
[]
[]
[]
[]
[]
[]
[]
[]
[]
[]
[]
[]
[]
[]
[]
[]
[]
[]
[]
[]
[]
[]
[]
[]
[]
[]
[]
[]
[]
[]
[]
[]
[]
[]
[]
[]
[]
[]
[]
[]
[]
[]
[]
[]
[]
[]
[]
[]
[]
[]
[]
[]
[]
[]
[]
[]
[]
[]
[]
[]
[]
[]
[]
[]
[]
[]
[]
[]
[]
[]
[]
[]
[]
[]
[]
[]
[]
[]
[]
[]
[]
[]
[]
[]
[]
[]
[]
[]
[]
[]
[]
[]
[]
[]
[]
[]
[]
[]
[]
[]
[]
[]
[]
[]
[]
[]
[]
[]
[]
[]
[]
[]
[]
[]
[]
[]
[]
[]
[]
[]
[]
[]
[]
[]
[]
[]
[]
[]
[]
[]
[]
[]
[]
[]
[]
[]
[]
[]
[]
[]
[]
[]
[]
[]
[]
[]
[]
[]
[]
[]
[]
[]
[]
[]
[]
[]
[]
[]
[]
[]
[]
[]
[]
[]
[]
[]
[]
[]
[]
[]
[]
[]
[]
[]
[]
[]
[]
[]
[]
[]
[]
[]
[]
[]
[]
[]
[]
[]
[]
[]
[]
[]
[]
[]
[]
[]
[]
[]
[]
[]
[]
[]
[]
[]
[]
[]
[]
[]
[]
[]
[]
[]
[]
[]
[]
[]
[]
[]
[]
[]
[]
[]
[]
[]
[]
[]
[]
[]
[]
[]
[]
[]
[]
[]
[]
[]
[]
[]
[]
[]
[]
[]
[]
[]
[]
[]
[]
[]
[]
[]
[]
[]
[]
[]
[]
[]
[]
[]
[]
[]
[]
[]
[]
[]
[]
[]
[]
[]
[]
[]
[]
[]
[]
[]
[]
[]
[]
[]
[]
[]
[]
[]
[]
[]
[]
[]
[]
[]
[]
[]
[]
[]
[]
[]
[]
[]
[]
[]
[]
[]
[]
[]
[]
[]
[]
[]
[]
[]
[]
[]
[]
[]
[]
[]
[]
[]
[]
[]
[]
[]
[]
[]
[]
[]
[]
[]
[]
[]
[]
[]
[]
[]
[]
[]
[]
[]
[]
[]
[]
[]
[]
[]
[]
[]
[]
[]
[]
[]
[]
[]
[]
[]
[]
[]
[]
[]
[]
[]
[]
[]
[]
[]
[]
[]
[]
[]
[]
[]
[]
[]
[]
[]
[]
[]
[]
[]
[]
[]
[]
[]
[]
[]
[]
[]
[]
[]
[]
[]
[]
[]
[]
[]
[]
[]
[]
[]
[]
[]
[]
[]
[]
[]
[]
[]
[]
[]
[]
[]
[]
[]
[]
[]
[]
[]
[]
[]
[]
[]
[]
[]
[]
[]
[]
[]
[]
[]
[]
[]
[]
[]
[]
[]
[]
[]
[]
[]
[]
[]
[]
[]
[]
[]
[]
[]
[]
[]
[]
[]
[]
[]
[]
[]
[]
[]
[]
[]
[]
[]
[]
[]
[]
[]
[]
[]
[]
[]
[]
[]
[]
[]
[]
[]
[]
[]
[]
[]
[]
[]
[]
[]
[]
[]
[]
[]
[]
[]
[]
[]
[]
[]
[]
[]
[]
[]
[]
[]
[]
[]
[]
[]
[]
[]
[]
[]
[]
[]
[]
[]
[]
[]
[]
[]
[]
[]
[]
[]
[]
[]
[]
[]
[]
[]
[]
[]
[]
[]
[]
[]
[]
[]
[]
[]
[]
[]
[]
[]
[]
[]
[]
[]
[]
[]
[]
[]
[]
[]
[]
[]
[]
[]
[]
[]
[]
[]
[]
[]
[]
[]
[]
[]
[]
[]
[]
[]
[]
[]
[]
[]
[]
[]
[]
[]
[]
[]
[]
[]
[]
[]
[]
[]
[]
[]
[]
[]
[]
[]
[]
[]
[]
[]
[]
[]
[]
[]
[]
[]
[]
[]
[]
[]
[]
[]
[]
[]
[]
[]
[]
[]
[]
[]
[]
[]
[]
[]
[]
[]
[]
[]
[]
[]
[]
[]
[]
[]
[]
[]
[]
[]
[]
[]
[]
[]
[]
[]
[]
[]
[]
[]
[]
[]
[]
[]
[]
[]
[]
[]
[]
[]
[]
[]
[]
[]
[]
[]
[]
[]
[]
[]
[]
[]
[]
[]
[]
[]
[]
[]
[]
[]
[]
[]
[]
[]
[]
[]
[]
[]
[]
[]
[]
[]
[]
[]
[]
[]
[]
[]
[]
[]
[]
[]
[]
[]
[]
[]
[]
[]
[]
[]
[]
[]
[]
[]
[]
[]
[]
[]
[]
[]
[]
[]
[]
[]
[]
[]
[]
[]
[]
[]
[]
[]
[]
[]
[]
[]
[]
[]
[]
[]
[]
[]
[]
[]
[]
[]
[]
[]
[]
[]
[]
[]
[]
[]
[]
[]
[]
[]
[]
[]
[]
[]
[]
[]
[]
[]
[]
[]
[]
[]
[]
[]
[]
[]
[]
[]
[]
[]
[]
[]
[]
[]
[]
[]
[]
[]
[]
[]
[]
[]
[]
[]
[]
[]
[]
[]
[]
[]
[]
[]
[]
[]
[]
[]
[]
[]
[]
[]
[]
[]
[]
[]
[]
[]
[]
[]
[]
[]
[]
[]
[]
[]
[]
[]
[]
[]
[]
[]
[]
[]
[]
[]
[]
[]
[]
[]
[]
[]
[]
[]
[]
[]
[]
[]
[]
[]
[]
[]
[]
[]
[]
[]
[]
[]
[]
[]
[]
[]
[]
[]
[]
[]
[]
[]
[]
[]
[]
[]
[]
[]
[]
[]
[]
[]
[]
[]
[]
[]
[]
[]
[]
[]
[]
[]
[]
[]
[]
[]
[]
[]
[]
[]
[]
[]
[]
[]
[]
[]
[]
[]
[]
[]
[]
[]
[]
[]
[]
[]
[]
[]
[]
[]
[]
[]
[]
[]
[]
[]
[]
[]
[]
[]
[]
[]
[]
[]
[]
[]
[]
[]
[]
[]
[]
[]
[]
[]
[]
[]
[]
[]
[]
[]
[]
[]
[]
[]
[]
[]
[]
[]
[]
[]
[]
[]
[]
[]
[]
[]
[]
[]
[]
[]
[]
[]
[]
[]
[]
[]
[]
[]
[]
[]
[]
[]
[]
[]
[]
[]
[]
[]
[]
[]
[]
[]
[]
[]
[]
[]
[]
[]
[]
[]
[]
[]
[]
[]
[]
[]
[]
[]
[]
[]
[]
[]
[]
[]
[]
[]
[]
[]
[]
[]
[]
[]
[]
[]
[]
[]
[]
[]
[]
[]
[]
[]
[]
[]
[]
[]
[]
[]
[]
[]
[]
[]
[]
[]
[]
[]
[]
[]
[]
[]
[]
[]
[]
[]
[]
[]
[]
[]
[]
[]
[]
[]
[]
[]
[]
[]
[]
[]
[]
[]
[]
[]
[]
[]
[]
[]
[]
[]
[]
[]
[]
[]
[]
[]
[]
[]
[]
[]
[]
[]
[]
[]
[]
[]
[]
[]
[]
[]
[]
[]
[]
[]
[]
[]
[]
[]
[]
[]
[]
[]
[]
[]
[]
[]
[]
[]
[]
[]
[]
[]
[]
[]
[]
[]
[]
[]
[]
[]
[]
[]
[]
[]
[]
[]
[]
[]
[]
[]
[]
[]
[]
[]
[]
[]
[]
[]
[]
[]
[]
[]
[]
[]
[]
[]
[]
[]
[]
[]
[]
[]
[]
[]
[]
[]
[]
[]
[]
[]
[]
[]
[]
[]
[]
[]
[]
[]
[]
[]
[]
[]
[]
[]
[]
[]
[]
[]
[]
[]
[]
[]
[]
[]
[]
[]
[]
[]
[]
[]
[]
[]
[]
[]
[]
[]
[]
[]
[]
[]
[]
[]
[]
[]
[]
[]
[]
[]
[]
[]
[]
[]
[]
[]
[]
[]
[]
[]
[]
[]
[]
[]
[]
[]
[]
[]
[]
[]
[]
[]
[]
[]
[]
[]
[]
[]
[]
[]
[]
[]
[]
[]
[]
[]
[]
[]
[]
[]
[]
[]
[]
[]
[]
[]
[]
[]
[]
[]
[]
[]
[]
[]
[]
[]
[]
[]
[]
[]
[]
[]
[]
[]
[]
[]
[]
[]
[]
[]
[]
[]
[]
[]
[]
[]
[]
[]
[]
[]
[]
[]
[]
[]
[]
[]
[]
[]
[]
[]
[]
[]
[]
[]
[]
[]
[]
[]
[]
[]
[]
[]
[]
[]
[]
[]
[]
[]
[]
[]
[]
[]
[]
[]
[]
[]
[]
[]
[]
[]
[]
[]
[]
[]
[]
[]
[]
[]
[]
[]
[]
[]
[]
[]
[]
[]
[]
[]
[]
[]
[]
[]
[]
[]
[]
[]
[]
[]
[]
[]
[]
[]
[]
[]
[]
[]
[]
[]
[]
[]
[]
[]
[]
[]
[]
[]
[]
[]
[]
[]
[]
[]
[]
[]
[]
[]
[]
[]
[]
[]
[]
[]
[]
[]
[]
[]
[]
[]
[]
[]
[]
[]
[]
[]
[]
[]
[]
[]
[]
[]
[]
[]
[]
[]
[]
[]
[]
[]
[]
[]
[]
[]
[]
[]
[]
[]
[]
[]
[]
[]
[]
[]
[]
[]
[]
[]
[]
[]
[]
[]
[]
[]
[]
[]
[]
[]
[]
[]
[]
[]
[]
[]
[]
[]
[]
[]
[]
[]
[]
[]
[]
[]
[]
[]
[]
[]
[]
[]
[]
[]
[]
[]
[]
[]
[]
[]
[]
[]
[]
[]
[]
[]
[]
[]
[]
[]
[]
[]
[]
[]
[]
[]
[]
[]
[]
[]
[]
[]
[]
[]
[]
[]
[]
[]
[]
[]
[]
[]
[]
[]
[]
[]
[]
[]
[]
[]
[]
[]
[]
[]
[]
[]
[]
[]
[]
[]
[]
[]
[]
[]
[]
[]
[]
[]
[]
[]
[]
[]
[]
[]
[]
[]
[]
[]
[]
[]
[]
[]
[]
[]
[]
[]
[]
[]
[]
[]
[]
[]
[]
[]
[]
[]
[]
[]
[]
[]
[]
[]
[]
[]
[]
[]
[]
[]
[]
[]
[]
[]
[]
[]
[]
[]
[]
[]
[]
[]
[]
[]
[]
[]
[]
[]
[]
[]
[]
[]
[]
[]
[]
[]
[]
[]
[]
[]
[]
[]
[]
[]
[]
[]
[]
[]
[]
[]
[]
[]
[]
[]
[]
[]
[]
[]
[]
[]
[]
[]
[]
[]
[]
[]
[]
[]
[]
[]
[]
[]
[]
[]
[]
[]
[]
[]
[]
[]
[]
[]
[]
[]
[]
[]
[]
[]
[]
[]
[]
[]
[]
[]
[]
[]
[]
[]
[]
[]
[]
[]
[]
[]
[]
[]
[]
[]
[]
[]
[]
[]
[]
[]
[]
[]
[]
[]
[]
[]
[]
[]
[]
[]
[]
[]
[]
[]
[]
[]
[]
[]
[]
[]
[]
[]
[]
[]
[]
[]
[]
[]
[]
[]
[]
[]
[]
[]
[]
[]
[]
[]
[]
[]
[]
[]
[]
[]
[]
[]
[]
[]
[]
[]
[]
[]
[]
[]
[]
[]
[]
[]
[]
[]
[]
[]
[]
[]
[]
[]
[]
[]
[]
[]
[]
[]
[]
[]
[]
[]
[]
[]
[]
[]
[]
[]
[]
[]
[]
[]
[]
[]
[]
[]
[]
[]
[]
[]
[]
[]
[]
[]
[]
[]
[]
[]
[]
[]
[]
[]
[]
[]
[]
[]
[]
[]
[]
[]
[]
[]
[]
[]
[]
[]
[]
[]
[]
[]
[]
[]
[]
[]
[]
[]
[]
[]
[]
[]
[]
[]
[]
[]
[]
[]
[]
[]
[]
[]
[]
[]
[]
[]
[]
[]
[]
[]
[]
[]
[]
[]
[]
[]
[]
[]
[]
[]
[]
[]
[]
[]
[]
[]
[]
[]
[]
[]
[]
[]
[]
[]
[]
[]
[]
[]
[]
[]
[]
[]
[]
[]
[]
[]
[]
[]
[]
[]
[]
[]
[]
[]
[]
[]
[]
[]
[]
[]
[]
[]
[]
[]
[]
[]
[]
[]
[]
[]
[]
[]
[]
[]
[]
[]
[]
[]
[]
[]
[]
[]
[]
[]
[]
[]
[]
[]
[]
[]
[]
[]
[]
[]
[]
[]
[]
[]
[]
[]
[]
[]
[]
[]
[]
[]
[]
[]
[]
[]
[]
[]
[]
[]
[]
[]
[]
[]
[]
[]
[]
[]
[]
[]
[]
[]
[]
[]
[]
[]
[]
[]
[]
[]
[]
[]
[]
[]
[]
[]
[]
[]
[]
[]
[]
[]
[]
[]
[]
[]
[]
[]
[]
[]
[]
[]
[]
[]
[]
[]
[]
[]
[]
[]
[]
[]
[]
[]
[]
[]
[]
[]
[]
[]
[]
[]
[]
[]
[]
[]
[]
[]
[]
[]
[]
[]
[]
[]
[]
[]
[]
[]
[]
[]
[]
[]
[]
[]
[]
[]
[]
[]
[]
[]
[]
[]
[]
[]
[]
[]
[]
[]
[]
[]
[]
[]
[]
[]
[]
[]
[]
[]
[]
[]
[]
[]
[]
[]
[]
[]
[]
[]
[]
[]
[]
[]
[]
[]
[]
[]
[]
[]
[]
[]
[]
[]
[]
[]
[]
[]
[]
[]
[]
[]
[]
[]
[]
[]
[]
[]
[]
[]
[]
[]
[]
[]
[]
[]
[]
[]
[]
[]
[]
[]
[]
[]
[]
[]
[]
[]
[]
[]
[]
[]
[]
[]
[]
[]
[]
[]
[]
[]
[]
[]
[]
[]
[]
[]
[]
[]
[]
[]
[]
[]
[]
[]
[]
[]
[]
[]
[]
[]
[]
[]
[]
[]
[]
[]
[]
[]
[]
[]
[]
[]
[]
[]
[]
[]
[]
[]
[]
[]
[]
[]
[]
[]
[]
[]
[]
[]
[]
[]
[]
[]
[]
[]
[]
[]
[]
[]
[]
[]
[]
[]
[]
[]
[]
[]
[]
[]
[]
[]
[]
[]
[]
[]
[]
[]
[]
[]
[]
[]
[]
[]
[]
[]
[]
[]
[]
[]
[]
[]
[]
[]
[]
[]
[]
[]
[]
[]
[]
[]
[]
[]
[]
[]
[]
[]
[]
[]
[]
[]
[]
[]
[]
[]
[]
[]
[]
[]
[]
[]
[]
[]
[]
[]
[]
[]
[]
[]
[]
[]
[]
[]
[]
[]
[]
[]
[]
[]
[]
[]
[]
[]
[]
[]
[]
[]
[]
[]
[]
[]
[]
[]
[]
[]
[]
[]
[]
[]
[]
[]
[]
[]
[]
[]
[]
[]
[]
[]
[]
[]
[]
[]
[]
[]
[]
[]
[]
[]
[]
[]
[]
[]
[]
[]
[]
[]
[]
[]
[]
[]
[]
[]
[]
[]
[]
[]
[]
[]
[]
[]
[]
[]
[]
[]
[]
[]
[]
[]
[]
[]
[]
[]
[]
[]
[]
[]
[]
[]
[]
[]
[]
[]
[]
[]
[]
[]
[]
[]
[]
[]
[]
[]
[]
[]
[]
[]
[]
[]
[]
[]
[]
[]
[]
[]
[]
[]
[]
[]
[]
[]
[]
[]
[]
[]
[]
[]
[]
[]
[]
[]
[]
[]
[]
[]
[]
[]
[]
[]
[]
[]
[]
[]
[]
[]
[]
[]
[]
[]
[]
[]
[]
[]
[]
[]
[]
[]
[]
[]
[]
[]
[]
[]
[]
[]
[]
[]
[]
[]
[]
[]
[]
[]
[]
[]
[]
[]
[]
[]
[]
[]
[]
[]
[]
[]
[]
[]
[]
[]
[]
[]
[]
[]
[]
[]
[]
[]
[]
[]
[]
[]
[]
[]
[]
[]
[]
[]
[]
[]
[]
[]
[]
[]
[]
[]
[]
[]
[]
[]
[]
[]
[]
[]
[]
[]
[]
[]
[]
[]
[]
[]
[]
[]
[]
[]
[]
[]
[]
[]
[]
[]
[]
[]
[]
[]
[]
[]
[]
[]
[]
[]
[]
[]
[]
[]
[]
[]
[]
[]
[]
[]
[]
[]
[]
[]
[]
[]
[]
[]
[]
[]
[]
[]
[]
[]
[]
[]
[]
[]
[]
[]
[]
[]
[]
[]
[]
[]
[]
[]
[]
[]
[]
[]
[]
[]
[]
[]
[]
[]
[]
[]
[]
[]
[]
[]
[]
[]
[]
[]
[]
[]
[]
[]
[]
[]
[]
[]
[]
[]
[]
[]
[]
[]
[]
[]
[]
[]
[]
[]
[]
[]
[]
[]
[]
[]
[]
[]
[]
[]
[]
[]
[]
[]
[]
[]
[]
[]
[]
[]
[]
[]
[]
[]
[]
[]
[]
[]
[]
[]
[]
[]
[]
[]
[]
[]
[]
[]
[]
[]
[]
[]
[]
[]
[]
[]
[]
[]
[]
[]
[]
[]
[]
[]
[]
[]
[]
[]
[]
[]
[]
[]
[]
[]
[]
[]
[]
[]
[]
[]
[]
[]
[]
[]
[]
[]
[]
[]
[]
[]
[]
[]
[]
[]
[]
[]
[]
[]
[]
[]
[]
[]
[]
[]
[]
[]
[]
[]
[]
[]
[]
[]
[]
[]
[]
[]
[]
[]
[]
[]
[]
[]
[]
[]
[]
[]
[]
[]
[]
[]
[]
[]
[]
[]
[]
[]
[]
[]
[]
[]
[]
[]
[]
[]
[]
[]
[]
[]
[]
[]
[]
[]
[]
[]
[]
[]
[]
[]
[]
[]
[]
[]
[]
[]
[]
[]
[]
[]
[]
[]
[]
[]
[]
[]
[]
[]
[]
[]
[]
[]
[]
[]
[]
[]
[]
[]
[]
[]
[]
[]
[]
[]
[]
[]
[]
[]
[]
[]
[]
[]
[]
[]
[]
[]
[]
[]
[]
[]
[]
[]
[]
[]
[]
[]
[]
[]
[]
[]
[]
[]
[]
[]
[]
[]
[]
[]
[]
[]
[]
[]
[]
[]
[]
[]
[]
[]
[]
[]
[]
[]
[]
[]
[]
[]
[]
[]
[]
[]
[]
[]
[]
[]
[]
[]
[]
[]
[]
[]
[]
[]
[]
[]
[]
[]
[]
[]
[]
[]
[]
[]
[]
[]
[]
[]
[]
[]
[]
[]
[]
[]
[]
[]
[]
[]
[]
[]
[]
[]
[]
[]
[]
[]
[]
[]
[]
[]
[]
[]
[]
[]
[]
[]
[]
[]
[]
[]
[]
[]
[]
[]
[]
[]
[]
[]
[]
[]
[]
[]
[]
[]
[]
[]
[]
[]
[]
[]
[]
[]
[]
[]
[]
[]
[]
[]
[]
[]
[]
[]
[]
[]
[]
[]
[]
[]
[]
[]
[]
[]
[]
[]
[]
[]
[]
[]
[]
[]
[]
[]
[]
[]
[]
[]
[]
[]
[]
[]
[]
[]
[]
[]
[]
[]
[]
[]
[]
[]
[]
[]
[]
[]
[]
[]
[]
[]
[]
[]
[]
[]
[]
[]
[]
[]
[]
[]
[]
[]
[]
[]
[]
[]
[]
[]
[]
[]
[]
[]
[]
[]
[]
[]
[]
[]
[]
[]
[]
[]
[]
[]
[]
[]
[]
[]
[]
[]
[]
[]
[]
[]
[]
[]
[]
[]
[]
[]
[]
[]
[]
[]
[]
[]
[]
[]
[]
[]
[]
[]
[]
[]
[]
[]
[]
[]
[]
[]
[]
[]
[]
[]
[]
[]
[]
[]
[]
[]
[]
[]
[]
[]
[]
[]
[]
[]
[]
[]
[]
[]
[]
[]
[]
[]
[]
[]
[]
[]
[]
[]
[]
[]
[]
[]
[]
[]
[]
[]
[]
[]
[]
[]
[]
[]
[]
[]
[]
[]
[]
[]
[]
[]
[]
[]
[]
[]
[]
[]
[]
[]
[]
[]
[]
[]
[]
[]
[]
[]
[]
[]
[]
[]
[]
[]
[]
[]
[]
[]
[]
[]
[]
[]
[]
[]
[]
[]
[]
[]
[]
[]
[]
[]
[]
[]
[]
[]
[]
[]
[]
[]
[]
[]
[]
[]
[]
[]
[]
[]
[]
[]
[]
[]
[]
[]
[]
[]
[]
[]
[]
[]
[]
[]
[]
[]
[]
[]
[]
[]
[]
[]
[]
[]
[]
[]
[]
[]
[]
[]
[]
[]
[]
[]
[]
[]
[]
[]
[]
[]
[]
[]
[]
[]
[]
[]
[]
[]
[]
[]
[]
[]
[]
[]
[]
[]
[]
[]
[]
[]
[]
[]
[]
[]
[]
[]
[]
[]
[]
[]
[]
[]
[]
[]
[]
[]
[]
[]
[]
[]
[]
[]
[]
[]
[]
[]
[]
[]
[]
[]
[]
[]
[]
[]
[]
[]
[]
[]
[]
[]
[]
[]
[]
[]
[]
[]
[]
[]
[]
[]
[]
[]
[]
[]
[]
[]
[]
[]
[]
[]
[]
[]
[]
[]
[]
[]
[]
[]
[]
[]
[]
[]
[]
[]
[]
[]
[]
[]
[]
[]
[]
[]
[]
[]
[]
[]
[]
[]
[]
[]
[]
[]
[]
[]
[]
[]
[]
[]
[]
[]
[]
[]
[]
[]
[]
[]
[]
[]
[]
[]
[]
[]
[]
[]
[]
[]
[]
[]
[]
[]
[]
[]
[]
[]
[]
[]
[]
[]
[]
[]
[]
[]
[]
[]
[]
[]
[]
[]
[]
[]
[]
[]
[]
[]
[]
[]
[]
[]
[]
[]
[]
[]
[]
[]
[]
[]
[]
[]
[]
[]
[]
[]
[]
[]
[]
[]
[]
[]
[]
[]
[]
[]
[]
[]
[]
[]
[]
[]
[]
[]
[]
[]
[]
[]
[]
[]
[]
[]
[]
[]
[]
[]
[]
[]
[]
[]
[]
[]
[]
[]
[]
[]
[]
[]
[]
[]
[]
[]
[]
[]
[]
[]
[]
[]
[]
[]
[]
[]
[]
[]
[]
[]
[]
[]
[]
[]
[]
[]
[]
[]
[]
[]
[]
[]
[]
[]
[]
[]
[]
[]
[]
[]
[]
[]
[]
[]
[]
[]
[]
[]
[]
[]
[]
[]
[]
[]
[]
[]
[]
[]
[]
[]
[]
[]
[]
[]
[]
[]
[]
[]
[]
[]
[]
[]
[]
[]
[]
[]
[]
[]
[]
[]
[]
[]
[]
[]
[]
[]
[]
[]
[]
[]
[]
[]
[]
[]
[]
[]
[]
[]
[]
[]
[]
[]
[]
[]
[]
[]
[]
[]
[]
[]
[]
[]
[]
[]
[]
[]
[]
[]
[]
[]
[]
[]
[]
[]
[]
[]
[]
[]
[]
[]
[]
[]
[]
[]
[]
[]
[]
[]
[]
[]
[]
[]
[]
[]
[]
[]
[]
[]
[]
[]
[]
[]
[]
[]
[]
[]
[]
[]
[]
[]
[]
[]
[]
[]
[]
[]
[]
[]
[]
[]
[]
[]
[]
[]
[]
[]
[]
[]
[]
[]
[]
[]
[]
[]
[]
[]
[]
[]
[]
[]
[]
[]
[]
[]
[]
[]
[]
[]
[]
[]
[]
[]
[]
[]
[]
[]
[]
[]
[]
[]
[]
[]
[]
[]
[]
[]
[]
[]
[]
[]
[]
[]
[]
[]
[]
[]
[]
[]
[]
[]
[]
[]
[]
[]
[]
[]
[]
[]
[]
[]
[]
[]
[]
[]
[]
[]
[]
[]
[]
[]
[]
[]
[]
[]
[]
[]
[]
[]
[]
[]
[]
[]
[]
[]
[]
[]
[]
[]
[]
[]
[]
[]
[]
[]
[]
[]
[]
[]
[]
[]
[]
[]
[]
[]
[]
[]
[]
[]
[]
[]
[]
[]
[]
[]
[]
[]
[]
[]
[]
[]
[]
[]
[]
[]
[]
[]
[]
[]
[]
[]
[]
[]
[]
[]
[]
[]
[]
[]
[]
[]
[]
[]
[]
[]
[]
[]
[]
[]
[]
[]
[]
[]
[]
[]
[]
[]
[]
[]
[]
[]
[]
[]
[]
[]
[]
[]
[]
[]
[]
[]
[]
[]
[]
[]
[]
[]
[]
[]
[]
[]
[]
[]
[]
[]
[]
[]
[]
[]
[]
[]
[]
[]
[]
[]
[]
[]
[]
[]
[]
[]
[]
[]
[]
[]
[]
[]
[]
[]
[]
[]
[]
[]
[]
[]
[]
[]
[]
[]
[]
[]
[]
[]
[]
[]
[]
[]
[]
[]
[]
[]
[]
[]
[]
[]
[]
[]
[]
[]
[]
[]
[]
[]
[]
[]
[]
[]
[]
[]
[]
[]
[]
[]
[]
[]
[]
[]
[]
[]
[]
[]
[]
[]
[]
[]
[]
[]
[]
[]
[]
[]
[]
[]
[]
[]
[]
[]
[]
[]
[]
[]
[]
[]
[]
[]
[]
[]
[]
[]
[]
[]
[]
[]
[]
[]
[]
[]
[]
[]
[]
[]
[]
[]
[]
[]
[]
[]
[]
[]
[]
[]
[]
[]
[]
[]
[]
[]
[]
[]
[]
[]
[]
[]
[]
[]
[]
[]
[]
[]
[]
[]
[]
[]
[]
[]
[]
[]
[]
[]
[]
[]
[]
[]
[]
[]
[]
[]
[]
[]
[]
[]
[]
[]
[]
[]
[]
[]
[]
[]
[]
[]
[]
[]
[]
[]
[]
[]
[]
[]
[]
[]
[]
[]
[]
[]
[]
[]
[]
[]
[]
[]
[]
[]
[]
[]
[]
[]
[]
[]
[]
[]
[]
[]
[]
[]
[]
[]
[]
[]
[]
[]
[]
[]
[]
[]
[]
[]
[]
[]
[]
[]
[]
[]
[]
[]
[]
[]
[]
[]
[]
[]
[]
[]
[]
[]
[]
[]
[]
[]
[]
[]
[]
[]
[]
[]
[]
[]
[]
[]
[]
[]
[]
[]
[]
[]
[]
[]
[]
[]
[]
[]
[]
[]
[]
[]
[]
[]
[]
[]
[]
[]
[]
[]
[]
[]
[]
[]
[]
[]
[]
[]
[]
[]
[]
[]
[]
[]
[]
[]
[]
[]
[]
[]
[]
[]
[]
[]
[]
[]
[]
[]
[]
[]
[]
[]
[]
[]
[]
[]
[]
[]
[]
[]
[]
[]
[]
[]
[]
[]
[]
[]
[]
[]
[]
[]
[]
[]
[]
[]
[]
[]
[]
[]
[]
[]
[]
[]
[]
[]
[]
[]
[]
[]
[]
[]
[]
[]
[]
[]
[]
[]
[]
[]
[]
[]
[]
[]
[]
[]
[]
[]
[]
[]
[]
[]
[]
[]
[]
[]
[]
[]
[]
[]
[]
[]
[]
[]
[]
[]
[]
[]
[]
[]
[]
[]
[]
[]
[]
[]
[]
[]
[]
[]
[]
[]
[]
[]
[]
[]
[]
[]
[]
[]
[]
[]
[]
[]
[]
[]
[]
[]
[]
[]
[]
[]
[]
[]
[]
[]
[]
[]
[]
[]
[]
[]
[]
[]
[]
[]
[]
[]
[]
[]
[]
[]
[]
[]
[]
[]
[]
[]
[]
[]
[]
[]
[]
[]
[]
[]
[]
[]
[]
[]
[]
[]
[]
[]
[]
[]
[]
[]
[]
[]
[]
[]
[]
[]
[]
[]
[]
[]
[]
[]
[]
[]
[]
[]
[]
[]
[]
[]
[]
[]
[]
[]
[]
[]
[]
[]
[]
[]
[]
[]
[]
[]
[]
[]
[]
[]
[]
[]
[]
[]
[]
[]
[]
[]
[]
[]
[]
[]
[]
[]
[]
[]
[]
[]
[]
[]
[]
[]
[]
[]
[]
[]
[]
[]
[]
[]
[]
[]
[]
[]
[]
[]
[]
[]
[]
[]
[]
[]
[]
[]
[]
[]
[]
[]
[]
[]
[]
[]
[]
[]
[]
[]
[]
[]
[]
[]
[]
[]
[]
[]
[]
[]
[]
[]
[]
[]
[]
[]
[]
[]
[]
[]
[]
[]
[]
[]
[]
[]
[]
[]
[]
[]
[]
[]
[]
[]
[]
[]
[]
[]
[]
[]
[]
[]
[]
[]
[]
[]
[]
[]
[]
[]
[]
[]
[]
[]
[]
[]
[]
[]
[]
[]
[]
[]
[]
[]
[]
[]
[]
[]
[]
[]
[]
[]
[]
[]
[]
[]
[]
[]
[]
[]
[]
[]
[]
[]
[]
[]
[]
[]
[]
[]
[]
[]
[]
[]
[]
[]
[]
[]
[]
[]
[]
[]
[]
[]
[]
[]
[]
[]
[]
[]
[]
[]
[]
[]
[]
[]
[]
[]
[]
[]
[]
[]
[]
[]
[]
[]
[]
[]
[]
[]
[]
[]
[]
[]
[]
[]
[]
[]
[]
[]
[]
[]
[]
[]
[]
[]
[]
[]
[]
[]
[]
[]
[]
[]
[]
[]
[]
[]
[]
[]
[]
[]
[]
[]
[]
[]
[]
[]
[]
[]
[]
[]
[]
[]
[]
[]
[]
[]
[]
[]
[]
[]
[]
[]
[]
[]
[]
[]
[]
[]
[]
[]
[]
[]
[]
[]
[]
[]
[]
[]
[]
[]
[]
[]
[]
[]
[]
[]
[]
[]
[]
[]
[]
[]
[]
[]
[]
[]
[]
[]
[]
[]
[]
[]
[]
[]
[]
[]
[]
[]
[]
[]
[]
[]
[]
[]
[]
[]
[]
[]
[]
[]
[]
[]
[]
[]
[]
[]
[]
[]
[]
[]
[]
[]
[]
[]
[]
[]
[]
[]
[]
[]
[]
[]
[]
[]
[]
[]
[]
[]
[]
[]
[]
[]
[]
[]
[]
[]
[]
[]
[]
[]
[]
[]
[]
[]
[]
[]
[]
[]
[]
[]
[]
[]
[]
[]
[]
[]
[]
[]
[]
[]
[]
[]
[]
[]
[]
[]
[]
[]
[]
[]
[]
[]
[]
[]
[]
[]
[]
[]
[]
[]
[]
[]
[]
[]
[]
[]
[]
[]
[]
[]
[]
[]
[]
[]
[]
[]
[]
[]
[]
[]
[]
[]
[]
[]
[]
[]
[]
[]
[]
[]
[]
[]
[]
[]
[]
[]
[]
[]
[]
[]
[]
[]
[]
[]
[]
[]
[]
[]
[]
[]
[]
[]
[]
[]
[]
[]
[]
[]
[]
[]
[]
[]
[]
[]
[]
[]
[]
[]
[]
[]
[]
[]
[]
[]
[]
[]
[]
[]
[]
[]
[]
[]
[]
[]
[]
[]
[]
[]
[]
[]
[]
[]
[]
[]
[]
[]
[]
[]
[]
[]
[]
[]
[]
[]
[]
[]
[]
[]
[]
[]
[]
[]
[]
[]
[]
[]
[]
[]
[]
[]
[]
[]
[]
[]
[]
[]
[]
[]
[]
[]
[]
[]
[]
[]
[]
[]
[]
[]
[]
[]
[]
[]
[]
[]
[]
[]
[]
[]
[]
[]
[]
[]
[]
[]
[]
[]
[]
[]
[]
[]
[]
[]
[]
[]
[]
[]
[]
[]
[]
[]
[]
[]
[]
[]
[]
[]
[]
[]
[]
[]
[]
[]
[]
[]
[]
[]
[]
[]
[]
[]
[]
[]
[]
[]
[]
[]
[]
[]
[]
[]
[]
[]
[]
[]
[]
[]
[]
[]
[]
[]
[]
[]
[]
[]
[]
[]
[]
[]
[]
[]
[]
[]
[]
[]
[]
[]
[]
[]
[]
[]
[]
[]
[]
[]
[]
[]
[]
[]
[]
[]
[]
[]
[]
[]
[]
[]
[]
[]
[]
[]
[]
[]
[]
[]
[]
[]
[]
[]
[]
[]
[]
[]
[]
[]
[]
[]
[]
[]
[]
[]
[]
[]
[]
[]
[]
[]
[]
[]
[]
[]
[]
[]
[]
[]
[]
[]
[]
[]
[]
[]
[]
[]
[]
[]
[]
[]
[]
[]
[]
[]
[]
[]
[]
[]
[]
[]
[]
[]
[]
[]
[]
[]
[]
[]
[]
[]
[]
[]
[]
[]
[]
[]
[]
[]
[]
[]
[]
[]
[]
[]
[]
[]
[]
[]
[]
[]
[]
[]
[]
[]
[]
[]
[]
[]
[]
[]
[]
[]
[]
[]
[]
[]
[]
[]
[]
[]
[]
[]
[]
[]
[]
[]
[]
[]
[]
[]
[]
[]
[]
[]
[]
[]
[]
[]
[]
[]
[]
[]
[]
[]
[]
[]
[]
[]
[]
[]
[]
[]
[]
[]
[]
[]
[]
[]
[]
[]
[]
[]
[]
[]
[]
[]
[]
[]
[]
[]
[]
[]
[]
[]
[]
[]
[]
[]
[]
[]
[]
[]
[]
[]
[]
[]
[]
[]
[]
[]
[]
[]
[]
[]
[]
[]
[]
[]
[]
[]
[]
[]
[]
[]
[]
[]
[]
[]
[]
[]
[]
[]
[]
[]
[]
[]
[]
[]
[]
[]
[]
[]
[]
[]
[]
[]
[]
[]
[]
[]
[]
[]
[]
[]
[]
[]
[]
[]
[]
[]
[]
[]
[]
[]
[]
[]
[]
[]
[]
[]
[]
[]
[]
[]
[]
[]
[]
[]
[]
[]
[]
[]
[]
[]
[]
[]
[]
[]
[]
[]
[]
[]
[]
[]
[]
[]
[]
[]
[]
[]
[]
[]
[]
[]
[]
[]
[]
[]
[]
[]
[]
[]
[]
[]
[]
[]
[]
[]
[]
[]
[]
[]
[]
[]
[]
[]
[]
[]
[]
[]
[]
[]
[]
[]
[]
[]
[]
[]
[]
[]
[]
[]
[]
[]
[]
[]
[]
[]
[]
[]
[]
[]
[]
[]
[]
[]
[]
[]
[]
[]
[]
[]
[]
[]
[]
[]
[]
[]
[]
[]
[]
[]
[]
[]
[]
[]
[]
[]
[]
[]
[]
[]
[]
[]
[]
[]
[]
[]
[]
[]
[]
[]
[]
[]
[]
[]
[]
[]
[]
[]
[]
[]
[]
[]
[]
[]
[]
[]
[]
[]
[]
[]
[]
[]
[]
[]
[]
[]
[]
[]
[]
[]
[]
[]
[]
[]
[]
[]
[]
[]
[]
[]
[]
[]
[]
[]
[]
[]
[]
[]
[]
[]
[]
[]
[]
[]
[]
[]
[]
[]
[]
[]
[]
[]
[]
[]
[]
[]
[]
[]
[]
[]
[]
[]
[]
[]
[]
[]
[]
[]
[]
[]
[]
[]
[]
[]
[]
[]
[]
[]
[]
[]
[]
[]
[]
[]
[]
[]
[]
[]
[]
[]
[]
[]
[]
[]
[]
[]
[]
[]
[]
[]
[]
[]
[]
[]
[]
[]
[]
[]
[]
[]
[]
[]
[]
[]
[]
[]
[]
[]
[]
[]
[]
[]
[]
[]
[]
[]
[]
[]
[]
[]
[]
[]
[]
[]
[]
[]
[]
[]
[]
[]
[]
[]
[]
[]
[]
[]
[]
[]
[]
[]
[]
[]
[]
[]
[]
[]
[]
[]
[]
[]
[]
[]
[]
[]
[]
[]
[]
[]
[]
[]
[]
[]
[]
[]
[]
[]
[]
[]
[]
[]
[]
[]
[]
[]
[]
[]
[]
[]
[]
[]
[]
[]
[]
[]
[]
[]
[]
[]
[]
[]
[]
[]
[]
[]
[]
[]
[]
[]
[]
[]
[]
[]
[]
[]
[]
[]
[]
[]
[]
[]
[]
[]
[]
[]
[]
[]
[]
[]
[]
[]
[]
[]
[]
[]
[]
[]
[]
[]
[]
[]
[]
[]
[]
[]
[]
[]
[]
[]
[]
[]
[]
[]
[]
[]
[]
[]
[]
[]
[]
[]
[]
[]
[]
[]
[]
[]
[]
[]
[]
[]
[]
[]
[]
[]
[]
[]
[]
[]
[]
[]
[]
[]
[]
[]
[]
[]
[]
[]
[]
[]
[]
[]
[]
[]
[]
[]
[]
[]
[]
[]
[]
[]
[]
[]
[]
[]
[]
[]
[]
[]
[]
[]
[]
[]
[]
[]
[]
[]
[]
[]
[]
[]
[]
[]
[]
[]
[]
[]
[]
[]
[]
[]
[]
[]
[]
[]
[]
[]
[]
[]
[]
[]
[]
[]
[]
[]
[]
[]
[]
[]
[]
[]
[]
[]
[]
[]
[]
[]
[]
[]
[]
[]
[]
[]
[]
[]
[]
[]
[]
[]
[]
[]
[]
[]
[]
[]
[]
[]
[]
[]
[]
[]
[]
[]
[]
[]
[]
[]
[]
[]
[]
[]
[]
[]
[]
[]
[]
[]
[]
[]
[]
[]
[]
[]
[]
[]
[]
[]
[]
[]
[]
[]
[]
[]
[]
[]
[]
[]
[]
[]
[]
[]
[]
[]
[]
[]
[]
[]
[]
[]
[]
[]
[]
[]
[]
[]
[]
[]
[]
[]
[]
[]
[]
[]
[]
[]
[]
[]
[]
[]
[]
[]
[]
[]
[]
[]
[]
[]
[]
[]
[]
[]
[]
[]
[]
[]
[]
[]
[]
[]
[]
[]
[]
[]
[]
[]
[]
[]
[]
[]
[]
[]
[]
[]
[]
[]
[]
[]
[]
[]
[]
[]
[]
[]
[]
[]
[]
[]
[]
[]
[]
[]
[]
[]
[]
[]
[]
[]
[]
[]
[]
[]
[]
[]
[]
[]
[]
[]
[]
[]
[]
[]
[]
[]
[]
[]
[]
[]
[]
[]
[]
[]
[]
[]
[]
[]
[]
[]
[]
[]
[]
[]
[]
[]
[]
[]
[]
[]
[]
[]
[]
[]
[]
[]
[]
[]
[]
[]
[]
[]
[]
[]
[]
[]
[]
[]
[]
[]
[]
[]
[]
[]
[]
[]
[]
[]
[]
[]
[]
[]
[]
[]
[]
[]
[]
[]
[]
[]
[]
[]
[]
[]
[]
[]
[]
[]
[]
[]
[]
[]
[]
[]
[]
[]
[]
[]
[]
[]
[]
[]
[]
[]
[]
[]
[]
[]
[]
[]
[]
[]
[]
[]
[]
[]
[]
[]
[]
[]
[]
[]
[]
[]
[]
[]
[]
[]
[]
[]
[]
[]
[]
[]
[]
[]
[]
[]
[]
[]
[]
[]
[]
[]
[]
[]
[]
[]
[]
[]
[]
[]
[]
[]
[]
[]
[]
[]
[]
[]
[]
[]
[]
[]
[]
[]
[]
[]
[]
[]
[]
[]
[]
[]
[]
[]
[]
[]
[]
[]
[]
[]
[]
[]
[]
[]
[]
[]
[]
[]
[]
[]
[]
[]
[]
[]
[]
[]
[]
[]
[]
[]
[]
[]
[]
[]
[]
[]
[]
[]
[]
[]
[]
[]
[]
[]
[]
[]
[]
[]
[]
[]
[]
[]
[]
[]
[]
[]
[]
[]
[]
[]
[]
[]
[]
[]
[]
[]
[]
[]
[]
[]
[]
[]
[]
[]
[]
[]
[]
[]
[]
[]
[]
[]
[]
[]
[]
[]
[]
[]
[]
[]
[]
[]
[]
[]
[]
[]
[]
[]
[]
[]
[]
[]
[]
[]
[]
[]
[]
[]
[]
[]
[]
[]
[]
[]
[]
[]
[]
[]
[]
[]
[]
[]
[]
[]
[]
[]
[]
[]
[]
[]
[]
[]
[]
[]
[]
[]
[]
[]
[]
[]
[]
[]
[]
[]
[]
[]
[]
[]
[]
[]
[]
[]
[]
[]
[]
[]
[]
[]
[]
[]
[]
[]
[]
[]
[]
[]
[]
[]
[]
[]
[]
[]
[]
[]
[]
[]
[]
[]
[]
[]
[]
[]
[]
[]
[]
[]
[]
[]
[]
[]
[]
[]
[]
[]
[]
[]
[]
[]
[]
[]
[]
[]
[]
[]
[]
[]
[]
[]
[]
[]
[]
[]
[]
[]
[]
[]
[]
[]
[]
[]
[]
[]
[]
[]
[]
[]
[]
[]
[]
[]
[]
[]
[]
[]
[]
[]
[]
[]
[]
[]
[]
[]
[]
[]
[]
[]
[]
[]
[]
[]
[]
[]
[]
[]
[]
[]
[]
[]
[]
[]
[]
[]
[]
[]
[]
[]
[]
[]
[]
[]
[]
[]
[]
[]
[]
[]
[]
[]
[]
[]
[]
[]
[]
[]
[]
[]
[]
[]
[]
[]
[]
[]
[]
[]
[]
[]
[]
[]
[]
[]
[]
[]
[]
[]
[]
[]
[]
[]
[]
[]
[]
[]
[]
[]
[]
[]
[]
[]
[]
[]
[]
[]
[]
[]
[]
[]
[]
[]
[]
[]
[]
[]
[]
[]
[]
[]
[]
[]
[]
[]
[]
[]
[]
[]
[]
[]
[]
[]
[]
[]
[]
[]
[]
[]
[]
[]
[]
[]
[]
[]
[]
[]
[]
[]
[]
[]
[]
[]
[]
[]
[]
[]
[]
[]
[]
[]
[]
[]
[]
[]
[]
[]
[]
[]
[]
[]
[]
[]
[]
[]
[]
[]
[]
[]
[]
[]
[]
[]
[]
[]
[]
[]
[]
[]
[]
[]
[]
[]
[]
[]
[]
[]
[]
[]
[]
[]
[]
[]
[]
[]
[]
[]
[]
[]
[]
[]
[]
[]
[]
[]
[]
[]
[]
[]
[]
[]
[]
[]
[]
[]
[]
[]
[]
[]
[]
[]
[]
[]
[]
[]
[]
[]
[]
[]
[]
[]
[]
[]
[]
[]
[]
[]
[]
[]
[]
[]
[]
[]
[]
[]
[]
[]
[]
[]
[]
[]
[]
[]
[]
[]
[]
[]
[]
[]
[]
[]
[]
[]
[]
[]
[]
[]
[]
[]
[]
[]
[]
[]
[]
[]
[]
[]
[]
[]
[]
[]
[]
[]
[]
[]
[]
[]
[]
[]
[]
[]
[]
[]
[]
[]
[]
[]
[]
[]
[]
[]
[]
[]
[]
[]
[]
[]
[]
[]
[]
[]
[]
[]
[]
[]
[]
[]
[]
[]
[]
[]
[]
[]
[]
[]
[]
[]
[]
[]
[]
[]
[]
[]
[]
[]
[]
[]
[]
[]
[]
[]
[]
[]
[]
[]
[]
[]
[]
[]
[]
[]
[]
[]
[]
[]
[]
[]
[]
[]
[]
[]
[]
[]
[]
[]
[]
[]
[]
[]
[]
[]
[]
[]
[]
[]
[]
[]
[]
[]
[]
[]
[]
[]
[]
[]
[]
[]
[]
[]
[]
[]
[]
[]
[]
[]
[]
[]
[]
[]
[]
[]
[]
[]
[]
[]
[]
[]
[]
[]
[]
[]
[]
[]
[]
[]
[]
[]
[]
[]
[]
[]
[]
[]
[]
[]
[]
[]
[]
[]
[]
[]
[]
[]
[]
[]
[]
[]
[]
[]
[]
[]
[]
[]
[]
[]
[]
[]
[]
[]
[]
[]
[]
[]
[]
[]
[]
[]
[]
[]
[]
[]
[]
[]
[]
[]
[]
[]
[]
[]
[]
[]
[]
[]
[]
[]
[]
[]
[]
[]
[]
[]
[]
[]
[]
[]
[]
[]
[]
[]
[]
[]
[]
[]
[]
[]
[]
[]
[]
[]
[]
[]
[]
[]
[]
[]
[]
[]
[]
[]
[]
[]
[]
[]
[]
[]
[]
[]
[]
[]
[]
[]
[]
[]
[]
[]
[]
[]
[]
[]
[]
[]
[]
[]
[]
[]
[]
[]
[]
[]
[]
[]
[]
[]
[]
[]
[]
[]
[]
[]
[]
[]
[]
[]
[]
[]
[]
[]
[]
[]
[]
[]
[]
[]
[]
[]
[]
[]
[]
[]
[]
[]
[]
[]
[]
[]
[]
[]
[]
[]
[]
[]
[]
[]
[]
[]
[]
[]
[]
[]
[]
[]
[]
[]
[]
[]
[]
[]
[]
[]
[]
[]
[]
[]
[]
[]
[]
[]
[]
[]
[]
[]
[]
[]
[]
[]
[]
[]
[]
[]
[]
[]
[]
[]
[]
[]
[]
[]
[]
[]
[]
[]
[]
[]
[]
[]
[]
[]
[]
[]
[]
[]
[]
[]
[]
[]
[]
[]
[]
[]
[]
[]
[]
[]
[]
[]
[]
[]
[]
[]
[]
[]
[]
[]
[]
[]
[]
[]
[]
[]
[]
[]
[]
[]
[]
[]
[]
[]
[]
[]
[]
[]
[]
[]
[]
[]
[]
[]
[]
[]
[]
[]
[]
[]
[]
[]
[]
[]
[]
[]
[]
[]
[]
[]
[]
[]
[]
[]
[]
[]
[]
[]
[]
[]
[]
[]
[]
[]
[]
[]
[]
[]
[]
[]
[]
[]
[]
[]
[]
[]
[]
[]
[]
[]
[]
[]
[]
[]
[]
[]
[]
[]
[]
[]
[]
[]
[]
[]
[]
[]
[]
[]
[]
[]
[]
[]
[]
[]
[]
[]
[]
[]
[]
[]
[]
[]
[]
[]
[]
[]
[]
[]
[]
[]
[]
[]
[]
[]
[]
[]
[]
[]
[]
[]
[]
[]
[]
[]
[]
[]
[]
[]
[]
[]
[]
[]
[]
[]
[]
[]
[]
[]
[]
[]
[]
[]
[]
[]
[]
[]
[]
[]
[]
[]
[]
[]
[]
[]
[]
[]
[]
[]
[]
[]
[]
[]
[]
[]
[]
[]
[]
[]
[]
[]
[]
[]
[]
[]
[]
[]
[]
[]
[]
[]
[]
[]
[]
[]
[]
[]
[]
[]
[]
[]
[]
[]
[]
[]
[]
[]
[]
[]
[]
[]
[]
[]
[]
[]
[]
[]
[]
[]
[]
[]
[]
[]
[]
[]
[]
[]
[]
[]
[]
[]
[]
[]
[]
[]
[]
[]
[]
[]
[]
[]
[]
[]
[]
[]
[]
[]
[]
[]
[]
[]
[]
[]
[]
[]
[]
[]
[]
[]
[]
[]
[]
[]
[]
[]
[]
[]
[]
[]
[]
[]
[]
[]
[]
[]
[]
[]
[]
[]
[]
[]
[]
[]
[]
[]
[]
[]
[]
[]
[]
[]
[]
[]
[]
[]
[]
[]
[]
[]
[]
[]
[]
[]
[]
[]
[]
[]
[]
[]
[]
[]
[]
[]
[]
[]
[]
[]
[]
[]
[]
[]
[]
[]
[]
[]
[]
[]
[]
[]
[]
[]
[]
[]
[]
[]
[]
[]
[]
[]
[]
[]
[]
[]
[]
[]
[]
[]
[]
[]
[]
[]
[]
[]
[]
[]
[]
[]
[]
[]
[]
[]
[]
[]
[]
[]
[]
[]
[]
[]
[]
[]
[]
[]
[]
[]
[]
[]
[]
[]
[]
[]
[]
[]
[]
[]
[]
[]
[]
[]
[]
[]
[]
[]
[]
[]
[]
[]
[]
[]
[]
[]
[]
[]
[]
[]
[]
[]
[]
[]
[]
[]
[]
[]
[]
[]
[]
[]
[]
[]
[]
[]
[]
[]
[]
[]
[]
[]
[]
[]
[]
[]
[]
[]
[]
[]
[]
[]
[]
[]
[]
[]
[]
[]
[]
[]
[]
[]
[]
[]
[]
[]
[]
[]
[]
[]
[]
[]
[]
[]
[]
[]
[]
[]
[]
[]
[]
[]
[]
[]
[]
[]
[]
[]
[]
[]
[]
[]
[]
[]
[]
[]
[]
[]
[]
[]
[]
[]
[]
[]
[]
[]
[]
[]
[]
[]
[]
[]
[]
[]
[]
[]
[]
[]
[]
[]
[]
[]
[]
[]
[]
[]
[]
[]
[]
[]
[]
[]
[]
[]
[]
[]
[]
[]
[]
[]
[]
[]
[]
[]
[]
[]
[]
[]
[]
[]
[]
[]
[]
[]
[]
[]
[]
[]
[]
[]
[]
[]
[]
[]
[]
[]
[]
[]
[]
[]
[]
[]
[]
[]
[]
[]
[]
[]
[]
[]
[]
[]
[]
[]
[]
[]
[]
[]
[]
[]
[]
[]
[]
[]
[]
[]
[]
[]
[]
[]
[]
[]
[]
[]
[]
[]
[]
[]
[]
[]
[]
[]
[]
[]
[]
[]
[]
[]
[]
[]
[]
[]
[]
[]
[]
[]
[]
[]
[]
[]
[]
[]
[]
[]
[]
[]
[]
[]
[]
[]
[]
[]
[]
[]
[]
[]
[]
[]
[]
[]
[]
[]
[]
[]
[]
[]
[]
[]
[]
[]
[]
[]
[]
[]
[]
[]
[]
[]
[]
[]
[]
[]
[]
[]
[]
[]
[]
[]
[]
[]
[]
[]
[]
[]
[]
[]
[]
[]
[]
[]
[]
[]
[]
[]
[]
[]
[]
[]
[]
[]
[]
[]
[]
[]
[]
[]
[]
[]
[]
[]
[]
[]
[]
[]
[]
[]
[]
[]
[]
[]
[]
[]
[]
[]
[]
[]
[]
[]
[]
[]
[]
[]
[]
[]
[]
[]
[]
[]
[]
[]
[]
[]
[]
[]
[]
[]
[]
[]
[]
[]
[]
[]
[]
[]
[]
[]
[]
[]
[]
[]
[]
[]
[]
[]
[]
[]
[]
[]
[]
[]
[]
[]
[]
[]
[]
[]
[]
[]
[]
[]
[]
[]
[]
[]
[]
[]
[]
[]
[]
[]
[]
[]
[]
[]
[]
[]
[]
[]
[]
[]
[]
[]
[]
[]
[]
[]
[]
[]
[]
[]
[]
[]
[]
[]
[]
[]
[]
[]
[]
[]
[]
[]
[]
[]
[]
[]
[]
[]
[]
[]
[]
[]
[]
[]
[]
[]
[]
[]
[]
[]
[]
[]
[]
[]
[]
[]
[]
[]
[]
[]
[]
[]
[]
[]
[]
[]
[]
[]
[]
[]
[]
[]
[]
[]
[]
[]
[]
[]
[]
[]
[]
[]
[]
[]
[]
[]
[]
[]
[]
[]
[]
[]
[]
[]
[]
[]
[]
[]
[]
[]
[]
[]
[]
[]
[]
[]
[]
[]
[]
[]
[]
[]
[]
[]
[]
[]
[]
[]
[]
[]
[]
[]
[]
[]
[]
[]
[]
[]
[]
[]
[]
[]
[]
[]
[]
[]
[]
[]
[]
[]
[]
[]
[]
[]
[]
[]
[]
[]
[]
[]
[]
[]
[]
[]
[]
[]
[]
[]
[]
[]
[]
[]
[]
[]
[]
[]
[]
[]
[]
[]
[]
[]
[]
[]
[]
[]
[]
[]
[]
[]
[]
[]
[]
[]
[]
[]
[]
[]
[]
[]
[]
[]
[]
[]
[]
[]
[]
[]
[]
[]
[]
[]
[]
[]
[]
[]
[]
[]
[]
[]
[]
[]
[]
[]
[]
[]
[]
[]
[]
[]
[]
[]
[]
[]
[]
[]
[]
[]
[]
[]
[]
[]
[]
[]
[]
[]
[]
[]
[]
[]
[]
[]
[]
[]
[]
[]
[]
[]
[]
[]
[]
[]
[]
[]
[]
[]
[]
[]
[]
[]
[]
[]
[]
[]
[]
[]
[]
[]
[]
[]
[]
[]
[]
[]
[]
[]
[]
[]
[]
[]
[]
[]
[]
[]
[]
[]
[]
[]
[]
[]
[]
[]
[]
[]
[]
[]
[]
[]
[]
[]
[]
[]
[]
[]
[]
[]
[]
[]
[]
[]
[]
[]
[]
[]
[]
[]
[]
[]
[]
[]
[]
[]
[]
[]
[]
[]
[]
[]
[]
[]
[]
[]
[]
[]
[]
[]
[]
[]
[]
[]
[]
[]
[]
[]
[]
[]
[]
[]
[]
[]
[]
[]
[]
[]
[]
[]
[]
[]
[]
[]
[]
[]
[]
[]
[]
[]
[]
[]
[]
[]
[]
[]
[]
[]
[]
[]
[]
[]
[]
[]
[]
[]
[]
[]
[]
[]
[]
[]
[]
[]
[]
[]
[]
[]
[]
[]
[]
[]
[]
[]
[]
[]
[]
[]
[]
[]
[]
[]
[]
[]
[]
[]
[]
[]
[]
[]
[]
[]
[]
[]
[]
[]
[]
[]
[]
[]
[]
[]
[]
[]
[]
[]
[]
[]
[]
[]
[]
[]
[]
[]
[]
[]
[]
[]
[]
[]
[]
[]
[]
[]
[]
[]
[]
[]
[]
[]
[]
[]
[]
[]
[]
[]
[]
[]
[]
[]
[]
[]
[]
[]
[]
[]
[]
[]
[]
[]
[]
[]
[]
[]
[]
[]
[]
[]
[]
[]
[]
[]
[]
[]
[]
[]
[]
[]
[]
[]
[]
[]
[]
[]
[]
[]
[]
[]
[]
[]
[]
[]
[]
[]
[]
[]
[]
[]
[]
[]
[]
[]
[]
[]
[]
[]
[]
[]
[]
[]
[]
[]
[]
[]
[]
[]
[]
[]
[]
[]
[]
[]
[]
[]
[]
[]
[]
[]
[]
[]
[]
[]
[]
[]
[]
[]
[]
[]
[]
[]
[]
[]
[]
[]
[]
[]
[]
[]
[]
[]
[]
[]
[]
[]
[]
[]
[]
[]
[]
[]
[]
[]
[]
[]
[]
[]
[]
[]
[]
[]
[]
[]
[]
[]
[]
[]
[]
[]
[]
[]
[]
[]
[]
[]
[]
[]
[]
[]
[]
[]
[]
[]
[]
[]
[]
[]
[]
[]
[]
[]
[]
[]
[]
[]
[]
[]
[]
[]
[]
[]
[]
[]
[]
[]
[]
[]
[]
[]
[]
[]
[]
[]
[]
[]
[]
[]
[]
[]
[]
[]
[]
[]
[]
[]
[]
[]
[]
[]
[]
[]
[]
[]
[]
[]
[]
[]
[]
[]
[]
[]
[]
[]
[]
[]
[]
[]
[]
[]
[]
[]
[]
[]
[]
[]
[]
[]
[]
[]
[]
[]
[]
[]
[]
[]
[]
[]
[]
[]
[]
[]
[]
[]
[]
[]
[]
[]
[]
[]
[]
[]
[]
[]
[]
[]
[]
[]
[]
[]
[]
[]
[]
[]
[]
[]
[]
[]
[]
[]
[]
[]
[]
[]
[]
[]
[]
[]
[]
[]
[]
[]
[]
[]
[]
[]
[]
[]
[]
[]
[]
[]
[]
[]
[]
[]
[]
[]
[]
[]
[]
[]
[]
[]
[]
[]
[]
[]
[]
[]
[]
[]
[]
[]
[]
[]
[]
[]
[]
[]
[]
[]
[]
[]
[]
[]
[]
[]
[]
[]
[]
[]
[]
[]
[]
[]
[]
[]
[]
[]
[]
[]
[]
[]
[]
[]
[]
[]
[]
[]
[]
[]
[]
[]
[]
[]
[]
[]
[]
[]
[]
[]
[]
[]
[]
[]
[]
[]
[]
[]
[]
[]
[]
[]
[]
[]
[]
[]
[]
[]
[]
[]
[]
[]
[]
[]
[]
[]
[]
[]
[]
[]
[]
[]
[]
[]
[]
[]
[]
[]
[]
[]
[]
[]
[]
[]
[]
[]
[]
[]
[]
[]
[]
[]
[]
[]
[]
[]
[]
[]
[]
[]
[]
[]
[]
[]
[]
[]
[]
[]
[]
[]
[]
[]
[]
[]
[]
[]
[]
[]
[]
[]
[]
[]
[]
[]
[]
[]
[]
[]
[]
[]
[]
[]
[]
[]
[]
[]
[]
[]
[]
[]
[]
[]
[]
[]
[]
[]
[]
[]
[]
[]
[]
[]
[]
[]
[]
[]
[]
[]
[]
[]
[]
[]
[]
[]
[]
[]
[]
[]
[]
[]
[]
[]
[]
[]
[]
[]
[]
[]
[]
[]
[]
[]
[]
[]
[]
[]
[]
[]
[]
[]
[]
[]
[]
[]
[]
[]
[]
[]
[]
[]
[]
[]
[]
[]
[]
[]
[]
[]
[]
[]
[]
[]
[]
[]
[]
[]
[]
[]
[]
[]
[]
[]
[]
[]
[]
[]
[]
[]
[]
[]
[]
[]
[]
[]
[]
[]
[]
[]
[]
[]
[]
[]
[]
[]
[]
[]
[]
[]
[]
[]
[]
[]
[]
[]
[]
[]
[]
[]
[]
[]
[]
[]
[]
[]
[]
[]
[]
[]
[]
[]
[]
[]
[]
[]
[]
[]
[]
[]
[]
[]
[]
[]
[]
[]
[]
[]
[]
[]
[]
[]
[]
[]
[]
[]
[]
[]
[]
[]
[]
[]
[]
[]
[]
[]
[]
[]
[]
[]
[]
[]
[]
[]
[]
[]
[]
[]
[]
[]
[]
[]
[]
[]
[]
[]
[]
[]
[]
[]
[]
[]
[]
[]
[]
[]
[]
[]
[]
[]
[]
[]
[]
[]
[]
[]
[]
[]
[]
[]
[]
[]
[]
[]
[]
[]
[]
[]
[]
[]
[]
[]
[]
[]
[]
[]
[]
[]
[]
[]
[]
[]
[]
[]
[]
[]
[]
[]
[]
[]
[]
[]
[]
[]
[]
[]
[]
[]
[]
[]
[]
[]
[]
[]
[]
[]
[]
[]
[]
[]
[]
[]
[]
[]
[]
[]
[]
[]
[]
[]
[]
[]
[]
[]
[]
[]
[]
[]
[]
[]
[]
[]
[]
[]
[]
[]
[]
[]
[]
[]
[]
[]
[]
[]
[]
[]
[]
[]
[]
[]
[]
[]
[]
[]
[]
[]
[]
[]
[]
[]
[]
[]
[]
[]
[]
[]
[]
[]
[]
[]
[]
[]
[]
[]
[]
[]
[]
[]
[]
[]
[]
[]
[]
[]
[]
[]
[]
[]
[]
[]
[]
[]
[]
[]
[]
[]
[]
[]
[]
[]
[]
[]
[]
[]
[]
[]
[]
[]
[]
[]
[]
[]
[]
[]
[]
[]
[]
[]
[]
[]
[]
[]
[]
[]
[]
[]
[]
[]
[]
[]
[]
[]
[]
[]
[]
[]
[]
[]
[]
[]
[]
[]
[]
[]
[]
[]
[]
[]
[]
[]
[]
[]
[]
[]
[]
[]
[]
[]
[]
[]
[]
[]
[]
[]
[]
[]
[]
[]
[]
[]
[]
[]
[]
[]
[]
[]
[]
[]
[]
[]
[]
[]
[]
[]
[]
[]
[]
[]
[]
[]
[]
[]
[]
[]
[]
[]
[]
[]
[]
[]
[]
[]
[]
[]
[]
[]
[]
[]
[]
[]
[]
[]
[]
[]
[]
[]
[]
[]
[]
[]
[]
[]
[]
[]
[]
[]
[]
[]
[]
[]
[]
[]
[]
[]
[]
[]
[]
[]
[]
[]
[]
[]
[]
[]
[]
[]
[]
[]
[]
[]
[]
[]
[]
[]
[]
[]
[]
[]
[]
[]
[]
[]
[]
[]
[]
[]
[]
[]
[]
[]
[]
[]
[]
[]
[]
[]
[]
[]
[]
[]
[]
[]
[]
[]
[]
[]
[]
[]
[]
[]
[]
[]
[]
[]
[]
[]
[]
[]
[]
[]
[]
[]
[]
[]
[]
[]
[]
[]
[]
[]
[]
[]
[]
[]
[]
[]
[]
[]
[]
[]
[]
[]
[]
[]
[]
[]
[]
[]
[]
[]
[]
[]
[]
[]
[]
[]
[]
[]
[]
[]
[]
[]
[]
[]
[]
[]
[]
[]
[]
[]
[]
[]
[]
[]
[]
[]
[]
[]
[]
[]
[]
[]
[]
[]
[]
[]
[]
[]
[]
[]
[]
[]
[]
[]
[]
[]
[]
[]
[]
[]
[]
[]
[]
[]
[]
[]
[]
[]
[]
[]
[]
[]
[]
[]
[]
[]
[]
[]
[]
[]
[]
[]
[]
[]
[]
[]
[]
[]
[]
[]
[]
[]
[]
[]
[]
[]
[]
[]
[]
[]
[]
[]
[]
[]
[]
[]
[]
[]
[]
[]
[]
[]
[]
[]
[]
[]
[]
[]
[]
[]
[]
[]
[]
[]
[]
[]
[]
[]
[]
[]
[]
[]
[]
[]
[]
[]
[]
[]
[]
[]
[]
[]
[]
[]
[]
[]
[]
[]
[]
[]
[]
[]
[]
[]
[]
[]
[]
[]
[]
[]
[]
[]
[]
[]
[]
[]
[]
[]
[]
[]
[]
[]
[]
[]
[]
[]
[]
[]
[]
[]
[]
[]
[]
[]
[]
[]
[]
[]
[]
[]
[]
[]
[]
[]
[]
[]
[]
[]
[]
[]
[]
[]
[]
[]
[]
[]
[]
[]
[]
[]
[]
[]
[]
[]
[]
[]
[]
[]
[]
[]
[]
[]
[]
[]
[]
[]
[]
[]
[]
[]
[]
[]
[]
[]
[]
[]
[]
[]
[]
[]
[]
[]
[]
[]
[]
[]
[]
[]
[]
[]
[]
[]
[]
[]
[]
[]
[]
[]
[]
[]
[]
[]
[]
[]
[]
[]
[]
[]
[]
[]
[]
[]
[]
[]
[]
[]
[]
[]
[]
[]
[]
[]
[]
[]
[]
[]
[]
[]
[]
[]
[]
[]
[]
[]
[]
[]
[]
[]
[]
[]
[]
[]
[]
[]
[]
[]
[]
[]
[]
[]
[]
[]
[]
[]
[]
[]
[]
[]
[]
[]
[]
[]
[]
[]
[]
[]
[]
[]
[]
[]
[]
[]
[]
[]
[]
[]
[]
[]
[]
[]
[]
[]
[]
[]
[]
[]
[]
[]
[]
[]
[]
[]
[]
[]
[]
[]
[]
[]
[]
[]
[]
[]
[]
[]
[]
[]
[]
[]
[]
[]
[]
[]
[]
[]
[]
[]
[]
[]
[]
[]
[]
[]
[]
[]
[]
[]
[]
[]
[]
[]
[]
[]
[]
[]
[]
[]
[]
[]
[]
[]
[]
[]
[]
[]
[]
[]
[]
[]
[]
[]
[]
[]
[]
[]
[]
[]
[]
[]
[]
[]
[]
[]
[]
[]
[]
[]
[]
[]
[]
[]
[]
[]
[]
[]
[]
[]
[]
[]
[]
[]
[]
[]
[]
[]
[]
[]
[]
[]
[]
[]
[]
[]
[]
[]
[]
[]
[]
[]
[]
[]
[]
[]
[]
[]
[]
[]
[]
[]
[]
[]
[]
[]
[]
[]
[]
[]
[]
[]
[]
[]
[]
[]
[]
[]
[]
[]
[]
[]
[]
[]
[]
[]
[]
[]
[]
[]
[]
[]
[]
[]
[]
[]
[]
[]
[]
[]
[]
[]
[]
[]
[]
[]
[]
[]
[]
[]
[]
[]
[]
[]
[]
[]
[]
[]
[]
[]
[]
[]
[]
[]
[]
[]
[]
[]
[]
[]
[]
[]
[]
[]
[]
[]
[]
[]
[]
[]
[]
[]
[]
[]
[]
[]
[]
[]
[]
[]
[]
[]
[]
[]
[]
[]
[]
[]
[]
[]
[]
[]
[]
[]
[]
[]
[]
[]
[]
[]
[]
[]
[]
[]
[]
[]
[]
[]
[]
[]
[]
[]
[]
[]
[]
[]
[]
[]
[]
[]
[]
[]
[]
[]
[]
[]
[]
[]
[]
[]
[]
[]
[]
[]
[]
[]
[]
[]
[]
[]
[]
[]
[]
[]
[]
[]
[]
[]
[]
[]
[]
[]
[]
[]
[]
[]
[]
[]
[]
[]
[]
[]
[]
[]
[]
[]
[]
[]
[]
[]
[]
[]
[]
[]
[]
[]
[]
[]
[]
[]
[]
[]
[]
[]
[]
[]
[]
[]
[]
[]
[]
[]
[]
[]
[]
[]
[]
[]
[]
[]
[]
[]
[]
[]
[]
[]
[]
[]
[]
[]
[]
[]
[]
[]
[]
[]
[]
[]
[]
[]
[]
[]
[]
[]
[]
[]
[]
[]
[]
[]
[]
[]
[]
[]
[]
[]
[]
[]
[]
[]
[]
[]
[]
[]
[]
[]
[]
[]
[]
[]
[]
[]
[]
[]
[]
[]
[]
[]
[]
[]
[]
[]
[]
[]
[]
[]
[]
[]
[]
[]
[]
[]
[]
[]
[]
[]
[]
[]
[]
[]
[]
[]
[]
[]
[]
[]
[]
[]
[]
[]
[]
[]
[]
[]
[]
[]
[]
[]
[]
[]
[]
[]
[]
[]
[]
[]
[]
[]
[]
[]
[]
[]
[]
[]
[]
[]
[]
[]
[]
[]
[]
[]
[]
[]
[]
[]
[]
[]
[]
[]
[]
[]
[]
[]
[]
[]
[]
[]
[]
[]
[]
[]
[]
[]
[]
[]
[]
[]
[]
[]
[]
[]
[]
[]
[]
[]
[]
[]
[]
[]
[]
[]
[]
[]
[]
[]
[]
[]
[]
[]
[]
[]
[]
[]
[]
[]
[]
[]
[]
[]
[]
[]
[]
[]
[]
[]
[]
[]
[]
[]
[]
[]
[]
[]
[]
[]
[]
[]
[]
[]
[]
[]
[]
[]
[]
[]
[]
[]
[]
[]
[]
[]
[]
[]
[]
[]
[]
[]
[]
[]
[]
[]
[]
[]
[]
[]
[]
[]
[]
[]
[]
[]
[]
[]
[]
[]
[]
[]
[]
[]
[]
[]
[]
[]
[]
[]
[]
[]
[]
[]
[]
[]
[]
[]
[]
[]
[]
[]
[]
[]
[]
[]
[]
[]
[]
[]
[]
[]
[]
[]
[]
[]
[]
[]
[]
[]
[]
[]
[]
[]
[]
[]
[]
[]
[]
[]
[]
[]
[]
[]
[]
[]
[]
[]
[]
[]
[]
[]
[]
[]
[]
[]
[]
[]
[]
[]
[]
[]
[]
[]
[]
[]
[]
[]
[]
[]
[]
[]
[]
[]
[]
[]
[]
[]
[]
[]
[]
[]
[]
[]
[]
[]
[]
[]
[]
[]
[]
[]
[]
[]
[]
[]
[]
[]
[]
[]
[]
[]
[]
[]
[]
[]
[]
[]
[]
[]
[]
[]
[]
[]
[]
[]
[]
[]
[]
[]
[]
[]
[]
[]
[]
[]
[]
[]
[]
[]
[]
[]
[]
[]
[]
[]
[]
[]
[]
[]
[]
[]
[]
[]
[]
[]
[]
[]
[]
[]
[]
[]
[]
[]
[]
[]
[]
[]
[]
[]
[]
[]
[]
[]
[]
[]
[]
[]
[]
[]
[]
[]
[]
[]
[]
[]
[]
[]
[]
[]
[]
[]
[]
[]
[]
[]
[]
[]
[]
[]
[]
[]
[]
[]
[]
[]
[]
[]
[]
[]
[]
[]
[]
[]
[]
[]
[]
[]
[]
[]
[]
[]
[]
[]
[]
[]
[]
[]
[]
[]
[]
[]
[]
[]
[]
[]
[]
[]
[]
[]
[]
[]
[]
[]
[]
[]
[]
[]
[]
[]
[]
[]
[]
[]
[]
[]
[]
[]
[]
[]
[]
[]
[]
[]
[]
[]
[]
[]
[]
[]
[]
[]
[]
[]
[]
[]
[]
[]
[]
[]
[]
[]
[]
[]
[]
[]
[]
[]
[]
[]
[]
[]
[]
[]
[]
[]
[]
[]
[]
[]
[]
[]
[]
[]
[]
[]
[]
[]
[]
[]
[]
[]
[]
[]
[]
[]
[]
[]
[]
[]
[]
[]
[]
[]
[]
[]
[]
[]
[]
[]
[]
[]
[]
[]
[]
[]
[]
[]
[]
[]
[]
[]
[]
[]
[]
[]
[]
[]
[]
[]
[]
[]
[]
[]
[]
[]
[]
[]
[]
[]
[]
[]
[]
[]
[]
[]
[]
[]
[]
[]
[]
[]
[]
[]
[]
[]
[]
[]
[]
[]
[]
[]
[]
[]
[]
[]
[]
[]
[]
[]
[]
[]
[]
[]
[]
[]
[]
[]
[]
[]
[]
[]
[]
[]
[]
[]
[]
[]
[]
[]
[]
[]
[]
[]
[]
[]
[]
[]
[]
[]
[]
[]
[]
[]
[]
[]
[]
[]
[]
[]
[]
[]
[]
[]
[]
[]
[]
[]
[]
[]
[]
[]
[]
[]
[]
[]
[]
[]
[]
[]
[]
[]
[]
[]
[]
[]
[]
[]
[]
[]
[]
[]
[]
[]
[]
[]
[]
[]
[]
[]
[]
[]
[]
[]
[]
[]
[]
[]
[]
[]
[]
[]
[]
[]
[]
[]
[]
[]
[]
[]
[]
[]
[]
[]
[]
[]
[]
[]
[]
[]
[]
[]
[]
[]
[]
[]
[]
[]
[]
[]
[]
[]
[]
[]
[]
[]
[]
[]
[]
[]
[]
[]
[]
[]
[]
[]
[]
[]
[]
[]
[]
[]
[]
[]
[]
[]
[]
[]
[]
[]
[]
[]
[]
[]
[]
[]
[]
[]
[]
[]
[]
[]
[]
[]
[]
[]
[]
[]
[]
[]
[]
[]
[]
[]
[]
[]
[]
[]
[]
[]
[]
[]
[]
[]
[]
[]
[]
[]
[]
[]
[]
[]
[]
[]
[]
[]
[]
[]
[]
[]
[]
[]
[]
[]
[]
[]
[]
[]
[]
[]
[]
[]
[]
[]
[]
[]
[]
[]
[]
[]
[]
[]
[]
[]
[]
[]
[]
[]
[]
[]
[]
[]
[]
[]
[]
[]
[]
[]
[]
[]
[]
[]
[]
[]
[]
[]
[]
[]
[]
[]
[]
[]
[]
[]
[]
[]
[]
[]
[]
[]
[]
[]
[]
[]
[]
[]
[]
[]
[]
[]
[]
[]
[]
[]
[]
[]
[]
[]
[]
[]
[]
[]
[]
[]
[]
[]
[]
[]
[]
[]
[]
[]
[]
[]
[]
[]
[]
[]
[]
[]
[]
[]
[]
[]
[]
[]
[]
[]
[]
[]
[]
[]
[]
[]
[]
[]
[]
[]
[]
[]
[]
[]
[]
[]
[]
[]
[]
[]
[]
[]
[]
[]
[]
[]
[]
[]
[]
[]
[]
[]
[]
[]
[]
[]
[]
[]
[]
[]
[]
[]
[]
[]
[]
[]
[]
[]
[]
[]
[]
[]
[]
[]
[]
[]
[]
[]
[]
[]
[]
[]
[]
[]
[]
[]
[]
[]
[]
[]
[]
[]
[]
[]
[]
[]
[]
[]
[]
[]
[]
[]
[]
[]
[]
[]
[]
[]
[]
[]
[]
[]
[]
[]
[]
[]
[]
[]
[]
[]
[]
[]
[]
[]
[]
[]
[]
[]
[]
[]
[]
[]
[]
[]
[]
[]
[]
[]
[]
[]
[]
[]
[]
[]
[]
[]
[]
[]
[]
[]
[]
[]
[]
[]
[]
[]
[]
[]
[]
[]
[]
[]
[]
[]
[]
[]
[]
[]
[]
[]
[]
[]
[]
[]
[]
[]
[]
[]
[]
[]
[]
[]
[]
[]
[]
[]
[]
[]
[]
[]
[]
[]
[]
[]
[]
[]
[]
[]
[]
[]
[]
[]
[]
[]
[]
[]
[]
[]
[]
[]
[]
[]
[]
[]
[]
[]
[]
[]
[]
[]
[]
[]
[]
[]
[]
[]
[]
[]
[]
[]
[]
[]
[]
[]
[]
[]
[]
[]
[]
[]
[]
[]
[]
[]
[]
[]
[]
[]
[]
[]
[]
[]
[]
[]
[]
[]
[]
[]
[]
[]
[]
[]
[]
[]
[]
[]
[]
[]
[]
[]
[]
[]
[]
[]
[]
[]
[]
[]
[]
[]
[]
[]
[]
[]
[]
[]
[]
[]
[]
[]
[]
[]
[]
[]
[]
[]
[]
[]
[]
[]
[]
[]
[]
[]
[]
[]
[]
[]
[]
[]
[]
[]
[]
[]
[]
[]
[]
[]
[]
[]
[]
[]
[]
[]
[]
[]
[]
[]
[]
[]
[]
[]
[]
[]
[]
[]
[]
[]
[]
[]
[]
[]
[]
[]
[]
[]
[]
[]
[]
[]
[]
[]
[]
[]
[]
[]
[]
[]
[]
[]
[]
[]
[]
[]
[]
[]
[]
[]
[]
[]
[]
[]
[]
[]
[]
[]
[]
[]
[]
[]
[]
[]
[]
[]
[]
[]
[]
[]
[]
[]
[]
[]
[]
[]
[]
[]
[]
[]
[]
[]
[]
[]
[]
[]
[]
[]
[]
[]
[]
[]
[]
[]
[]
[]
[]
[]
[]
[]
[]
[]
[]
[]
[]
[]
[]
[]
[]
[]
[]
[]
[]
[]
[]
[]
[]
[]
[]
[]
[]
[]
[]
[]
[]
[]
[]
[]
[]
[]
[]
[]
[]
[]
[]
[]
[]
[]
[]
[]
[]
[]
[]
[]
[]
[]
[]
[]
[]
[]
[]
[]
[]
[]
[]
[]
[]
[]
[]
[]
[]
[]
[]
[]
[]
[]
[]
[]
[]
[]
[]
[]
[]
[]
[]
[]
[]
[]
[]
[]
[]
[]
[]
[]
[]
[]
[]
[]
[]
[]
[]
[]
[]
[]
[]
[]
[]
[]
[]
[]
[]
[]
[]
[]
[]
[]
[]
[]
[]
[]
[]
[]
[]
[]
[]
[]
[]
[]
[]
[]
[]
[]
[]
[]
[]
[]
[]
[]
[]
[]
[]
[]
[]
[]
[]
[]
[]
[]
[]
[]
[]
[]
[]
[]
[]
[]
[]
[]
[]
[]
[]
[]
[]
[]
[]
[]
[]
[]
[]
[]
[]
[]
[]
[]
[]
[]
[]
[]
[]
[]
[]
[]
[]
[]
[]
[]
[]
[]
[]
[]
[]
[]
[]
[]
[]
[]
[]
[]
[]
[]
[]
[]
[]
[]
[]
[]
[]
[]
[]
[]
[]
[]
[]
[]
[]
[]
[]
[]
[]
[]
[]
[]
[]
[]
[]
[]
[]
[]
[]
[]
[]
[]
[]
[]
[]
[]
[]
[]
[]
[]
[]
[]
[]
[]
[]
[]
[]
[]
[]
[]
[]
[]
[]
[]
[]
[]
[]
[]
[]
[]
[]
[]
[]
[]
[]
[]
[]
[]
[]
[]
[]
[]
[]
[]
[]
[]
[]
[]
[]
[]
[]
[]
[]
[]
[]
[]
[]
[]
[]
[]
[]
[]
[]
[]
[]
[]
[]
[]
[]
[]
[]
[]
[]
[]
[]
[]
[]
[]
[]
[]
[]
[]
[]
[]
[]
[]
[]
[]
[]
[]
[]
[]
[]
[]
[]
[]
[]
[]
[]
[]
[]
[]
[]
[]
[]
[]
[]
[]
[]
[]
[]
[]
[]
[]
[]
[]
[]
[]
[]
[]
[]
[]
[]
[]
[]
[]
[]
[]
[]
[]
[]
[]
[]
[]
[]
[]
[]
[]
[]
[]
[]
[]
[]
[]
[]
[]
[]
[]
[]
[]
[]
[]
[]
[]
[]
[]
[]
[]
[]
[]
[]
[]
[]
[]
[]
[]
[]
[]
[]
[]
[]
[]
[]
[]
[]
[]
[]
[]
[]
[]
[]
[]
[]
[]
[]
[]
[]
[]
[]
[]
[]
[]
[]
[]
[]
[]
[]
[]
[]
[]
[]
[]
[]
[]
[]
[]
[]
[]
[]
[]
[]
[]
[]
[]
[]
[]
[]
[]
[]
[]
[]
[]
[]
[]
[]
[]
[]
[]
[]
[]
[]
[]
[]
[]
[]
[]
[]
[]
[]
[]
[]
[]
[]
[]
[]
[]
[]
[]
[]
[]
[]
[]
[]
[]
[]
[]
[]
[]
[]
[]
[]
[]
[]
[]
[]
[]
[]
[]
[]
[]
[]
[]
[]
[]
[]
[]
[]
[]
[]
[]
[]
[]
[]
[]
[]
[]
[]
[]
[]
[]
[]
[]
[]
[]
[]
[]
[]
[]
[]
[]
[]
[]
[]
[]
[]
[]
[]
[]
[]
[]
[]
[]
[]
[]
[]
[]
[]
[]
[]
[]
[]
[]
[]
[]
[]
[]
[]
[]
[]
[]
[]
[]
[]
[]
[]
[]
[]
[]
[]
[]
[]
[]
[]
[]
[]
[]
[]
[]
[]
[]
[]
[]
[]
[]
[]
[]
[]
[]
[]
[]
[]
[]
[]
[]
[]
[]
[]
[]
[]
[]
[]
[]
[]
[]
[]
[]
[]
[]
[]
[]
[]
[]
[]
[]
[]
[]
[]
[]
[]
[]
[]
[]
[]
[]
[]
[]
[]
[]
[]
[]
[]
[]
[]
[]
[]
[]
[]
[]
[]
[]
[]
[]
[]
[]
[]
[]
[]
[]
[]
[]
[]
[]
[]
[]
[]
[]
[]
[]
[]
[]
[]
[]
[]
[]
[]
[]
[]
[]
[]
[]
[]
[]
[]
[]
[]
[]
[]
[]
[]
[]
[]
[]
[]
[]
[]
[]
[]
[]
[]
[]
[]
[]
[]
[]
[]
[]
[]
[]
[]
[]
[]
[]
[]
[]
[]
[]
[]
[]
[]
[]
[]
[]
[]
[]
[]
[]
[]
[]
[]
[]
[]
[]
[]
[]
[]
[]
[]
[]
[]
[]
[]
[]
[]
[]
[]
[]
[]
[]
[]
[]
[]
[]
[]
[]
[]
[]
[]
[]
[]
[]
[]
[]
[]
[]
[]
[]
[]
[]
[]
[]
[]
[]
[]
[]
[]
[]
[]
[]
[]
[]
[]
[]
[]
[]
[]
[]
[]
[]
[]
[]
[]
[]
[]
[]
[]
[]
[]
[]
[]
[]
[]
[]
[]
[]
[]
[]
[]
[]
[]
[]
[]
[]
[]
[]
[]
[]
[]
[]
[]
[]
[]
[]
[]
[]
[]
[]
[]
[]
[]
[]
[]
[]
[]
[]
[]
[]
[]
[]
[]
[]
[]
[]
[]
[]
[]
[]
[]
[]
[]
[]
[]
[]
[]
[]
[]
[]
[]
[]
[]
[]
[]
[]
[]
[]
[]
[]
[]
[]
[]
[]
[]
[]
[]
[]
[]
[]
[]
[]
[]
[]
[]
[]
[]
[]
[]
[]
[]
[]
[]
[]
[]
[]
[]
[]
[]
[]
[]
[]
[]
[]
[]
[]
[]
[]
[]
[]
[]
[]
[]
[]
[]
[]
[]
[]
[]
[]
[]
[]
[]
[]
[]
[]
[]
[]
[]
[]
[]
[]
[]
[]
[]
[]
[]
[]
[]
[]
[]
[]
[]
[]
[]
[]
[]
[]
[]
[]
[]
[]
[]
[]
[]
[]
[]
[]
[]
[]
[]
[]
[]
[]
[]
[]
[]
[]
[]
[]
[]
[]
[]
[]
[]
[]
[]
[]
[]
[]
[]
[]
[]
[]
[]
[]
[]
[]
[]
[]
[]
[]
[]
[]
[]
[]
[]
[]
[]
[]
[]
[]
[]
[]
[]
[]
[]
[]
[]
[]
[]
[]
[]
[]
[]
[]
[]
[]
[]
[]
[]
[]
[]
[]
[]
[]
[]
[]
[]
[]
[]
[]
[]
[]
[]
[]
[]
[]
[]
[]
[]
[]
[]
[]
[]
[]
[]
[]
[]
[]
[]
[]
[]
[]
[]
[]
[]
[]
[]
[]
[]
[]
[]
[]
[]
[]
[]
[]
[]
[]
[]
[]
[]
[]
[]
[]
[]
[]
[]
[]
[]
[]
[]
[]
[]
[]
[]
[]
[]
[]
[]
[]
[]
[]
[]
[]
[]
[]
[]
[]
[]
[]
[]
[]
[]
[]
[]
[]
[]
[]
[]
[]
[]
[]
[]
[]
[]
[]
[]
[]
[]
[]
[]
[]
[]
[]
[]
[]
[]
[]
[]
[]
[]
[]
[]
[]
[]
[]
[]
[]
[]
[]
[]
[]
[]
[]
[]
[]
[]
[]
[]
[]
[]
[]
[]
[]
[]
[]
[]
[]
[]
[]
[]
[]
[]
[]
[]
[]
[]
[]
[]
[]
[]
[]
[]
[]
[]
[]
[]
[]
[]
[]
[]
[]
[]
[]
[]
[]
[]
[]
[]
[]
[]
[]
[]
[]
[]
[]
[]
[]
[]
[]
[]
[]
[]
[]
[]
[]
[]
[]
[]
[]
[]
[]
[]
[]
[]
[]
[]
[]
[]
[]
[]
[]
[]
[]
[]
[]
[]
[]
[]
[]
[]
[]
[]
[]
[]
[]
[]
[]
[]
[]
[]
[]
[]
[]
[]
[]
[]
[]
[]
[]
[]
[]
[]
[]
[]
[]
[]
[]
[]
[]
[]
[]
[]
[]
[]
[]
[]
[]
[]
[]
[]
[]
[]
[]
[]
[]
[]
[]
[]
[]
[]
[]
[]
[]
[]
[]
[]
[]
[]
[]
[]
[]
[]
[]
[]
[]
[]
[]
[]
[]
[]
[]
[]
[]
[]
[]
[]
[]
[]
[]
[]
[]
[]
[]
[]
[]
[]
[]
[]
[]
[]
[]
[]
[]
[]
[]
[]
[]
[]
[]
[]
[]
[]
[]
[]
[]
[]
[]
[]
[]
[]
[]
[]
[]
[]
[]
[]
[]
[]
[]
[]
[]
[]
[]
[]
[]
[]
[]
[]
[]
[]
[]
[]
[]
[]
[]
[]
[]
[]
[]
[]
[]
[]
[]
[]
[]
[]
[]
[]
[]
[]
[]
[]
[]
[]
[]
[]
[]
[]
[]
[]
[]
[]
[]
[]
[]
[]
[]
[]
[]
[]
[]
[]
[]
[]
[]
[]
[]
[]
[]
[]
[]
[]
[]
[]
[]
[]
[]
[]
[]
[]
[]
[]
[]
[]
[]
[]
[]
[]
[]
[]
[]
[]
[]
[]
[]
[]
[]
[]
[]
[]
[]
[]
[]
[]
[]
[]
[]
[]
[]
[]
[]
[]
[]
[]
[]
[]
[]
[]
[]
[]
[]
[]
[]
[]
[]
[]
[]
[]
[]
[]
[]
[]
[]
[]
[]
[]
[]
[]
[]
[]
[]
[]
[]
[]
[]
[]
[]
[]
[]
[]
[]
[]
[]
[]
[]
[]
[]
[]
[]
[]
[]
[]
[]
[]
[]
[]
[]
[]
[]
[]
[]
[]
[]
[]
[]
[]
[]
[]
[]
[]
[]
[]
[]
[]
[]
[]
[]
[]
[]
[]
[]
[]
[]
[]
[]
[]
[]
[]
[]
[]
[]
[]
[]
[]
[]
[]
[]
[]
[]
[]
[]
[]
[]
[]
[]
[]
[]
[]
[]
[]
[]
[]
[]
[]
[]
[]
[]
[]
[]
[]
[]
[]
[]
[]
[]
[]
[]
[]
[]
[]
[]
[]
[]
[]
[]
[]
[]
[]
[]
[]
[]
[]
[]
[]
[]
[]
[]
[]
[]
[]
[]
[]
[]
[]
[]
[]
[]
[]
[]
[]
[]
[]
[]
[]
[]
[]
[26003,{"$f":"IF(MONTH(C49577)<=9,YEAR(C49577)-1,YEAR(C49577))","v":1958},"1959-07-21","REJECTED","REJECTED"]
[26003,1959,"1960-02-10",2.38,9]
[26003,1960,"1960-12-20",2.86,9]
[26003,1961,"1961-12-04",2.09,9]
[26003,1962,"1963-03-05",2.09,9]
[26003,1963,"1964-03-15",1.42,9]
[26003,1964,"1965-09-09",0.54,9]
[26003,1965,"1966-02-25",2.77,9]
[26003,1966,"1967-05-15",1.76,9]
[26003,1967,"1968-01-21",1.02,9]
[26003,1968,"1969-01-20",2.91,9]
[26003,1969,"1970-02-21",2.38,9]
[26003,1970,"1971-02-14","REJECTED","REJECTED"]
[26003,1971,"1972-04-10",1.25,9]
[26003,1972,"1972-12-06",0.37,9]
[26003,1973,"1973-11-27",0.83499999999999996,9]
[26003,1975,"1976-01-30",1.274,0.38]
[26003,1976,"1977-02-10",2.9550000000000001,0.63900000000000001]
[26003,1977,"1978-05-06",1.9159999999999999,0.49]
[26003,1978,"1979-03-29",2.5419999999999998,0.58299999999999996]
[26003,1979,"1980-01-31",2.7160000000000002,0.60699999999999998]
[26003,1980,"1981-04-26",2.7010000000000001,0.60499999999999998]
[26003,1981,"1982-01-04",1.2370000000000001,0.373]
[26003,1982,"1983-06-02",1.605,0.439]
[26003,1983,"1983-12-09",2.1960000000000002,0.53300000000000003]
[26003,1984,"1985-01-21",1.694,0.45400000000000001]
[26003,1985,"1986-05-07",1.948,0.495]
[26003,1986,"1987-04-07",1.552,0.43]
[26003,1987,"1988-03-20",1.7969999999999999,0.47099999999999997]
[26003,1988,"1988-10-03",0.41499999999999998,0.184]
[26003,1989,"1990-02-08",0.45300000000000001,0.19500000000000001]
[26003,1990,"1991-03-21",1.2689999999999999,0.379]
[26003,1991,"1992-03-31",0.27100000000000002,0.13900000000000001]
[26003,1992,"1993-01-13",1.1439999999999999,0.35499999999999998]
[26003,1993,"1994-02-26",2.6859999999999999,0.60299999999999998]
[26003,1994,"1995-03-03",1.67,0.45]
[26003,1995,"1996-02-12",1.226,0.371]
[26003,1996,"1997-07-01",0.91500000000000004,0.308]
[26003,1997,"1998-01-19",1.724,0.45900000000000002]
[26003,1998,"1999-03-26",2.2229999999999999,0.53700000000000003]
[26003,1999,"2000-06-04",1.712,0.45700000000000002]
[26003,2000,"2001-02-05",2.9390000000000001,0.63700000000000001]
[26003,2001,"2002-02-26",1.8779999999999999,0.48399999999999999]
[26003,2002,"2003-01-19",2.782,0.61599999999999999]
[26003,2003,"2004-04-04",1.81,0.47299999999999998]
[26003,2004,"2005-03-28",1.355,0.39500000000000002]
[26003,2005,"2006-05-22",1.546,0.42899999999999999]
[26003,2006,"2007-06-25",2.1960000000000002,0.53300000000000003]
[26003,2007,"2008-01-21",3.21,0.67200000000000004]
[26003,2008,"2008-12-14",2.0179999999999998,0.50600000000000001]
[26003,2009,"2010-02-26",2.5539999999999998,0.58499999999999996]
[26003,2010,"2011-02-06",1.583,0.435]
[26003,2011,"2012-07-06",1.333,0.39100000000000001]
[26003,2012,"2012-12-21",3.2490000000000001,0.67700000000000005]
[26003,2013,"2014-07-06",1.083,0.34300000000000003]
[26003,2014,"2015-02-05",1.1080000000000001,0.34799999999999998]
[26003,2015,"2016-03-09",2.3660000000000001,0.55800000000000005]
[26003,2016,"2017-03-08",0.872,0.29899999999999999]
[26003,2017,"2018-04-02",2.65,0.59799999999999998]
[26003,2018,"2019-03-07",1,0.32600000000000001]
[26003,2019,"2020-02-16",2.6859999999999999,0.60299999999999998]
[26013,2009,"2010-07-27","REJECTED","REJECTED"]
[26013,2010,"2011-01-19",2.7,0.53300000000000003]
[26013,2011,"2012-05-11",2.67,0.57799999999999996]
[26013,{"$f":"IF(MONTH(C49641)<=9,YEAR(C49641)-1,YEAR(C49641))","v":2012},"2012-12-27",6.83,0.90500000000000003]
[26013,2013,"2014-02-24",2.65,0.41799999999999998]
[26013,2014,"2014-12-11",1.8069999999999999,0.41899999999999998]
[26013,2015,"2016-01-14",6.53,0.60899999999999999]
[26013,2016,"2017-03-04",2.266,0.36099999999999999]
[26013,2017,"2018-04-02",5.1340000000000003,0.61599999999999999]
[26013,2018,"2019-03-06",1.9410000000000001,0.38300000000000001]
[26013,2019,"2019-11-23",4.5549999999999997,0.58099999999999996]
[26014,1997,"1998-01-30","REJECTED","REJECTED"]
[26014,1998,"1999-03-28",0.39800000000000002,0.27900000000000003]
[26014,1999,"2000-05-29",0.28899999999999998,0.255]
[26014,2000,"2000-11-15",0.747,0.33600000000000002]
[26014,2001,"2002-02-26",0.42399999999999999,0.28399999999999997]
[26014,2002,"2003-01-19",0.629,0.31900000000000001]
[26014,2003,"2004-02-24",0.437,0.28699999999999998]
[26014,2004,"2005-03-27",0.155,0.216]
[26014,2005,"2006-06-12",0.622,0.318]
[26014,2006,"2007-06-25",0.93600000000000005,0.36]
[26014,2007,"2008-01-31",0.85399999999999998,0.35]
[26014,2008,"2009-03-08",0.31,0.26]
[26014,2009,"2010-01-30",0.88400000000000001,0.35399999999999998]
[26014,2010,"2011-01-24",0.34799999999999998,0.26900000000000002]
[26014,2011,"2012-08-30",0.374,0.27400000000000002]
[26014,2012,"2012-12-31",1.0669999999999999,0.375]
[26014,2013,"2014-03-02",0.38800000000000001,0.27700000000000002]
[26014,2014,"2015-07-04",0.161,0.218]
[26014,2015,"2016-01-16",0.69699999999999995,0.32900000000000001]
[26014,2016,"2017-02-27",0.21099999999999999,0.23400000000000001]
[26014,2017,"2018-04-15",0.623,0.318]
[26014,2018,"2019-03-06",0.218,0.23599999999999999]
[26014,2019,"2019-11-28",0.66300000000000003,0.32400000000000001]
[26016,1997,"1998-04-11",8.7999999999999995E-2,0.14199999999999999]
[26016,1998,"1999-03-06",9.4E-2,0.14799999999999999]
[26016,1999,"2000-06-06",0.114,0.16600000000000001]
[26016,2000,"2000-11-06",0.255,0.27200000000000002]
[26016,2001,"2002-02-26",0.10100000000000001,0.154]
[26016,2002,"2003-01-01",0.153,0.19900000000000001]
[26016,2003,"2004-04-19",9.1999999999999998E-2,0.14599999999999999]
[26016,2004,"2005-02-26",6.5000000000000002E-2,0.11799999999999999]
[26016,2005,"2006-05-22",0.104,0.157]
[26016,2006,"2007-03-04",6.6000000000000003E-2,0.11899999999999999]
[26016,2007,"2008-01-21",0.13700000000000001,0.186]
[26016,2008,"2009-03-03",7.2999999999999995E-2,0.126]
[26016,2009,"2010-01-16",0.13600000000000001,0.185]
[26016,2010,"2011-02-19",4.3999999999999997E-2,9.2999999999999999E-2]
[26016,2011,"2012-08-05",0.106,0.159]
[26016,2012,"2012-11-25",0.28499999999999998,0.29099999999999998]
[26016,2013,"2014-02-15",9.8000000000000004E-2,0.152]
[26016,2014,"2015-05-03",5.6000000000000001E-2,0.107]
[26016,2015,"2015-12-26",0.20899999999999999,0.24099999999999999]
[26016,2016,"2017-02-23",3.5000000000000003E-2,8.1000000000000003E-2]
[26016,2017,"2018-04-02",0.19,0.22700000000000001]
[26016,2018,"2019-03-06",3.3000000000000002E-2,7.6999999999999999E-2]
[26016,2019,"2020-02-16",0.11600000000000001,0.16800000000000001]
[27073,1980,"1981-03-28",1.052,0.19600000000000001]
[27073,1981,"1982-01-08",1.167,0.20899999999999999]
[27073,1982,"1983-05-07",0.65500000000000003,0.14599999999999999]
[27073,1983,"1984-02-01",1.0960000000000001,0.20100000000000001]
[27073,1984,"1985-01-25",0.627,0.14199999999999999]
[27073,1985,"1986-02-05",0.91700000000000004,0.18]
[27073,1986,"1987-04-11",0.69899999999999995,0.152]
[27073,1987,"1988-03-24",0.81200000000000006,0.16700000000000001]
[27073,1988,"1988-12-10",0.19800000000000001,6.8000000000000005E-2]
[27073,1989,"1990-02-12",0.30099999999999999,8.8999999999999996E-2]
[27073,{"$f":"IF(MONTH(C49705)<=9,YEAR(C49705)-1,YEAR(C49705))","v":1990},"1990-12-12",0.751,0.159]
[27073,1991,"1992-04-24",0.41899999999999998,0.11]
[27073,1992,"1992-12-13",0.53800000000000003,0.129]
[27073,1993,"1994-01-12",0.99199999999999999,0.189]
[27073,1994,"1995-01-31",0.72799999999999998,0.156]
[27073,1995,"1996-02-16",0.55800000000000005,0.13200000000000001]
[27073,1996,"1996-12-23",0.56499999999999995,0.13300000000000001]
[27073,1997,"1998-04-15",0.95,0.184]
[27073,1998,"1999-03-10",1.3260000000000001,0.22600000000000001]
[27073,1999,"2000-04-19",0.73599999999999999,0.157]
[27073,2000,"2001-02-08",0.84399999999999997,0.17100000000000001]
[27073,2001,"2002-03-02",0.68400000000000005,0.15]
[27073,2002,"2003-01-05",1.069,0.19800000000000001]
[27073,2003,"2004-02-03",1.2709999999999999,0.22]
[27073,2004,"2005-03-04",0.72,0.155]
[27073,2005,"2006-04-06",0.64800000000000002,0.14499999999999999]
[27073,2006,"2007-07-06",1.159,0.20799999999999999]
[27073,2007,"2008-01-24",1.2689999999999999,0.22]
[27073,2008,"2008-12-16",0.86799999999999999,0.17399999999999999]
[27073,2009,"2010-03-01",1.105,0.20200000000000001]
[27073,2010,"2010-12-18",1.1240000000000001,0.20399999999999999]
[27073,2011,"2012-05-03",0.82,0.16800000000000001]
[27073,2012,"2012-11-30",1.482,0.24199999999999999]
[27073,2013,"2014-02-12",0.47499999999999998,0.11899999999999999]
[27073,2014,"2014-11-26",0.45300000000000001,0.11600000000000001]
[27073,2015,"2016-01-09",1.3160000000000001,0.22500000000000001]
[27073,2016,"2017-02-20",0.496,0.123]
[27073,2017,"2018-04-10",1.0109999999999999,0.191]
[27073,2018,"2019-02-11",0.56799999999999995,0.13300000000000001]
[27073,2019,"2019-11-18",1.1639999999999999,0.20899999999999999]
[28015,1982,"1983-06-02","REJECTED","REJECTED"]
[28015,1983,"1984-02-07",17.492000000000001,1.9339999999999999]
[28015,1984,"1984-11-24","REJECTED","REJECTED"]
[28015,1985,"1986-08-27","REJECTED","REJECTED"]
[28015,1986,"1987-04-08",13.7,9]
[28015,1987,"1987-10-21",10.5,9]
[28015,1988,"1989-04-07",9.5,9]
[28015,1989,"1990-02-08",12.5,9]
[28015,1990,"1991-01-10",10.4,1.909]
[28015,1991,"1992-09-27",4.88,1.4750000000000001]
[28015,1992,"1992-12-07",8.4499999999999993,1.8380000000000001]
[28015,1993,"1993-10-13",11.3,2.395]
[28015,1994,"1995-01-26",15.9,2.645]
[28015,1995,"1996-02-13",5.96,1.52]
[28015,1996,"1996-12-21",8,2]
[28015,1997,"1998-04-11",8.94,2.0920000000000001]
[28015,1998,"1999-03-10",9.49,2.1280000000000001]
[28015,1999,"2000-04-04",9.52,2.1360000000000001]
[28015,2000,"2000-11-08",17.8,2.7989999999999999]
[28015,2001,"2001-10-28",8.75,2.1970000000000001]
[28015,2002,"2002-12-30",11.9,2.3719999999999999]
[28015,2003,"2004-08-12",6.89,2.077]
[28015,2004,"2004-10-22",6.46,1.8080000000000001]
[28015,2005,"2006-05-23",4.9800000000000004,1.4339999999999999]
[28015,2006,"2007-06-26",20.100000000000001,2.8069999999999999]
[28015,2007,"2008-01-16",13.7,2.4569999999999999]
[28015,2008,"2009-02-11",7.69,1.972]
[28015,2009,"2010-01-17",10.5,2.33]
[28015,2010,"2011-02-27",5.81,1.736]
[28015,2011,"2012-04-30",10.199999999999999,2.4289999999999998]
[28015,2012,"2012-12-23",14.1,2.4769999999999999]
[28015,2013,"2014-02-13",9.2799999999999994,2.2410000000000001]
[28015,2014,"2015-01-02",5.01,1.6890000000000001]
[28015,2015,"2016-01-08",12.5,2.0009999999999999]
[28015,{"$f":"IF(MONTH(C49769)<=9,YEAR(C49769)-1,YEAR(C49769))","v":2016},"2016-11-23",10.172000000000001,2.0430000000000001]
[28015,2017,"2018-04-02",11.722,2.4]
[28015,2018,"2019-06-14",5.4,1.9410000000000001]
[28015,2019,"2019-11-09",11.564,2.613]
[28023,1964,"1965-09-08",15.7,1.5369999999999999]
[28023,1965,"1965-12-09",37.799999999999997,2.1520000000000001]
[28023,1966,"1966-12-02",15.6,1.528]
[28023,1967,"1968-01-17",19.8,1.6439999999999999]
[28023,1968,"1968-10-02",13.1,1.427]
[28023,1969,"1970-02-22",17.8,1.5840000000000001]
[28023,1970,"1970-11-19",12.802,1.722]
[28023,1971,"1971-11-21",13.855,1.772]
[28023,1972,"1973-07-16",27.991,2.3620000000000001]
[28023,1973,"1974-02-11",12.718,1.718]
[28023,1974,"1975-01-22",13.579000000000001,1.7589999999999999]
[28023,1975,"1976-01-02",14.069000000000001,1.782]
[28023,1976,"1977-02-11",15.791,1.861]
[28023,1977,"1978-02-02",11.05,1.6359999999999999]
[28023,1978,"1978-12-28",19.408999999999999,2.0190000000000001]
[28023,1979,"1980-02-08",14.154,1.786]
[28023,1980,"1981-03-21",14.111000000000001,1.784]
[28023,1981,"1982-01-03",17.916,1.9550000000000001]
[28023,1982,"1983-01-04",14.65,1.8089999999999999]
[28023,1983,"1984-02-02",24.882000000000001,2.242]
[28023,1984,"1984-11-03",11.997999999999999,1.6830000000000001]
[28023,1985,"1986-04-20",23.419,2.1840000000000002]
[28023,1986,"1986-12-31",16.684999999999999,1.901]
[28023,1987,"1988-03-15",16.37,1.887]
[28023,1988,"1989-03-24",11.835000000000001,1.675]
[28023,1989,"1989-12-21",13.367000000000001,1.7490000000000001]
[28023,1990,"1990-12-28",12.182,1.6919999999999999]
[28023,1991,"1991-12-21",27.649000000000001,2.3490000000000002]
[28023,1992,"1992-12-02",21.131,2.0910000000000002]
[28023,1993,"1993-12-09",21.885999999999999,2.1219999999999999]
[28023,1994,"1995-01-29",26.023,1.115]
[28023,1995,"1996-02-12",9.1560000000000006,0.67200000000000004]
[28023,1996,"1996-11-30",12.984,0.8]
[28023,1997,"1998-03-06",28.777000000000001,1.1819999999999999]
[28023,1998,"1998-10-27",44.302,1.5620000000000001]
[28023,1999,"2000-03-03",19.501000000000001,0.95699999999999996]
[28023,2000,"2000-11-06",32.222000000000001,1.266]
[28023,2001,"2002-02-26",28.324999999999999,1.171]
[28023,2002,"2002-12-30",29.803000000000001,1.2070000000000001]
[28023,2003,"2004-02-01",20.991,0.99299999999999999]
[28023,2004,"2005-02-12",12.441000000000001,0.78300000000000003]
[28023,2005,"2005-10-25",17.344999999999999,0.90500000000000003]
[28023,2006,"2007-01-18",15.974,0.872]
[28023,2007,"2008-09-06",32.304000000000002,1.268]
[28023,2008,"2008-10-26",14.266999999999999,0.83099999999999996]
[28023,2009,"2009-11-23",15.391999999999999,0.85799999999999998]
[28023,2010,"2011-02-06",21.611000000000001,1.008]
[28023,2011,"2012-04-27",17.262,0.90300000000000002]
[28023,2012,"2012-12-22",16.809999999999999,0.89200000000000002]
[28023,2013,"2014-02-14",14.98,0.84799999999999998]
[28023,2014,"2014-12-19",15.5,0.86099999999999999]
[28023,2015,"2015-11-30",17.2,0.90100000000000002]
[28023,2016,"2017-02-23",14.4,0.83299999999999996]
[28023,2017,"2018-04-03",13.6,0.81399999999999995]
[28023,2018,"2019-07-31",24.210999999999999,1.071]
[28023,2019,"2020-02-16",25.762,1.109]
[28049,1969,"1970-08-20","REJECTED","REJECTED"]
[28049,1970,"1971-04-25",7.33,0.96599999999999997]
[28049,1971,"1972-02-04",5.04,0.74399999999999999]
[28049,1972,"1973-07-17",8.76,1.145]
[28049,{"$f":"IF(MONTH(C49833)<=9,YEAR(C49833)-1,YEAR(C49833))","v":1973},"1974-02-12",2.5299999999999998,0.46899999999999997]
[28049,1974,"1974-11-21",3.11,0.53900000000000003]
[28049,1975,"1976-09-25",0.76900000000000002,0.29599999999999999]
[28049,1976,"1977-02-25",9.51,1.2390000000000001]
[28049,1977,"1978-02-04",2.68,0.48799999999999999]
[28049,1978,"1979-04-08",9.67,1.2589999999999999]
[28049,1979,"1980-03-19",9.35,1.2190000000000001]
[28049,1980,"1981-04-27",7.89,1.0369999999999999]
[28049,1981,"1982-06-23",10.7,1.387]
[28049,1982,"1983-05-02",11.2,1.4530000000000001]
[28049,1983,"1984-03-24",5.6,0.79900000000000004]
[28049,1984,"1985-04-12",6.54,0.88600000000000001]
[28049,1985,"1986-05-20",8.69,1.137]
[28049,1986,"1987-04-08",9.6300000000000008,1.2529999999999999]
[28049,1987,"1987-10-21",5.88,0.82499999999999996]
[28049,1988,"1989-04-05",3.66,0.60099999999999998]
[28049,1989,"1990-01-28",6.1,0.84599999999999997]
[28049,1990,"1990-10-18",2.97,0.52200000000000002]
[28049,1991,"1992-09-26",2.0499999999999998,0.45800000000000002]
[28049,1992,"1993-06-11",2.59,0.52600000000000002]
[28049,1993,"1993-10-07",6.2,0.90500000000000003]
[28049,1994,"1995-01-28",5.31,0.82099999999999995]
[28049,1995,"1996-02-13",1.81,0.42499999999999999]
[28049,1996,"1996-12-20",5.45,0.83399999999999996]
[28049,1997,"1998-06-02",4.6100000000000003,0.751]
[28049,1998,"1998-10-27",4.24,0.71299999999999997]
[28049,1999,"2000-04-04",5.37,0.82599999999999996]
[28049,2000,"2000-11-07",10.4,1.357]
[28049,2001,"2001-10-26",3.61,0.64500000000000002]
[28049,2002,"2002-12-30",6.26,0.91100000000000003]
[28049,2003,"2004-08-24",4.3899999999999997,0.72799999999999998]
[28049,2004,"2004-10-21",2.39,0.501]
[28049,2005,"2005-11-09",2.87,0.56000000000000005]
[28049,2006,"2007-06-26",17.2,2.1890000000000001]
[28049,2007,"2008-01-21",5.49,0.83799999999999997]
[28049,2008,"2009-06-11",9.16,1.206]
[28049,2009,"2010-01-16",5.16,0.80600000000000005]
[28049,2010,"2011-02-26",2.5299999999999998,0.51900000000000002]
[28049,2011,"2012-04-30",6.95,0.97299999999999998]
[28049,2012,"2012-11-25",9.83,1.29]
[28049,2013,"2014-02-11",3.64,0.64800000000000002]
[28049,2014,"2015-01-01",2.92,0.56599999999999995]
[28049,2015,"2016-03-28",5.2,0.81]
[28049,2016,"2016-11-22",6.19,0.90400000000000003]
[28049,2017,"2018-04-02",8.85,1.1679999999999999]
[28049,2018,"2019-09-29",5.6680000000000001,0.85499999999999998]
[28049,2019,"2019-11-08",16.927,2.16]
[28091,1988,"1989-04-07",7.29,0.76800000000000002]
[28091,1989,"1990-01-28",13.1,1.0880000000000001]
[28091,1990,"1990-10-18",11.3,1.3149999999999999]
[28091,1991,"1992-09-26",9.9,1.2170000000000001]
[28091,1992,"1993-09-13",9.36,1.2769999999999999]
[28091,1993,"1993-10-07",16.399999999999999,1.649]
[28091,1994,"1995-01-26",16.2,1.5369999999999999]
[28091,1995,"1995-12-22",4.96,0.88300000000000001]
[28091,1996,"1996-12-20",14.7,1.486]
[28091,1997,"1998-04-09",11.4,1.333]
[28091,1998,"1999-03-10",10.6,1.2509999999999999]
[28091,1999,"2000-04-03",16,1.7969999999999999]
[28091,2000,"2000-11-07",22.9,1.8520000000000001]
[28091,2001,"2001-10-26",11.6,1.5149999999999999]
[28091,2002,"2002-12-30",15.6,1.526]
[28091,2003,"2004-08-10",10.5,1.5209999999999999]
[28091,2004,"2004-10-22",6.45,1.137]
[28091,{"$f":"IF(MONTH(C49897)<=9,YEAR(C49897)-1,YEAR(C49897))","v":2005},"2005-11-09",9.99,1.238]
[28091,2006,"2007-06-26",36.5,2.137]
[28091,2007,"2008-01-21",19.600000000000001,1.718]
[28091,2008,"2009-06-06",8.4,1.218]
[28091,2009,"2010-02-26",14.2,1.5169999999999999]
[28091,2010,"2011-02-26",7.13,1.0860000000000001]
[28091,2011,"2012-04-30",15.9,1.7290000000000001]
[28091,2012,"2012-11-25",21.7,1.698]
[28091,2013,"2014-02-11",9.5299999999999994,1.248]
[28091,2014,"2014-11-22",7.64,1.032]
[28091,2015,"2016-03-28",10.199999999999999,1.32]
[28091,2016,"2016-11-22",11.7,1.478]
[28091,2017,"2018-04-02",15.4,1.671]
[28091,2018,"2019-09-29",7.9980000000000002,1.393]
[28091,2019,"2019-11-08",38.085999999999999,2.3029999999999999]
[30006,1975,"1975-12-15","REJECTED","REJECTED"]
[30006,1976,"1977-03-01","REJECTED","REJECTED"]
[30006,1977,"1978-03-20","REJECTED","REJECTED"]
[30006,1978,"1979-03-06","REJECTED","REJECTED"]
[30006,1979,"1980-03-09","REJECTED","REJECTED"]
[30006,1980,"1981-03-23","REJECTED","REJECTED"]
[30006,1981,"1982-07-10","REJECTED","REJECTED"]
[30006,1982,"1983-07-11","REJECTED","REJECTED"]
[30006,1983,"1984-02-07","REJECTED","REJECTED"]
[30006,1984,"1985-06-17","REJECTED","REJECTED"]
[30006,1985,"1986-02-11","REJECTED","REJECTED"]
[30006,1986,"1987-04-15","REJECTED","REJECTED"]
[30006,1987,"1988-02-04","REJECTED","REJECTED"]
[30006,1988,"1989-05-16","REJECTED","REJECTED"]
[30006,1989,"1990-03-01","REJECTED","REJECTED"]
[30006,1990,"1991-03-11","REJECTED","REJECTED"]
[30006,1992,"1993-01-23","REJECTED","REJECTED"]
[30006,1993,"1994-01-13",3.4609999999999999,0.48599999999999999]
[30006,1994,"1995-02-04",2.7959999999999998,0.437]
[30006,1995,"1996-03-11",0.90800000000000003,0.217]
[30006,1996,"1997-09-17",0.31,0.11]
[30006,1997,"1998-01-18",2.863,0.442]
[30006,1998,"1999-01-16",3.157,0.47099999999999997]
[30006,1999,"2000-05-05",1.534,0.30099999999999999]
[30006,2000,"2001-02-12",3.5670000000000002,0.50800000000000001]
[30006,2001,"2002-03-17",1.258,0.26600000000000001]
[30006,2002,"2003-01-08",3.5329999999999999,0.505]
[30006,2003,"2004-02-08",1.4690000000000001,0.29299999999999998]
[30006,2004,"2004-10-29",1.421,0.28699999999999998]
[30006,2005,"2006-04-02",0.65700000000000003,0.17699999999999999]
[30006,2006,"2007-07-12",2.88,0.44500000000000001]
[30006,2007,"2008-01-31",1.84,0.33700000000000002]
[30006,2008,"2009-02-18",2.2320000000000002,0.38]
[30006,2009,"2010-01-29",2.09,0.36499999999999999]
[30006,2010,"2011-01-25",1.046,0.23699999999999999]
[30006,2011,"2012-07-16",1.6759999999999999,0.318]
[30006,2012,"2012-12-29",4.34,0.57299999999999995]
[30006,2013,"2014-02-12",2.3759999999999999,0.39500000000000002]
[30006,2014,"2015-01-15",1.92,0.34599999999999997]
[30006,2015,"2016-03-22",1.206,0.25900000000000001]
[30006,2016,"2017-03-20",0.83599999999999997,0.20599999999999999]
[30006,2017,"2018-04-10",2.0920000000000001,0.36499999999999999]
[30006,2018,"2019-06-22",1.139,0.25]
[30006,2019,"2019-11-14",4.6059999999999999,0.59499999999999997]
[30013,1976,"1977-02-13",1.22,0.3]
[30013,1977,"1978-02-07",0.751,0.22]
[30013,1978,"1978-12-31",0.91700000000000004,0.25]
[30013,1979,"1980-02-10",0.88900000000000001,0.245]
[30013,1980,"1981-03-13",0.91100000000000003,0.249]
[30013,{"$f":"IF(MONTH(C49961)<=9,YEAR(C49961)-1,YEAR(C49961))","v":1981},"1982-01-05",0.69399999999999995,0.20899999999999999]
[30013,1982,"1983-05-08",0.60399999999999998,0.191]
[30013,1983,"1984-02-04",0.872,0.24199999999999999]
[30013,1984,"1985-01-29",0.47299999999999998,0.16300000000000001]
[30013,1985,"1986-01-14",0.41199999999999998,0.14899999999999999]
[30013,1986,"1987-04-10",0.92900000000000005,0.252]
[30013,1987,"1988-02-01",0.65300000000000002,0.20100000000000001]
[30013,1988,"1989-04-13",0.22600000000000001,0.10100000000000001]
[30013,1989,"1990-02-13",0.33,0.129]
[30013,1990,"1991-07-13",0.314,0.125]
[30013,1991,"1992-01-08",0.34100000000000003,0.13200000000000001]
[30013,1992,"1993-01-13",0.54100000000000004,0.17799999999999999]
[30013,1993,"1993-10-15",0.63300000000000001,0.19700000000000001]
[30013,1994,"1995-01-31",0.751,0.22]
[30013,1995,"1995-12-22",0.223,0.1]
[30013,1996,"1997-08-31",0.33400000000000002,0.13]
[30013,1997,"1998-01-05",1.1950000000000001,0.29599999999999999]
[30013,1998,"1999-03-13",0.69899999999999995,0.21]
[30013,1999,"2000-04-26",0.46400000000000002,0.161]
[30013,2000,"2000-11-11",0.998,0.26400000000000001]
[30013,2001,"2002-08-09",0.82799999999999996,0.23400000000000001]
[30013,2002,"2003-01-01",1.052,0.27300000000000002]
[30013,2003,"2004-08-13",0.51800000000000002,0.17299999999999999]
[30013,2004,"2005-07-14",0.48599999999999999,0.16600000000000001]
[30013,2005,"2006-08-17",0.27600000000000002,0.115]
[30013,2006,"2007-06-25",5.3369999999999997,0.745]
[30013,2007,"2008-01-21",0.92300000000000004,0.251]
[30013,2008,"2008-11-09",0.504,0.17]
[30013,2009,"2010-03-01",0.65300000000000002,0.20100000000000001]
[30013,2010,"2011-07-21",0.42,0.151]
[30013,2011,"2012-07-18",1.6950000000000001,0.36899999999999999]
[30013,2012,"2012-12-24",1.2589999999999999,0.30599999999999999]
[30013,2013,"2014-02-01",0.623,0.19500000000000001]
[30013,2014,"2015-08-14",0.39500000000000002,0.14499999999999999]
[30013,2015,"2016-03-09",0.50900000000000001,0.17100000000000001]
[30013,2016,"2016-11-21",0.39500000000000002,0.14499999999999999]
[30013,2017,"2018-06-02",1.351,0.32]
[30013,2018,"2019-06-13",0.60799999999999998,0.192]
[30013,2019,"2019-11-11",2.0550000000000002,0.41599999999999998]
[33007,1968,"1969-02-24","REJECTED","REJECTED"]
[33007,1969,"1970-03-13","REJECTED","REJECTED"]
[33007,1970,"1971-01-24","REJECTED","REJECTED"]
[33007,1971,"1972-01-28","REJECTED","REJECTED"]
[33007,1972,"1973-07-24","REJECTED","REJECTED"]
[33007,1973,"1974-02-15","REJECTED","REJECTED"]
[33007,1974,"1974-11-19","REJECTED","REJECTED"]
[33007,1975,"1975-11-18","REJECTED","REJECTED"]
[33007,1976,"1977-02-12","REJECTED","REJECTED"]
[33007,1977,"1978-03-21","REJECTED","REJECTED"]
[33007,1978,"1979-03-29","REJECTED","REJECTED"]
[33007,1979,"1979-10-14","REJECTED","REJECTED"]
[33007,1980,"1981-04-27","REJECTED","REJECTED"]
[33007,1981,"1982-06-04","REJECTED","REJECTED"]
[33007,1982,"1983-05-16",3.64,0.43099999999999999]
[33007,1983,"1984-01-30",3.67,0.433]
[33007,1984,"1985-01-23",5.15,0.53200000000000003]
[33007,1985,"1986-01-02",2.67,0.35699999999999998]
[33007,1986,"1987-08-27",4.3499999999999996,0.48]
[33007,1987,"1988-01-30",5.44,0.55500000000000005]
[33007,1988,"1988-10-20",2.11,0.31]
[33007,1989,"1990-03-02",3.05,0.38700000000000001]
[33007,1990,"1991-01-10",1.81,0.28199999999999997]
[33007,1991,"1992-01-10",1.73,0.27500000000000002]
[33007,1992,"1992-12-08",3.46,0.41799999999999998]
[33007,{"$f":"IF(MONTH(C50025)<=9,YEAR(C50025)-1,YEAR(C50025))","v":1993},"1993-11-15",5.89,0.61299999999999999]
[33007,1994,"1995-03-06",3.47,0.41899999999999998]
[33007,1995,"1996-02-25",1.36,0.23699999999999999]
[33007,1996,"1996-12-21",1.48,0.25]
[33007,1997,"1998-04-11",6.04,0.63400000000000001]
[33007,1998,"1999-03-10",3.6,0.42799999999999999]
[33007,1999,"2000-04-27",2.74,0.36299999999999999]
[33007,2000,"2001-02-06",5.17,0.53300000000000003]
[33007,2001,"2002-01-27",3.64,0.43099999999999999]
[33007,2002,"2002-12-31",5.0199999999999996,0.52400000000000002]
[33007,2003,"2004-02-02",5.36,0.54500000000000004]
[33007,2004,"2004-10-17",2.62,0.35299999999999998]
[33007,2005,"2006-02-16",1.63,0.26500000000000001]
[33007,2006,"2007-06-27",3.37,0.41199999999999998]
[33007,2007,"2008-01-17",4.54,0.49299999999999999]
[33007,2008,"2009-02-11",3.86,0.44700000000000001]
[33007,2009,"2010-03-02",4.58,0.495]
[33007,2010,"2011-01-15",3.22,0.4]
[33007,2011,"2012-07-20",1.94,0.29499999999999998]
[33007,2012,"2012-12-24",4.3,0.47699999999999998]
[33007,2013,"2014-02-08",4.04,0.45900000000000002]
[33007,2014,"2015-02-02",2.27,0.32400000000000001]
[33007,2015,"2016-03-11",3.98,0.45500000000000002]
[33007,2016,"2017-06-28",1.528,0.255]
[33007,2017,"2018-04-03",4.4210000000000003,0.48499999999999999]
[33007,2018,"2018-12-23",1.645,0.26600000000000001]
[33007,2019,"2020-01-17",3.7360000000000002,0.438]
[33014,1960,"1960-12-21",11.108000000000001,1.28]
[33014,1961,"1962-01-06",7.0030000000000001,1]
[33014,1962,"1963-03-06",6.6079999999999997,0.97]
[33014,1963,"1964-03-16",7.6840000000000002,1.05]
[33014,1964,"1965-03-21",3.63,0.71]
[33014,1965,"1965-12-10",7.2720000000000002,1.02]
[33014,1966,"1966-12-31",6.2240000000000002,0.94]
[33014,1967,"1968-09-17",20.291,1.79]
[33014,1968,"1969-03-13",11.425000000000001,1.3]
[33014,1969,"1970-02-23",8.6839999999999993,1.1200000000000001]
[33014,1970,"1971-01-24",10.025,1.21]
[33014,1971,"1972-01-27",10.253,1.2250000000000001]
[33014,1972,"1972-12-06",3.5310000000000001,0.7]
[33014,1973,"1974-02-09",4.2350000000000003,0.76900000000000002]
[33014,1974,"1974-11-18",10.025,1.21]
[33014,1975,"1975-11-17",1.819,0.499]
[33014,1976,"1977-02-20",6.3760000000000003,0.95199999999999996]
[33014,1977,"1978-05-06",7.0430000000000001,1.0029999999999999]
[33014,1978,"1979-03-29",12.103999999999999,1.3420000000000001]
[33014,1979,"1980-03-18",7.82,1.06]
[33014,1980,"1981-04-27",10.3,1.2290000000000001]
[33014,1981,"1981-12-31",11.2,1.2869999999999999]
[33014,1982,"1983-05-22",11.8,1.325]
[33014,1983,"1984-02-07",11.3,1.294]
[33014,1984,"1985-01-22",10.3,1.2290000000000001]
[33014,1985,"1986-04-21",6.65,0.97299999999999998]
[33014,1986,"1987-08-26",9.1,1.1479999999999999]
[33014,1987,"1988-01-30",14.2,1.464]
[33014,1988,"1989-03-17",8.1999999999999993,1.0489999999999999]
[33014,1989,"1990-02-04",8.76,1.125]
[33014,1990,"1991-04-30",2.54,0.59099999999999997]
[33014,1991,"1992-01-09",3.24,0.67]
[33014,1992,"1993-01-07",6.14,0.93300000000000005]
[33014,1993,"1993-11-15",9.65,1.1850000000000001]
[33014,1994,"1995-02-02",8.02,1.0740000000000001]
[33014,1995,"1996-02-26",6.02,0.92400000000000004]
[33014,1996,"1996-11-20",3.32,0.67800000000000005]
[33014,{"$f":"IF(MONTH(C50089)<=9,YEAR(C50089)-1,YEAR(C50089))","v":1997},"1998-04-10",9,1.141]
[33014,1998,"1999-04-25",7.27,1.02]
[33014,1999,"2000-05-29",6.6,0.96899999999999997]
[33014,2000,"2001-02-06",13.2,1.405]
[33014,2001,"2001-10-22",8.02,1.0740000000000001]
[33014,2002,"2003-01-03",13.4,1.4179999999999999]
[33014,2003,"2004-02-01",8.25,1.0900000000000001]
[33014,2004,"2005-01-29",8.42,1.1020000000000001]
[33014,2005,"2006-05-07",6.39,0.95299999999999996]
[33014,2006,"2007-01-19",7.04,1.0029999999999999]
[33014,2007,"2008-01-20",6.7,0.97699999999999998]
[33014,2008,"2009-02-11",9.7799999999999994,1.194]
[33014,2009,"2010-03-01",8.35,1.097]
[33014,2010,"2011-01-14",6.71,0.97799999999999998]
[33014,2011,"2012-05-04",7.76,1.056]
[33014,2012,"2013-01-28",8.16,1.0840000000000001]
[33014,2013,"2014-02-09",8.57,1.1120000000000001]
[33014,2014,"2014-11-25",5.81,0.90700000000000003]
[33014,2015,"2016-03-10",6.25,0.94199999999999995]
[33014,2016,"2017-02-02",4.2030000000000003,0.76600000000000001]
[33014,2017,"2018-04-03",6.9710000000000001,0.998]
[33014,2018,"2019-06-11",1.4610000000000001,0.438]
[33014,2019,"2019-12-22",5.5940000000000003,0.88900000000000001]
[33029,1964,"1965-09-29","REJECTED","REJECTED"]
[33029,1965,"1966-02-20",3.88,0.67]
[33029,1966,"1967-05-27",2.734,0.56000000000000005]
[33029,1967,"1968-09-16",4.1289999999999996,0.72]
[33029,1968,"1969-01-16",2.6360000000000001,0.55000000000000004]
[33029,1969,"1969-12-15",2.266,0.51]
[33029,1970,"1971-01-23",2.9350000000000001,0.57999999999999996]
[33029,1971,"1972-01-27",2.4470000000000001,0.53]
[33029,1972,"1973-06-20",0.51300000000000001,0.23]
[33029,1973,"1974-02-09",1.9530000000000001,0.47299999999999998]
[33029,1974,"1974-11-18",3.8279999999999998,0.66]
[33029,1975,"1976-02-06",0.92500000000000004,0.318]
[33029,1976,"1977-02-11",3.875,0.66900000000000004]
[33029,1977,"1978-05-06",3.8660000000000001,0.66700000000000004]
[33029,1978,"1979-03-28",4.0780000000000003,0.71]
[33029,1979,"1980-03-18",2.75,0.56200000000000006]
[33029,1980,"1981-04-27",3.89,0.67300000000000004]
[33029,1981,"1981-12-30",2.27,0.51]
[33029,1982,"1983-05-15",4.0999999999999996,0.71499999999999997]
[33029,1983,"1984-01-27",2.71,0.55800000000000005]
[33029,1984,"1985-01-21",3.03,0.58899999999999997]
[33029,1985,"1986-01-10",1.48,0.41]
[33029,1986,"1987-04-02",2.19,0.501]
[33029,1987,"1988-01-30",4.12,0.71899999999999997]
[33029,1988,"1988-11-30",1.1299999999999999,0.35499999999999998]
[33029,1989,"1990-02-03",1.93,0.47]
[33029,1990,"1991-06-27",0.3,0.17]
[33029,1991,"1992-01-09",0.59599999999999997,0.25]
[33029,1992,"1992-12-07",2.67,0.55300000000000005]
[33029,1993,"1994-01-13","REJECTED","REJECTED"]
[33029,1994,"1995-02-01",2.09,0.49]
[33029,1995,"1996-02-25",0.58299999999999996,0.247]
[33029,1996,"1996-12-20",0.64,0.26]
[33029,1997,"1998-04-10",4.41,0.77500000000000002]
[33029,1998,"1999-03-10",3.24,0.60899999999999999]
[33029,1999,"2000-04-26",3.17,0.60199999999999998]
[33029,2000,"2001-02-05",3.94,0.68200000000000005]
[33029,2001,"2002-01-26",2.58,0.54400000000000004]
[33029,2002,"2003-01-02",3.99,0.69299999999999995]
[33029,2003,"2004-02-01",3.85,0.66300000000000003]
[33029,2004,"2004-10-15",3.18,0.60299999999999998]
[33029,{"$f":"IF(MONTH(C50153)<=9,YEAR(C50153)-1,YEAR(C50153))","v":2005},"2006-05-07",1.72,0.443]
[33029,2006,"2007-03-03",3.69,0.64800000000000002]
[33029,2007,"2008-01-16",3.09,0.59499999999999997]
[33029,2008,"2009-02-10",2.67,0.55400000000000005]
[33029,2009,"2010-02-28",3.29,0.61299999999999999]
[33029,2010,"2011-01-14",2.57,0.54300000000000004]
[33029,2011,"2012-08-06",1.52,0.41499999999999998]
[33029,2012,"2012-12-23",3.89,0.67100000000000004]
[33029,2013,"2014-02-07",2.48,0.53400000000000003]
[33029,2014,"2014-12-27",1.71,0.442]
[33029,2015,"2016-06-26",4.74,0.83499999999999996]
[33029,2016,"2016-11-22",1.81,0.45500000000000002]
[33029,2017,"2017-12-30",4.8920000000000003,0.86199999999999999]
[33029,2018,"2018-12-22",1.5449999999999999,0.41899999999999998]
[33029,2019,"2020-01-15",3.2320000000000002,0.60799999999999998]
[33032,1965,"1966-02-27","REJECTED","REJECTED"]
[33032,1966,"1967-05-30",0.41199999999999998,0.17]
[33032,1967,"1968-07-14",0.73499999999999999,0.25]
[33032,1968,"1969-03-13",0.73499999999999999,0.25]
[33032,1969,"1970-06-27",0.82599999999999996,0.27]
[33032,1970,"1971-02-14",0.377,0.16]
[33032,1971,"1972-06-11",0.27600000000000002,0.13]
[33032,1972,"1973-06-19",0.159,0.09]
[33032,1973,"1974-03-13",0.183,9.9000000000000005E-2]
[33032,1974,"1975-05-17",0.56599999999999995,0.21]
[33032,1975,"1976-08-31",0.159,0.09]
[33032,1976,"1977-02-20",0.95699999999999996,0.29799999999999999]
[33032,1977,"1978-03-20",0.44900000000000001,0.18]
[33032,1978,"1979-04-01",1.1100000000000001,0.32900000000000001]
[33032,1979,"1980-08-01",1.21,0.34799999999999998]
[33032,1980,"1981-05-03",0.81599999999999995,0.26800000000000002]
[33032,1981,"1982-06-05",0.308,0.14000000000000001]
[33032,1982,"1983-06-01",0.70899999999999996,0.24399999999999999]
[33032,1983,"1984-05-22",0.41599999999999998,0.17100000000000001]
[33032,1984,"1985-01-29",0.499,0.193]
[33032,1985,"1986-01-10",0.41599999999999998,0.17100000000000001]
[33032,1986,"1987-03-25",0.43099999999999999,0.17499999999999999]
[33032,1987,"1988-02-08",0.872,0.28000000000000003]
[33032,1988,"1989-06-15",0.218,0.111]
[33032,1989,"1990-03-26",0.13800000000000001,8.2000000000000003E-2]
[33032,1990,"1991-06-06",0.13100000000000001,7.9000000000000001E-2]
[33032,1991,"1992-08-09",8.4000000000000005E-2,5.8999999999999997E-2]
[33032,1992,"1993-01-13","REJECTED","REJECTED"]
[33032,1993,"1994-05-14","REJECTED","REJECTED"]
[33032,1994,"1995-02-10",0.74399999999999999,0.252]
[33032,1995,"1996-04-10",0.183,9.9000000000000005E-2]
[33032,1996,"1997-04-22",0.192,0.10199999999999999]
[33032,1997,"1998-05-01",0.59099999999999997,0.216]
[33032,1998,"1999-01-26",0.80300000000000005,0.26500000000000001]
[33032,1999,"2000-04-26",0.46800000000000003,0.185]
[33032,2000,"2001-02-12",0.77100000000000002,0.25800000000000001]
[33032,2001,"2002-01-26",0.53,0.20100000000000001]
[33032,2002,"2003-02-09",0.74399999999999999,0.252]
[33032,2003,"2004-02-06",0.53800000000000003,0.20300000000000001]
[33032,2004,"2004-10-15",0.40500000000000003,0.16800000000000001]
[33032,2005,"2006-04-19",0.221,0.112]
[33032,2006,"2007-07-20",0.53,0.20100000000000001]
[33032,2007,"2008-03-16",0.45300000000000001,0.18099999999999999]
[33032,2008,"2009-06-15",0.95699999999999996,0.29799999999999999]
[33032,2009,"2010-03-20",0.56999999999999995,0.21099999999999999]
[33032,2010,"2011-02-26",0.308,0.14000000000000001]
[33032,2011,"2012-06-07",0.34,0.14899999999999999]
[33032,2012,"2012-12-31",0.621,0.223]
[33032,2013,"2014-03-03",0.373,0.159]
[33032,{"$f":"IF(MONTH(C50217)<=9,YEAR(C50217)-1,YEAR(C50217))","v":2014},"2015-02-26",0.28999999999999998,0.13400000000000001]
[33032,2015,"2016-04-16",0.36499999999999999,0.157]
[33032,2016,"2017-06-28",0.434,0.17599999999999999]
[33032,2017,"2018-04-02",0.42,0.17199999999999999]
[33032,2018,"2019-06-11",0.41099999999999998,0.17]
[33032,2019,"2020-01-27",0.47599999999999998,0.187]
[33054,1976,"1977-02-11",2.14,0.42199999999999999]
[33054,1977,"1978-05-05",1.157,0.3]
[33054,1978,"1979-01-11",2.14,0.42199999999999999]
[33054,1979,"1980-02-08",1.129,0.29599999999999999]
[33054,1980,"1981-04-26",2.077,0.41499999999999998]
[33054,1981,"1982-06-04",0.99199999999999999,0.27600000000000002]
[33054,1982,"1983-05-15",1.548,0.35199999999999998]
[33054,1983,"1984-03-30",0.98499999999999999,0.27500000000000002]
[33054,1984,"1985-01-30",0.96499999999999997,0.27200000000000002]
[33054,1985,"1986-01-10",0.95199999999999996,0.27]
[33054,1986,"1987-03-31",0.97899999999999998,0.27400000000000002]
[33054,1987,"1988-01-29",1.462,0.34100000000000003]
[33054,1988,"1989-01-20",0.628,0.217]
[33054,1989,"1990-05-04",0.57299999999999995,0.20699999999999999]
[33054,1990,"1991-04-20",0.4,0.17299999999999999]
[33054,1991,"1992-01-09",0.36699999999999999,0.16600000000000001]
[33054,1992,"1992-12-07",0.84299999999999997,0.253]
[33054,1993,"1994-01-07",1.869,0.39100000000000001]
[33054,1994,"1994-10-09",1.244,0.312]
[33054,1995,"1996-05-27",1.2370000000000001,0.311]
[33054,1996,"1997-05-05",1.129,0.29599999999999999]
[33054,1997,"1998-04-11",1.385,0.33100000000000002]
[33054,1998,"1999-01-26",1.37,0.32900000000000001]
[33054,1999,"2000-05-28",1.1080000000000001,0.29299999999999998]
[33054,2000,"2001-02-06",1.669,0.36699999999999999]
[33054,2001,"2002-01-26",1.129,0.29599999999999999]
[33054,2002,"2003-01-02",1.5249999999999999,0.34899999999999998]
[33054,2003,"2004-01-31",1.4850000000000001,0.34399999999999997]
[33054,2004,"2004-10-15",1.06,0.28599999999999998]
[33054,2005,"2006-05-07",0.57799999999999996,0.20799999999999999]
[33054,2006,"2007-08-20",1.903,0.39500000000000002]
[33054,2007,"2008-03-16",1.115,0.29399999999999998]
[33054,2008,"2009-02-10",1.012,0.27900000000000003]
[33054,2009,"2010-02-28",1.4079999999999999,0.33400000000000002]
[33054,2010,"2011-02-26",0.86799999999999999,0.25700000000000001]
[33054,2011,"2012-07-06",1.599,0.35799999999999998]
[33054,2012,"2013-01-27",1.5880000000000001,0.35699999999999998]
[33054,2013,"2014-03-03",1.1359999999999999,0.29699999999999999]
[33054,2014,"2015-02-27",0.82499999999999996,0.25]
[33054,2015,"2016-03-09",1.1499999999999999,0.29899999999999999]
[33054,2016,"2017-06-28",1.0369999999999999,0.28299999999999997]
[33054,2017,"2017-12-27",1.2070000000000001,0.307]
[33054,2018,"2019-06-11",0.63200000000000001,0.218]
[33054,2019,"2020-01-10",1.58,0.35599999999999998]
[34012,1966,"1967-05-26",0.98799999999999999,0.47]
[34012,1967,"1968-07-11",0.53400000000000003,0.37]
[34012,1968,"1969-03-12",1.0389999999999999,0.48]
[34012,1969,"1970-04-12",0.65600000000000003,0.4]
[34012,1970,"1971-03-01",0.42399999999999999,0.34]
[34012,1971,"1972-03-06",0.42399999999999999,0.34]
[34012,1972,"1973-06-19",0.32700000000000001,0.31]
[34012,1973,"1973-10-23",0.35799999999999998,0.32]
[34012,1974,"1975-05-17",0.79,0.43]
[34012,1975,"1975-12-01",0.26900000000000002,0.28999999999999998]
[34012,1976,"1977-02-20",1.427,0.55000000000000004]
[34012,1977,"1978-06-29",0.69899999999999995,0.41]
[34012,1978,"1979-04-06",0.98799999999999999,0.47]
[34012,1979,"1980-05-12",0.86699999999999999,0.44600000000000001]
[34012,{"$f":"IF(MONTH(C50281)<=9,YEAR(C50281)-1,YEAR(C50281))","v":1980},"1981-04-26",1.0900000000000001,0.49]
[34012,1981,"1982-03-15",0.86699999999999999,0.44600000000000001]
[34012,1982,"1982-12-10",1.1200000000000001,0.496]
[34012,1983,"1984-09-24",1.25,0.51900000000000002]
[34012,1984,"1985-08-05",1.06,0.48299999999999998]
[34012,1985,"1986-07-01",0.77200000000000002,0.42599999999999999]
[34012,1986,"1987-09-02",0.47399999999999998,1.0089999999999999]
[34012,1987,"1988-07-30",1.06,0.48399999999999999]
[34012,1988,"1988-12-04",0.95199999999999996,0.46300000000000002]
[34012,1989,"1990-03-01",0.33900000000000002,0.314]
[34012,1990,"1991-02-19",0.26600000000000001,0.28899999999999998]
[34012,1991,"1992-04-27",0.219,0.27100000000000002]
[34012,1992,"1993-09-13",1.34,0.53500000000000003]
[34012,1993,"1994-01-13",1.2,0.51]
[34012,1994,"1995-02-07",1.0900000000000001,0.48899999999999999]
[34012,1995,"1996-03-01",0.56499999999999995,0.378]
[34012,1996,"1997-05-01",1.44,0.55200000000000005]
[34012,1997,"1998-06-14",1.47,0.55700000000000005]
[34012,1998,"1999-04-20",1.38,0.54200000000000004]
[34012,1999,"2000-06-10",1.2,0.51100000000000001]
[34012,2000,"2000-12-17",1.39,0.54400000000000004]
[34012,2001,"2002-06-28",2.84,0.75600000000000001]
[34012,2002,"2003-05-09",1.05,0.48099999999999998]
[34012,2003,"2004-02-28",1.31,0.52900000000000003]
[34012,2004,"2004-10-15",1.32,0.53100000000000003]
[34012,2005,"2005-10-21",0.89100000000000001,0.45100000000000001]
[34012,2006,"2007-06-25",1.42,0.54800000000000004]
[34012,2007,"2008-01-16",1.27,0.52300000000000002]
[34012,2008,"2009-03-10",0.56100000000000005,0.377]
[34012,2009,"2010-03-25",1.29,0.52600000000000002]
[34012,2010,"2011-02-11",1.1100000000000001,0.49299999999999999]
[34012,2011,"2012-05-27",0.91600000000000004,0.45600000000000002]
[34012,2012,"2013-03-10",1.41,0.54800000000000004]
[34012,2013,"2014-02-16",1.04,0.47899999999999998]
[34012,2014,"2015-06-06",0.91600000000000004,0.45600000000000002]
[34012,2015,"2016-06-15",1.19,0.50700000000000001]
[34012,2016,"2017-02-14",1.02,0.47699999999999998]
[34012,2017,"2018-04-02",1.5,0.56200000000000006]
[34012,2018,"2019-06-11",0.51700000000000002,0.36599999999999999]
[34012,2019,"2020-01-27",0.67800000000000005,0.40500000000000003]
[39006,1950,"1950-11-23",14.4,9]
[39006,1951,"1952-01-31",14.4,9]
[39006,1952,"1952-12-22",11.3,9]
[39006,1953,"1954-03-08",9.1999999999999993,9]
[39006,1954,"1954-11-30",15.9,9]
[39006,1955,"1956-01-31",11.3,9]
[39006,1956,"1957-02-09",12.1,9]
[39006,1957,"1958-02-25",14.8,9]
[39006,1958,"1959-01-23",17.100000000000001,9]
[39006,1959,"1960-01-30",14.4,9]
[39006,1960,"1960-12-06",21.6,9]
[39006,1961,"1962-01-12",13.2,9]
[39006,1962,"1963-03-18",10.199999999999999,9]
[39006,1963,"1963-11-20",12.7,9]
[39006,1964,"1965-01-25",7.33,9]
[39006,1965,"1965-12-20",15.3,9]
[39006,1966,"1967-03-10",12.4,9]
[39006,1967,"1968-01-15",13.4,9]
[39006,1968,"1969-03-13",11.4,9]
[39006,1969,"1970-01-30",8.8699999999999992,9]
[39006,1970,"1971-01-31",12.9,9]
[39006,1971,"1972-02-04",11,9]
[39006,1972,"1972-12-07",8.59,9]
[39006,1973,"1974-02-12",11.1,9]
[39006,{"$f":"IF(MONTH(C50345)<=9,YEAR(C50345)-1,YEAR(C50345))","v":1974},"1975-03-15",10.1,9]
[39006,1975,"1976-01-25",4.2,9]
[39006,1976,"1977-02-24",12.9,9]
[39006,1977,"1978-02-05",9.1300000000000008,9]
[39006,1978,"1979-03-30",12.3,9]
[39006,1979,"1979-12-29",13.9,9]
[39006,1980,"1981-03-22",9.7100000000000009,9]
[39006,1981,"1982-03-16",11.4,9]
[39006,1982,"1983-05-02",9.61,9]
[39006,1983,"1984-01-26",9.07,9]
[39006,1984,"1984-11-25",9.5500000000000007,9]
[39006,1985,"1985-12-26",9.0399999999999991,9]
[39006,1986,"1987-04-07",9.4600000000000009,9]
[39006,1987,"1988-02-04",10.641999999999999,0.44600000000000001]
[39006,1988,"1989-02-27",7.6790000000000003,0.377]
[39006,1989,"1990-02-10",12.807,0.51200000000000001]
[39006,1990,"1991-03-08",7.8680000000000003,0.41099999999999998]
[39006,1991,"1992-01-11",7.7270000000000003,0.39800000000000002]
[39006,1992,"1992-12-05",12.939,0.55000000000000004]
[39006,1993,"1994-01-08",13.215,0.55400000000000005]
[39006,1994,"1995-02-01",13.057,0.55800000000000005]
[39006,1995,"1995-12-25",9.4139999999999997,0.43]
[39006,1996,"1997-02-26",6.2430000000000003,0.35199999999999998]
[39006,1997,"1998-01-07",10.093,0.45300000000000001]
[39006,1998,"1999-01-23",15.015000000000001,0.60099999999999998]
[39006,1999,"1999-12-27",10.555,0.47599999999999998]
[39006,2000,"2000-12-15",22.283999999999999,0.77700000000000002]
[39006,2001,"2002-02-06",9.5060000000000002,0.437]
[39006,2002,"2003-01-04",22.523,0.78300000000000003]
[39006,2003,"2004-02-02",8.26,0.40799999999999997]
[39006,2004,"2005-03-31",7.54,0.39400000000000002]
[39006,2005,"2006-03-31",6.33,0.34799999999999998]
[39006,2006,"2007-07-23",31.931000000000001,9]
[39006,2007,"2008-01-18",17.513999999999999,9]
[39006,2008,"2009-02-11",8.99,9]
[39006,2009,"2010-01-24",9.5239999999999991,9]
[39006,2010,"2011-01-14",6.3369999999999997,9]
[39006,2011,"2012-05-01",7.4180000000000001,9]
[39006,2012,"2012-12-27",19.456,9]
[39006,2013,"2014-01-09",23.47,9]
[39006,2014,"2015-01-17",8.48,9]
[39006,2015,"2016-02-11",13.63,9]
[39006,2016,"2017-02-02",7.23,9]
[39006,2017,"2018-04-04",10.7,9]
[39006,2018,"2019-02-09",5.71,9]
[39006,2019,"2019-12-24",15.8,9]
[39016,1961,"1962-01-22",38.393999999999998,9]
[39016,1962,"1963-03-10",29.763000000000002,9]
[39016,1963,"1963-11-19",40.9,9]
[39016,1964,"1965-01-14",20.2,9]
[39016,1965,"1966-02-26",42.091000000000001,9]
[39016,1966,"1967-03-10",38.725000000000001,9]
[39016,1967,"1968-09-17",37.247,9]
[39016,1968,"1969-03-14",41.579000000000001,9]
[39016,1969,"1970-01-25",27.9,9]
[39016,1970,"1971-06-11",71,9]
[39016,1971,"1972-03-07",34.200000000000003,9]
[39016,1972,"1972-12-07",47.3,9]
[39016,1973,"1974-02-11",44.8,9]
[39016,1974,"1975-01-21",48.3,9]
[39016,1975,"1975-12-01",19.100000000000001,9]
[39016,1976,"1977-02-24",36,9]
[39016,1977,"1978-01-28",38,9]
[39016,1978,"1979-03-29",33.6,9]
[39016,{"$f":"IF(MONTH(C50409)<=9,YEAR(C50409)-1,YEAR(C50409))","v":1979},"1979-12-28",38.6,9]
[39016,1980,"1981-03-11",29.4,9]
[39016,1981,"1982-03-16",38.6,9]
[39016,1982,"1982-12-10",35,9]
[39016,1983,"1984-03-24",32,9]
[39016,1984,"1985-01-22",31.7,9]
[39016,1985,"1985-12-26",33.700000000000003,9]
[39016,1986,"1986-11-20",45.13,1.139]
[39016,1987,"1988-01-30",45.000999999999998,1.1379999999999999]
[39016,1988,"1989-03-21",25.050999999999998,0.83199999999999996]
[39016,1989,"1990-02-08",52.103999999999999,1.355]
[39016,1990,"1991-01-10",27.891999999999999,0.84499999999999997]
[39016,1991,"1992-09-24",22.015999999999998,0.79400000000000004]
[39016,1992,"1993-01-11",41.286000000000001,1.294]
[39016,1993,"1994-01-06",43.597999999999999,1.2330000000000001]
[39016,1994,"1995-02-02",45.656999999999996,1.2689999999999999]
[39016,1995,"1996-01-09",31.465,1.133]
[39016,1996,"1997-02-18",17.381,0.64800000000000002]
[39016,1997,"1998-01-06",36.503999999999998,1.218]
[39016,1998,"1998-12-27",45.671999999999997,1.1639999999999999]
[39016,1999,"1999-12-25",45.139000000000003,1.419]
[39016,2000,"2000-10-31",63.465000000000003,1.5620000000000001]
[39016,2001,"2002-02-05",47.365000000000002,1.1970000000000001]
[39016,2002,"2003-01-02",52.948,1.5569999999999999]
[39016,2003,"2004-01-13",23.5,0.77800000000000002]
[39016,2004,"2004-12-19",19.3,0.69599999999999995]
[39016,2005,"2005-12-03",20.7,0.73399999999999999]
[39016,2006,"2007-07-21",55.6,9]
[39016,2007,"2008-03-17",46.58,9]
[39016,2008,"2009-02-11",55,9]
[39016,2009,"2010-02-28",28.04,9]
[39016,2010,"2011-01-18",31,9]
[39016,2011,"2012-04-30",22.26,9]
[39016,2012,"2012-12-21","REJECTED","REJECTED"]
[39016,2013,"2013-12-24",76.846999999999994,9]
[39016,2014,"2015-01-16","REJECTED","REJECTED"]
[39016,2015,"2016-03-29","REJECTED","REJECTED"]
[39016,2016,"2017-03-05",15.318,9]
[39016,2017,"2018-04-03",20.3,9]
[39016,2018,"2019-02-09","REJECTED","REJECTED"]
[39016,2019,"2020-02-17",37.9,9]
[39019,1962,"1963-05-13",3,9]
[39019,1963,"1964-06-01",3.23,9]
[39019,1964,"1964-10-17",1.93,9]
[39019,1965,"1966-02-25",3.37,9]
[39019,1966,"1967-03-09",4.3899999999999997,9]
[39019,1967,"1968-02-05",3.65,9]
[39019,1968,"1969-03-13",4.16,9]
[39019,1969,"1970-04-06",2.5099999999999998,9]
[39019,1970,"1971-06-10",4.34,9]
[39019,1971,"1972-03-05",4.05,9]
[39019,1972,"1973-06-27",4.26,9]
[39019,1973,"1974-03-17",3.86,9]
[39019,1974,"1974-11-13",5.0199999999999996,9]
[39019,1975,"1975-11-16",1.82,9]
[39019,1976,"1977-03-30",4.22,9]
[39019,1977,"1978-02-17",3.55,9]
[39019,1978,"1979-04-12",4.08,9]
[39019,1979,"1979-12-27",3.01,9]
[39019,1980,"1981-04-26",3.54,9]
[39019,1981,"1982-04-06",3.96,9]
[39019,1982,"1983-01-31",3.1,9]
[39019,1983,"1984-03-24",3.45,9]
[39019,1984,"1985-02-08",2.81,9]
[39019,{"$f":"IF(MONTH(C50473)<=9,YEAR(C50473)-1,YEAR(C50473))","v":1985},"1986-03-10",3.06,9]
[39019,1986,"1987-04-04",2.9369999999999998,0.26300000000000001]
[39019,1987,"1988-02-14",4.0670000000000002,0.32600000000000001]
[39019,1988,"1989-05-24",2.19,0.217]
[39019,1989,"1990-03-01",3.7069999999999999,0.307]
[39019,1990,"1990-10-26",1.552,0.17299999999999999]
[39019,1991,"1992-09-23",2.2519999999999998,0.222]
[39019,1992,"1993-05-27",4.9720000000000004,0.37]
[39019,1993,"1994-02-03",4.9290000000000003,0.36799999999999999]
[39019,1994,"1995-03-03",5.3520000000000003,0.38800000000000001]
[39019,1995,"1996-06-08",2.9209999999999998,0.26300000000000001]
[39019,1996,"1996-11-20",1.621,0.17899999999999999]
[39019,1997,"1998-03-03",2.4569999999999999,0.23400000000000001]
[39019,1998,"1999-01-26",4.7839999999999998,0.36099999999999999]
[39019,1999,"2000-05-28",4.0469999999999997,0.32400000000000001]
[39019,2000,"2000-12-19",6.7439999999999998,0.45100000000000001]
[39019,2001,"2002-02-26",3.0579999999999998,0.27]
[39019,2002,"2003-01-19",5.9329999999999998,0.41899999999999998]
[39019,2003,"2004-04-18",2.21,0.219]
[39019,2004,"2005-03-30",1.76,0.189]
[39019,2005,"2005-12-03",1.4,0.16200000000000001]
[39019,2006,"2007-07-21",9.907,9]
[39019,2007,"2008-03-16",4.5679999999999996,9]
[39019,2008,"2009-02-10",3.8250000000000002,9]
[39019,2009,"2010-03-25",3.6930000000000001,9]
[39019,2010,"2011-01-18",1.89,9]
[39019,2011,"2012-06-12",1.98,9]
[39019,2012,"2013-03-18",5.4550000000000001,9]
[39019,2013,"2014-02-15",10.135,9]
[39019,2014,"2015-01-15",2.81,9]
[39019,2015,"2016-03-28",3.996,9]
[39019,2016,"2017-03-22",2.0270000000000001,9]
[39019,2017,"2018-04-22",2.82,9]
[39020,1963,"1963-11-23",3.91,9]
[39020,1964,"1965-01-28",1.8,9]
[39020,1965,"1965-12-22",5,9]
[39020,1966,"1967-03-04",3.61,9]
[39020,1967,"1968-01-19",4.08,9]
[39020,1968,"1969-01-22",3.36,9]
[39020,1969,"1970-02-07",3.14,9]
[39020,1970,"1971-02-04",3.98,9]
[39020,1971,"1972-02-08",3.33,9]
[39020,1972,"1972-12-17",2.67,9]
[39020,1973,"1974-02-17",3.92,9]
[39020,1974,"1975-03-18",3.33,9]
[39020,1975,"1975-12-29",0.51,9]
[39020,1976,"1977-02-26",4.9000000000000004,9]
[39020,1977,"1978-02-07",3.42,9]
[39020,1978,"1979-04-03",4.49,9]
[39020,1979,"1979-12-30",4.09,9]
[39020,1980,"1981-03-28",3.47,9]
[39020,1981,"1982-03-20",3.88,9]
[39020,1982,"1982-12-19",3.14,9]
[39020,1983,"1984-02-06",2.91,9]
[39020,1984,"1984-11-27",3.61,9]
[39020,1985,"1986-01-09",3.24,9]
[39020,1986,"1987-04-07",3.57,9]
[39020,1987,"1988-02-08",4.3209999999999997,9]
[39020,1988,"1989-03-03",2.31,9]
[39020,1989,"1990-02-11",5.48,9]
[39020,1990,"1991-03-16",2.5299999999999998,9]
[39020,1991,"1992-01-17",2.5419999999999998,9]
[39020,1992,"1992-12-06",4.5599999999999996,9]
[39020,1993,"1994-01-15",4.9340000000000002,9]
[39020,{"$f":"IF(MONTH(C50537)<=9,YEAR(C50537)-1,YEAR(C50537))","v":1994},"1995-02-04",4.6520000000000001,9]
[39020,1995,"1995-12-26",2.99,9]
[39020,1996,"1997-03-03",2.2000000000000002,9]
[39020,1997,"1998-01-07",3.95,9]
[39020,1998,"1999-01-23",5.38,9]
[39020,1999,"1999-12-30",3.895,9]
[39020,2000,"2000-12-15",6.4859999999999998,9]
[39020,2001,"2002-02-09",4.1589999999999998,9]
[39020,2002,"2003-01-05",5.282,9]
[39020,2003,"2004-02-11",3.1909999999999998,9]
[39020,2004,"2004-11-01",2.3239999999999998,9]
[39020,2005,"2006-04-08",1.794,9]
[39020,2006,"2007-07-23",5.7290000000000001,0.44600000000000001]
[39020,2007,"2008-01-18",6.0149999999999997,0.46]
[39020,2008,"2009-02-19",3.609,0.33200000000000002]
[39020,2009,"2010-01-25",4.1120000000000001,0.36099999999999999]
[39020,2010,"2011-01-16",2.298,0.248]
[39020,2011,"2012-07-18",2.7719999999999998,0.28000000000000003]
[39020,2012,"2012-12-25",6.516,0.48399999999999999]
[39020,2013,"2014-02-18",7.3380000000000001,0.52200000000000002]
[39020,2014,"2015-01-19",3.4180000000000001,0.32100000000000001]
[39020,2015,"2016-02-11",5.0069999999999997,0.40899999999999997]
[39020,2016,"2017-02-07",2.19,0.24]
[39020,2017,"2018-04-06",3.42,0.32100000000000001]
[39020,2018,"2019-03-18",1.84,0.214]
[39020,2019,"2020-02-20",5.19,0.41899999999999998]
[39023,1964,"1965-08-02",2.34,9]
[39023,1965,"1966-06-22",2.69,9]
[39023,1966,"1967-07-23",2.94,9]
[39023,1967,"1968-09-16",3.13,9]
[39023,1968,"1969-03-13",3.21,9]
[39023,1969,"1970-06-27",2.15,9]
[39023,1970,"1971-06-18",2.67,9]
[39023,1971,"1971-11-20",2.4700000000000002,9]
[39023,1972,"1972-11-12",2.34,9]
[39023,1973,"1974-09-27",2.4500000000000002,9]
[39023,1974,"1975-04-18",3.26,9]
[39023,1975,"1976-08-29",2.2000000000000002,9]
[39023,1976,"1977-08-16",3.79,9]
[39023,1977,"1978-07-31",2.73,9]
[39023,1978,"1979-05-30",2.87,9]
[39023,1979,"1980-06-14",2.94,9]
[39023,1980,"1981-09-25",4.43,9]
[39023,1981,"1982-06-26",3.51,9]
[39023,1982,"1983-05-31",3.98,9]
[39023,1983,"1984-09-20",3.46,9]
[39023,1984,"1985-08-04",2.56,9]
[39023,1985,"1986-01-03",2.4590000000000001,0.33700000000000002]
[39023,1986,"1987-04-07",2.9529999999999998,0.379]
[39023,1987,"1988-03-21",3.1880000000000002,0.39800000000000002]
[39023,1988,"1989-08-10",2.8319999999999999,0.36799999999999999]
[39023,1989,"1989-12-20",3.1880000000000002,0.39800000000000002]
[39023,1990,"1991-07-31",2.246,0.317]
[39023,1991,"1992-09-23",4.2539999999999996,0.47699999999999998]
[39023,1992,"1993-04-01",3.444,0.41799999999999998]
[39023,1993,"1993-10-13",3.548,0.42499999999999999]
[39023,1994,"1995-09-11",3.3410000000000002,0.40899999999999997]
[39023,1995,"1995-12-20",2.6419999999999999,0.35199999999999998]
[39023,1996,"1996-11-04",2.335,0.32600000000000001]
[39023,1997,"1998-09-27",2.6190000000000002,0.35099999999999998]
[39023,1998,"1999-08-09",2.8090000000000002,0.36699999999999999]
[39023,1999,"2000-05-28",2.29,0.32100000000000001]
[39023,2000,"2001-02-12",4.1559999999999997,0.47]
[39023,2001,"2002-05-23",4.2960000000000003,0.48099999999999998]
[39023,{"$f":"IF(MONTH(C50601)<=9,YEAR(C50601)-1,YEAR(C50601))","v":2002},"2003-01-01",3.3519999999999999,0.41099999999999998]
[39023,2003,"2004-08-03",2.46,0.33700000000000002]
[39023,2004,"2004-10-14",2,0.29499999999999998]
[39023,2005,"2006-08-19",2.33,0.32500000000000001]
[39023,2006,"2007-06-23",2.6440000000000001,0.35299999999999998]
[39023,2007,"2008-06-03",2.4620000000000002,0.33700000000000002]
[39023,2008,"2009-02-10",2.4049999999999998,0.33200000000000002]
[39023,2009,"2009-11-12",2.11,0.30499999999999999]
[39023,2010,"2011-01-18",2.27,0.32]
[39023,2011,"2012-04-17",2.4969999999999999,0.34]
[39023,2012,"2012-11-01",3.5009999999999999,0.42199999999999999]
[39023,2013,"2014-02-07",2.8730000000000002,0.372]
[39023,2014,"2014-10-28",2.34,0.32600000000000001]
[39023,2015,"2016-02-17",4.3879999999999999,0.48699999999999999]
[39023,2016,"2016-11-09",1.82,0.27700000000000002]
[39023,2017,"2018-05-27",2.2200000000000002,0.315]
[39023,2018,"2019-09-24",2.64,0.35199999999999998]
[39023,2019,"2020-08-14",2.75,0.36199999999999999]
[39035,1969,"1970-02-02",2.96,9]
[39035,1970,"1971-01-31",4.76,9]
[39035,1971,"1972-02-03",3.66,9]
[39035,1972,"1972-12-13",2.8,9]
[39035,1973,"1974-02-19",4.4800000000000004,9]
[39035,1974,"1975-01-31",3.51,9]
[39035,1975,"1975-12-01",0.35499999999999998,9]
[39035,1976,"1977-02-24",4.1900000000000004,9]
[39035,1977,"1978-02-04",3.02,9]
[39035,1978,"1979-03-31",4.3899999999999997,9]
[39035,1979,"1979-12-27",4.4400000000000004,9]
[39035,1980,"1981-03-22",3.29,9]
[39035,1981,"1982-03-15",4.0999999999999996,9]
[39035,1982,"1982-12-19",3.51,9]
[39035,1983,"1984-02-06",2.63,9]
[39035,1984,"1984-11-26",3.27,9]
[39035,1985,"1986-02-02",2.99,9]
[39035,1986,"1986-12-15",3.55,9]
[39035,1987,"1988-02-04",4.617,0.68]
[39035,1988,"1989-03-03",2.3380000000000001,0.504]
[39035,1989,"1990-02-08",4.6459999999999999,0.68100000000000005]
[39035,1990,"1991-03-19",2.153,0.48799999999999999]
[39035,1991,"1992-01-09",2.609,0.52800000000000002]
[39035,1992,"1993-01-16",3.492,0.6]
[39035,1993,"1994-01-13",3.5449999999999999,0.60299999999999998]
[39035,1994,"1995-02-19",4.2080000000000002,0.65200000000000002]
[39035,1995,"1995-12-25",3.0550000000000002,0.56499999999999995]
[39035,1996,"1997-02-25",1.756,0.44900000000000001]
[39035,1997,"1998-01-09",3.5190000000000001,0.60099999999999998]
[39035,1998,"1999-01-26",3.6779999999999999,0.61399999999999999]
[39035,1999,"2000-04-29",3.625,0.61]
[39035,2000,"2000-12-13",4.0789999999999997,0.64300000000000002]
[39035,2001,"2002-02-11",3.6779999999999999,0.61399999999999999]
[39035,2002,"2003-01-03",3.532,0.60199999999999998]
[39035,2003,"2004-07-22",1.78,0.45100000000000001]
[39035,2004,"2004-12-19",1.76,0.44900000000000001]
[39035,2005,"2006-03-30",1.91,0.46400000000000002]
[39035,2006,"2007-03-06",3.2610000000000001,9]
[39035,2007,"2008-01-25",3.14,9]
[39035,2008,"2009-02-10",2.9260000000000002,9]
[39035,2009,"2010-01-24",3.46,9]
[39035,2010,"2011-01-18",2.052,9]
[39035,2011,"2012-05-10",2.8490000000000002,9]
[39035,2012,"2013-02-02",3.87,9]
[39035,2013,"2014-01-07",3.75,9]
[39035,2014,"2015-01-16",2.72,9]
[39035,{"$f":"IF(MONTH(C50665)<=9,YEAR(C50665)-1,YEAR(C50665))","v":2015},"2016-02-10",2.9249999999999998,9]
[39035,2016,"2017-02-08",2.2989999999999999,9]
[39035,2017,"2018-04-05",3.3,9]
[39035,2018,"2018-12-21",1.91,9]
[39035,2019,"2019-11-07",4.13,9]
[39042,1972,"1972-12-16",2.98,9]
[39042,1973,"1974-02-15",4.53,9]
[39042,1974,"1974-11-24",3.42,9]
[39042,1975,"1976-04-10",0.35699999999999998,9]
[39042,1976,"1977-02-24",4.78,9]
[39042,1977,"1978-02-08",3.03,9]
[39042,1978,"1979-03-31",4.55,9]
[39042,1979,"1979-12-30",5.12,9]
[39042,1980,"1981-03-13",3.54,9]
[39042,1981,"1982-03-15",4.66,9]
[39042,1982,"1982-12-15",3,9]
[39042,1983,"1984-01-30",2.66,9]
[39042,1984,"1984-11-26",4.4400000000000004,9]
[39042,1985,"1985-12-27",3.1,9]
[39042,1986,"1986-11-25",3.07,9]
[39042,1987,"1988-02-04",4.1630000000000003,0.54100000000000004]
[39042,1988,"1989-03-03",2.1760000000000002,0.36799999999999999]
[39042,1989,"1989-12-23",4.7809999999999997,0.65700000000000003]
[39042,1990,"1991-01-13",2.4260000000000002,0.432]
[39042,1991,"1992-01-15",2.157,0.39300000000000002]
[39042,1992,"1992-12-01",3.6709999999999998,0.67900000000000005]
[39042,1993,"1994-01-10",4.0019999999999998,0.68899999999999995]
[39042,1994,"1995-01-29",4.2169999999999996,0.60599999999999998]
[39042,1995,"1995-12-26",2.8479999999999999,0.55500000000000005]
[39042,1996,"1997-03-02",2.3820000000000001,0.41099999999999998]
[39042,1997,"1998-01-12",2.9470000000000001,0.48299999999999998]
[39042,1998,"1999-01-27",3.5350000000000001,0.54200000000000004]
[39042,1999,"1999-12-27",3.698,0.55000000000000004]
[39042,2000,"2000-12-15",5.6520000000000001,0.68400000000000005]
[39042,2001,"2002-02-10",3.194,0.504]
[39042,2002,"2003-01-04",6.34,0.76]
[39042,2003,"2004-02-07",2.72,0.42499999999999999]
[39042,2004,"2004-10-29",2.0099999999999998,0.34599999999999997]
[39042,2005,"2006-03-31",1.61,0.30199999999999999]
[39042,2006,"2007-01-11",4.4489999999999998,9]
[39042,2007,"2008-01-18",5.01,9]
[39042,2008,"2009-02-18",2.8809999999999998,9]
[39042,2009,"2010-01-27",2.7749999999999999,9]
[39042,2010,"2011-01-18",2.339,9]
[39042,2011,"2012-05-14",1.9930000000000001,9]
[39042,2012,"2012-12-25",3.726,9]
[39042,2013,"2014-01-09",3.4889999999999999,9]
[39042,2014,"2015-01-19",2.68,9]
[39042,2015,"2016-02-12",3.0430000000000001,9]
[39042,2016,"2017-02-07",1.7529999999999999,9]
[39042,2017,"2018-04-04",3.06,9]
[39042,2018,"2019-02-19",1.69,9]
[39042,2019,"2020-02-19",3.3,9]
[40012,1963,"1964-03-15",3.012,0.313]
[40012,1964,"1965-09-04",1.887,0.24199999999999999]
[40012,1965,"1965-12-10",2.9079999999999999,0.307]
[40012,1966,"1967-05-06",3.0819999999999999,0.317]
[40012,1967,"1968-09-16",26,1.7949999999999999]
[40012,1968,"1969-04-01",4.2370000000000001,0.378]
[40012,1969,"1970-04-06",2.0459999999999998,0.253]
[40012,1970,"1971-06-15",3.17,0.32200000000000001]
[40012,1971,"1972-03-07",1.5589999999999999,0.218]
[40012,1972,"1973-09-21",1.4810000000000001,0.21199999999999999]
[40012,1974,"1974-11-23",4.9930000000000003,0.41399999999999998]
[40012,{"$f":"IF(MONTH(C50729)<=9,YEAR(C50729)-1,YEAR(C50729))","v":1975},"1975-12-02",2.3650000000000002,0.27400000000000002]
[40012,1976,"1977-01-14",2.9079999999999999,0.307]
[40012,1977,"1978-05-03",3.573,0.34399999999999997]
[40012,1978,"1979-03-29",2.3029999999999999,0.27]
[40012,1979,"1980-02-04","REJECTED","REJECTED"]
[40012,1980,"1981-03-11",1.7190000000000001,0.23]
[40012,1981,"1981-12-30",2.46,0.28000000000000003]
[40012,1982,"1982-12-10",4.907,0.41]
[40012,1989,"1990-04-03",0.66900000000000004,0.128]
[40012,1990,"1991-01-11",1.101,0.17699999999999999]
[40012,1991,"1992-05-01",0.55900000000000005,0.114]
[40012,1992,"1992-11-26",3.0640000000000001,0.316]
[40012,1993,"1994-01-06",4.38,0.38500000000000001]
[40012,1994,"1995-01-30",4.4000000000000004,0.38600000000000001]
[40012,1995,"1996-01-09",2.3969999999999998,0.27600000000000002]
[40012,1996,"1997-02-25",1.2370000000000001,0.191]
[40012,1997,"1998-01-05",2.508,0.28299999999999997]
[40012,1998,"1999-01-20",3.012,0.313]
[40012,1999,"2000-05-29",3.63,0.34699999999999998]
[40012,2000,"2001-02-09",7.58,0.52200000000000002]
[40012,2001,"2002-02-05",4.0369999999999999,0.36799999999999999]
[40012,2002,"2003-01-01",8.766,0.56599999999999995]
[40012,2003,"2004-02-02",2.806,0.30099999999999999]
[40012,2004,"2005-03-03",1.355,0.20200000000000001]
[40012,2005,"2006-02-20",1.36,0.20200000000000001]
[40012,2006,"2007-02-15",2.8050000000000002,0.30099999999999999]
[40012,2007,"2008-01-17",2.7210000000000001,0.29599999999999999]
[40012,2008,"2009-02-11",5.7569999999999997,0.44800000000000001]
[40012,2009,"2010-03-01",4.0430000000000001,0.36799999999999999]
[40012,2010,"2011-01-19",2.9940000000000002,0.312]
[40012,2011,"2012-06-13",1.788,0.23499999999999999]
[40012,2012,"2013-03-19",2.7719999999999998,0.29899999999999999]
[40012,2013,"2014-01-18",10.837999999999999,0.63700000000000001]
[40012,2014,"2015-01-16",2.9590000000000001,0.31]
[40012,2015,"2016-06-27",2.6880000000000002,0.29399999999999998]
[40012,2016,"2016-11-22",1.319,0.19900000000000001]
[40012,2017,"2018-05-01",2.09,0.25600000000000001]
[40012,2018,"2019-06-11",2.09,0.25600000000000001]
[40012,2019,"2020-02-17",5.1689999999999996,0.42199999999999999]
[41023,1970,"1971-02-17","REJECTED","REJECTED"]
[41023,1971,"1972-03-20",0.69899999999999995,0.28999999999999998]
[41023,1973,"1974-03-18",0.58099999999999996,0.27]
[41023,1974,"1974-11-24",4.0949999999999998,0.66]
[41023,1976,"1977-02-20",2.3690000000000002,0.5]
[41023,1977,"1978-02-26",1.0269999999999999,0.34]
[41023,1978,"1979-05-01",1.0269999999999999,0.34]
[41023,1979,"1980-02-23",1.171,0.36]
[41023,1980,"1981-04-01",1.8169999999999999,0.44]
[41023,1981,"1982-01-20",0.80500000000000005,0.307]
[41023,1982,"1983-01-04",1.7909999999999999,0.437]
[41023,1983,"1984-02-22",0.88300000000000001,0.31900000000000001]
[41023,1984,"1985-02-08",1.4650000000000001,0.39800000000000002]
[41023,1985,"1986-01-29",1.179,0.36099999999999999]
[41023,1986,"1987-04-16",1.2609999999999999,0.372]
[41023,1987,"1988-02-08",4.2220000000000004,0.67100000000000004]
[41023,1989,"1990-02-26",1.7310000000000001,0.43]
[41023,1990,"1991-04-24",0.20200000000000001,0.17499999999999999]
[41023,1991,"1992-03-29",1.0999999999999999E-2,5.6000000000000001E-2]
[41023,1992,"1993-01-28",1.4810000000000001,0.4]
[41023,1993,"1994-01-12",7.8,0.92100000000000004]
[41023,1994,"1995-02-19",4.5170000000000003,0.68]
[41023,1997,"1998-01-18",2.1880000000000002,0.48299999999999998]
[41023,1998,"1999-01-26",2.6179999999999999,0.52600000000000002]
[41023,1999,"2000-01-13",0.95099999999999996,0.32300000000000001]
[41023,{"$f":"IF(MONTH(C50793)<=9,YEAR(C50793)-1,YEAR(C50793))","v":2000},"2000-12-14",8.1,0.90700000000000003]
[41023,2001,"2002-03-18","REJECTED","REJECTED"]
[41023,2002,"2003-01-05",5.35,0.73599999999999999]
[41023,2003,"2004-02-02",1.327,0.38]
[41023,2004,"2005-03-02",9.6000000000000002E-2,0.158]
[41023,2005,"2006-05-25",9.9000000000000005E-2,0.159]
[41023,2006,"2007-03-11",2.1309999999999998,0.47699999999999998]
[41023,2007,"2008-01-31",0.98699999999999999,0.32900000000000001]
[41023,2008,"2009-02-09",1.766,0.436]
[41023,2009,"2010-01-29",2.6080000000000001,0.52500000000000002]
[41023,2010,"2011-02-10",1.0940000000000001,0.34599999999999997]
[41023,2011,"2012-07-18",2.1030000000000002,0.47399999999999998]
[41023,2012,"2012-12-28",4.8099999999999996,0.7]
[41023,2013,"2014-02-14",6.17,0.79500000000000004]
[41023,2014,"2015-01-21",1.7829999999999999,0.438]
[41023,2015,"2016-01-30",3.0680000000000001,0.56699999999999995]
[41023,2016,"2017-03-30",0.161,0.182]
[41023,2017,"2018-04-11",1.39,0.38800000000000001]
[41023,2018,"2019-03-04",0.90900000000000003,0.316]
[41023,2019,"2020-03-05",4.6159999999999997,0.68700000000000006]
[42006,1958,"1959-01-06",2.5499999999999998,0]
[42006,1959,"1960-01-24",3.4,0]
[42006,1960,"1960-12-04",5.94,0]
[42006,1961,"1962-01-21",2.63,0]
[42006,1962,"1963-04-10",2.2599999999999998,0]
[42006,1963,"1963-11-19",2.69,0]
[42006,1965,"1966-02-25",3.96,0]
[42006,1966,"1967-03-09",3.54,0]
[42006,1967,"1968-01-08",2.2599999999999998,0]
[42006,1968,"1969-01-14",4.3899999999999997,0]
[42006,1969,"1970-02-12",2.89,0]
[42006,1970,"1971-01-24",3.25,0]
[42006,1971,"1972-03-07",2.1800000000000002,0]
[42006,1972,"1973-01-20",0.93,0]
[42006,1973,"1974-02-15",3.17,9]
[42006,1974,"1974-11-22",4.8099999999999996,9]
[42006,1975,"1975-12-01",0.83,9]
[42006,1976,"1977-02-20",4.0199999999999996,9]
[42006,1977,"1978-02-05",2.448,9]
[42006,1978,"1979-03-25",2.883,9]
[42006,1979,"1980-04-05",2.2610000000000001,9]
[42006,1980,"1981-04-01",2.8279999999999998,9]
[42006,1981,"1982-01-04",2.407,9]
[42006,1982,"1983-02-01",2.4420000000000002,0.498]
[42006,1983,"1984-01-31",2.6819999999999999,0.52900000000000003]
[42006,1984,"1985-01-28",2.496,0.505]
[42006,1985,"1986-01-29",3.0030000000000001,0.56899999999999995]
[42006,1986,"1987-04-07",2.69,0.53]
[42006,1987,"1988-02-01",4.1230000000000002,0.69799999999999995]
[42006,1988,"1989-04-12",2.3220000000000001,0.48199999999999998]
[42006,1989,"1990-02-15",4.242,0.71099999999999997]
[42006,1990,"1991-04-04",1.2609999999999999,0.32500000000000001]
[42006,1991,"1992-05-01",0.74299999999999999,0.23100000000000001]
[42006,1992,"1993-01-11",3.085,0.57899999999999996]
[42006,1993,"1994-01-10",5.3230000000000004,0.82299999999999995]
[42006,1994,"1995-02-23",4.59,0.748]
[42006,1995,"1996-01-09",1.732,0.39900000000000002]
[42006,1996,"1997-02-25",1.712,0.39600000000000002]
[42006,1997,"1998-01-05",3.43,0.62]
[42006,1998,"1999-01-20",4.2240000000000002,0.70899999999999996]
[42006,1999,"1999-12-24",2.8889999999999998,0.55500000000000005]
[42006,2000,"2000-12-13",7.327,0.81499999999999995]
[42006,2001,"2002-02-05",3.1680000000000001,0.54300000000000004]
[42006,2002,"2003-01-02",8.5609999999999999,0.88200000000000001]
[42006,{"$f":"IF(MONTH(C50857)<=9,YEAR(C50857)-1,YEAR(C50857))","v":2003},"2004-02-02",3.4510000000000001,0.56499999999999995]
[42006,2004,"2004-10-20",1.4650000000000001,0.38800000000000001]
[42006,2005,"2006-03-30",1.3660000000000001,0.377]
[42006,2006,"2007-03-04",3.6360000000000001,0.57899999999999996]
[42006,2007,"2008-01-16",2.645,0.5]
[42006,2008,"2009-02-10",3.2309999999999999,0.54800000000000004]
[42006,2009,"2010-01-16",3.3079999999999998,0.55400000000000005]
[42006,2010,"2011-01-18",1.8620000000000001,0.42899999999999999]
[42006,2011,"2012-07-12",1.8919999999999999,0.432]
[42006,2012,"2012-12-25",4.4020000000000001,0.63400000000000001]
[42006,2013,"2014-01-06",7.47,0.82299999999999995]
[42006,2014,"2015-01-15",3.13,0.54]
[42006,2015,"2016-01-27",3.6360000000000001,0.57899999999999996]
[42006,2016,"2017-02-27",1.502,0.39200000000000002]
[42006,2017,"2018-04-11",2.4009999999999998,0.47899999999999998]
[42006,2018,"2019-02-08",1.821,0.42499999999999999]
[42006,2019,"2020-02-17",5.7160000000000002,0.72]
[42007,1969,"1970-03-06","REJECTED","REJECTED"]
[42007,1970,"1971-03-15","REJECTED","REJECTED"]
[42007,1971,"1972-03-06","REJECTED","REJECTED"]
[42007,1972,"1973-07-16","REJECTED","REJECTED"]
[42007,1973,"1974-02-14","REJECTED","REJECTED"]
[42007,1974,"1975-03-09","REJECTED","REJECTED"]
[42007,1975,"1976-02-12","REJECTED","REJECTED"]
[42007,1976,"1977-02-18","REJECTED","REJECTED"]
[42007,1977,"1978-04-30","REJECTED","REJECTED"]
[42007,1978,"1979-05-30","REJECTED","REJECTED"]
[42007,1979,"1980-03-18",2.23,9]
[42007,1980,"1981-08-01",2.0179999999999998,9]
[42007,1981,"1982-03-09",2.4529999999999998,9]
[42007,1982,"1983-06-24",2.5489999999999999,9]
[42007,1983,"1984-03-24",2.4169999999999998,9]
[42007,1984,"1985-01-21",2.391,9]
[42007,1985,"1986-01-28",2.056,9]
[42007,1986,"1987-04-29",1.956,9]
[42007,1987,"1988-03-20",2.452,9]
[42007,1988,"1989-05-27",2.1989999999999998,9]
[42007,1989,"1990-02-07",2.524,9]
[42007,1990,"1991-03-07",1.8069999999999999,9]
[42007,1991,"1992-04-03",1.367,9]
[42007,1992,"1993-04-01",2.4510000000000001,9]
[42007,1993,"1994-01-27",2.8559999999999999,9]
[42007,1994,"1995-03-07",3.246,9]
[42007,1995,"1996-07-29",2.4729999999999999,9]
[42007,1996,"1997-02-24",1.964,9]
[42007,1997,"1998-03-03",2.016,9]
[42007,1998,"1999-01-16",2.87,9]
[42007,1999,"2000-07-05",2.976,9]
[42007,2000,"2000-12-13",4.258,9]
[42007,2001,"2002-05-26",2.5430000000000001,9]
[42007,2002,"2003-01-02",3.4809999999999999,9]
[42007,2003,"2004-02-25",2.2919999999999998,9]
[42007,2004,"2004-12-19",1.643,9]
[42007,2005,"2005-12-02",1.905,9]
[42007,2006,"2007-06-09",2.8119999999999998,9]
[42007,2007,"2008-04-30",2.61,9]
[42007,2008,"2009-02-10",2.681,9]
[42007,2009,"2010-03-18",2.7869999999999999,9]
[42007,2010,"2011-03-14",2.2050000000000001,9]
[42007,2011,"2012-06-11",2.339,9]
[42007,2012,"2013-02-12",3.2610000000000001,9]
[42007,2013,"2014-02-11",4.7469999999999999,9]
[42007,2014,"2015-04-07",2.738,9]
[42007,2015,"2016-03-09",2.93,9]
[42007,{"$f":"IF(MONTH(C50921)<=9,YEAR(C50921)-1,YEAR(C50921))","v":2016},"2017-04-01",1.9910000000000001,9]
[42007,2017,"2018-04-03",2.5099999999999998,9]
[42007,2018,"2019-04-04",1.9910000000000001,9]
[42007,2019,"2020-02-16",3.41,9]
[42008,1970,"1971-01-23",1.093,0.30499999999999999]
[42008,1971,"1972-03-05",1.008,0.28999999999999998]
[42008,1972,"1972-12-06",1.008,0.28999999999999998]
[42008,1973,"1974-02-10",1.302,0.34]
[42008,1974,"1974-11-21",1.6919999999999999,0.4]
[42008,1975,"1975-12-01",0.746,0.24]
[42008,1976,"1977-02-10",1.6240000000000001,0.39]
[42008,1977,"1978-03-16",1.181,0.32]
[42008,1978,"1979-05-30",1.302,0.34]
[42008,1979,"1980-04-01",1.008,0.28999999999999998]
[42008,1980,"1981-09-19","REJECTED","REJECTED"]
[42008,1981,"1982-03-10",1.22,0.32700000000000001]
[42008,1982,"1982-12-09",1.85,0.42299999999999999]
[42008,1983,"1984-02-10",1.33,0.34499999999999997]
[42008,1984,"1985-01-21",1.44,0.36199999999999999]
[42008,1985,"1986-01-22",1.33,0.34499999999999997]
[42008,1986,"1987-01-01",1.0900000000000001,0.30499999999999999]
[42008,1987,"1988-02-13",1.75,0.40799999999999997]
[42008,1988,"1989-04-11",1.17,0.318]
[42008,1989,"1990-02-11",2.0699999999999998,0.45200000000000001]
[42008,1990,"1991-04-06",0.84699999999999998,0.26]
[42008,1991,"1992-05-09",0.58599999999999997,0.20599999999999999]
[42008,1992,"1992-12-18",1.49,0.37]
[42008,1993,"1994-01-15",2.12,0.45900000000000002]
[42008,1994,"1995-03-03",2.4900000000000002,0.50600000000000001]
[42008,1995,"1996-01-09",1.31,0.34100000000000003]
[42008,1996,"1996-11-20",1.01,0.28999999999999998]
[42008,1997,"1998-01-18",1.25,0.33200000000000002]
[42008,1998,"1999-01-27",2.13,0.46]
[42008,1999,"1999-12-24",1.45,0.36299999999999999]
[42008,2000,"2000-12-12",4.8099999999999996,0.754]
[42008,2001,"2002-02-26",1.45,0.36299999999999999]
[42008,2002,"2003-01-01",4.04,0.67700000000000005]
[42008,2003,"2004-02-01",1.57,0.38200000000000001]
[42008,2004,"2004-11-15",0.9,0.27]
[42008,2005,"2005-12-02",1.01,0.28999999999999998]
[42008,2006,"2007-03-06",2.02,0.44600000000000001]
[42008,2007,"2008-01-15",1.37,0.35099999999999998]
[42008,2008,"2009-02-10",1.69,0.4]
[42008,2009,"2010-04-03",1.47,0.36699999999999999]
[42008,2010,"2011-01-17",1.05,0.29699999999999999]
[42008,2011,"2012-08-14",1.18,0.32]
[42008,2012,"2012-12-25",2.4700000000000002,0.504]
[42008,2013,"2014-02-14",4.6900000000000004,0.74]
[42008,2014,"2014-12-07",1.41,0.35799999999999998]
[42008,2015,"2016-02-08",1.768,0.41099999999999998]
[42008,2016,"2017-03-20",1.0189999999999999,0.29199999999999998]
[42008,2017,"2018-04-22",1.3640000000000001,0.35]
[42008,2018,"2019-02-08",1.014,0.29099999999999998]
[42008,2019,"2020-02-20",2.6840000000000002,0.53]
[42009,1971,"1971-10-01",0.41499999999999998,0.16500000000000001]
[42009,1971,"1972-03-19",0.874,0.26500000000000001]
[42009,1972,"1972-10-01",0.3,0.13500000000000001]
[42009,1973,"1974-02-10",0.82199999999999995,0.255]
[42009,1974,"1974-11-24",1.3959999999999999,0.35499999999999998]
[42009,1975,"1976-07-05",0.64200000000000002,0.218]
[42009,1976,"1977-03-16",1.0649999999999999,0.3]
[42009,1977,"1977-11-05",0.628,0.215]
[42009,1978,"1979-04-10",1.0649999999999999,0.3]
[42009,1979,"1980-01-20",0.82199999999999995,0.255]
[42009,{"$f":"IF(MONTH(C50985)<=9,YEAR(C50985)-1,YEAR(C50985))","v":1980},"1981-04-27",0.79700000000000004,0.25]
[42009,1981,"1981-10-08",1.1339999999999999,0.312]
[42009,1982,"1983-06-23",1.296,0.33900000000000002]
[42009,1983,"1984-03-24",0.94899999999999995,0.27900000000000003]
[42009,1984,"1985-02-08",1.2709999999999999,0.33500000000000002]
[42009,1985,"1986-01-29",0.83799999999999997,0.25800000000000001]
[42009,1986,"1987-01-01",0.80200000000000005,0.251]
[42009,1987,"1988-02-02",1.1279999999999999,0.311]
[42009,1988,"1989-04-11",0.73699999999999999,0.23799999999999999]
[42009,1989,"1990-02-11",1.5049999999999999,0.372]
[42009,1990,"1991-04-06",0.63200000000000001,0.216]
[42009,1991,"1992-05-25",0.45100000000000001,0.17399999999999999]
[42009,1992,"1993-01-22",1.151,0.315]
[42009,1993,"1994-01-13",1.92,0.432]
[42009,1994,"1995-02-01",1.714,0.40300000000000002]
[42009,1995,"1996-01-09",0.99199999999999999,0.28699999999999998]
[42009,1996,"1997-03-12",0.61899999999999999,0.21299999999999999]
[42009,1997,"1998-02-04",0.81699999999999995,0.254]
[42009,1998,"1999-01-24",1.4339999999999999,0.36099999999999999]
[42009,1999,"2000-07-05",1.048,0.29699999999999999]
[42009,2000,"2000-12-10",4.4429999999999996,0.71599999999999997]
[42009,2001,"2002-02-26",1.163,0.317]
[42009,2002,"2003-01-03",2.448,0.501]
[42009,2003,"2004-02-02",1.0880000000000001,0.30399999999999999]
[42009,2004,"2004-12-19",0.65600000000000003,0.221]
[42009,2005,"2005-12-02",0.60899999999999999,0.21099999999999999]
[42009,2006,"2007-03-06",1.1339999999999999,0.312]
[42009,2007,"2008-01-18",0.97599999999999998,0.28399999999999997]
[42009,2008,"2009-03-04",1.169,0.318]
[42009,2009,"2010-01-16",1.111,0.308]
[42009,2010,"2011-03-15",0.72199999999999998,0.23499999999999999]
[42009,2011,"2012-06-11",0.69299999999999995,0.22900000000000001]
[42009,2012,"2013-01-01",1.546,0.378]
[42009,2013,"2014-02-15",4.4329999999999998,0.71499999999999997]
[42009,2014,"2015-02-20",1.157,0.316]
[42009,2015,"2016-03-09",1.169,0.318]
[42009,2016,"2017-03-03",0.76700000000000002,0.24399999999999999]
[42009,2017,"2018-04-11",0.95399999999999996,0.28000000000000003]
[42009,2018,"2019-04-04",0.73199999999999998,0.23699999999999999]
[42009,2019,"2020-02-20",2.4079999999999999,0.496]
[42010,1958,"1959-01-22",8.49,0]
[42010,1959,"1960-01-28",9.06,0]
[42010,1960,"1960-12-04",12.37,0]
[42010,1961,"1962-01-21",8.6,0]
[42010,1962,"1963-04-17",11.26,0]
[42010,1963,"1963-11-19",8.69,0]
[42010,1964,"1965-03-22",5.32,0]
[42010,1965,"1966-02-25",11.09,0]
[42010,1966,"1967-03-08",9.1999999999999993,0]
[42010,1967,"1968-02-05",8.77,0]
[42010,1968,"1969-01-28",12.73,0]
[42010,1969,"1970-03-12",8.3000000000000007,0]
[42010,1970,"1971-03-18",9.8800000000000008,0]
[42010,1971,"1972-03-07",8.7200000000000006,0]
[42010,1972,"1972-12-06",8.43,0]
[42010,1973,"1974-02-15",10.050000000000001,0]
[42010,1974,"1974-11-22",12.2,0]
[42010,1975,"1975-12-02",6.35,0]
[42010,1976,"1977-02-10",11.29,0]
[42010,1977,"1978-05-01",8,0]
[42010,1978,"1979-06-14",8.0299999999999994,0]
[42010,1979,"1979-12-27",7.07,0]
[42010,1980,"1981-09-10",7.7240000000000002,9]
[42010,1981,"1982-03-10",8.5540000000000003,9]
[42010,{"$f":"IF(MONTH(C51049)<=9,YEAR(C51049)-1,YEAR(C51049))","v":1982},"1983-01-04",11.266999999999999,9]
[42010,1983,"1984-03-24",9.7750000000000004,9]
[42010,1984,"1985-01-21",10.599,9]
[42010,1985,"1986-01-29",9.0440000000000005,9]
[42010,1986,"1987-05-04",8.7870000000000008,9]
[42010,1987,"1988-02-09",10.259,9]
[42010,1988,"1989-03-21",7.5949999999999998,9]
[42010,1989,"1990-02-11",12.832000000000001,9]
[42010,1990,"1991-07-18",6.5919999999999996,9]
[42010,1991,"1992-05-01",4.5359999999999996,9]
[42010,1992,"1993-04-01",10.416,9]
[42010,1993,"1994-02-03",11.747999999999999,9]
[42010,1994,"1995-02-22",13.596,9]
[42010,1995,"1996-01-09",9.0960000000000001,9]
[42010,1996,"1996-11-20",6.8390000000000004,9]
[42010,1997,"1998-01-05",8.2569999999999997,9]
[42010,1998,"1999-01-26",11.484,9]
[42010,1999,"1999-12-25",10.631,9]
[42010,2000,"2000-12-13",19.978000000000002,9]
[42010,2001,"2002-02-26",9.1050000000000004,9]
[42010,2002,"2003-01-02",16.210999999999999,9]
[42010,2003,"2004-02-01",10.097,9]
[42010,2004,"2004-12-19",6.3369999999999997,9]
[42010,2005,"2005-12-03",6.53,9]
[42010,2006,"2007-03-06",11.318,9]
[42010,2007,"2008-05-26",10.236000000000001,9]
[42010,2008,"2009-02-10",10.811,9]
[42010,2009,"2010-01-22",10.93,9]
[42010,2010,"2011-01-18",7.3419999999999996,9]
[42010,2011,"2012-06-11",8.6880000000000006,9]
[42010,2012,"2013-01-12",13.391,9]
[42010,2013,"2014-02-12",22.460999999999999,9]
[42010,2014,"2015-01-15",10.161,9]
[42010,2015,"2016-03-09",11.481999999999999,9]
[42010,2016,"2017-03-22",8.2840000000000007,9]
[42010,2017,"2018-04-22",11.147,9]
[42010,2018,"2019-04-05",7.657,9]
[42010,2019,"2020-02-20",15.997,9]
[42012,1973,"1974-02-15",4.1040000000000001,0.52]
[42012,1974,"1975-01-31",4.17,0.52500000000000002]
[42012,1975,"1975-12-18",2.2469999999999999,0.36]
[42012,1976,"1977-03-14",3.5960000000000001,0.48]
[42012,1977,"1978-01-28",3.1739999999999999,0.44500000000000001]
[42012,1978,"1979-06-13",3.3639999999999999,0.46100000000000002]
[42012,1979,"1979-12-27",3.2570000000000001,0.45200000000000001]
[42012,1980,"1981-09-26",2.7429999999999999,9]
[42012,1981,"1982-03-15",4.165,9]
[42012,1982,"1983-01-04",3.762,9]
[42012,1983,"1984-03-24",3.1739999999999999,9]
[42012,1984,"1985-05-27",3.573,9]
[42012,1985,"1986-05-20",2.9409999999999998,9]
[42012,1986,"1987-04-04",3.26,9]
[42012,1987,"1988-02-13",3.2149999999999999,9]
[42012,1988,"1989-03-21",2.6139999999999999,9]
[42012,1989,"1990-02-07",5.2930000000000001,9]
[42012,1990,"1991-03-07",2.823,9]
[42012,1991,"1991-11-19",2.1749999999999998,9]
[42012,1992,"1993-04-01",3.9369999999999998,9]
[42012,1993,"1994-01-16",4.3490000000000002,9]
[42012,1994,"1995-02-01",5.6879999999999997,9]
[42012,1995,"1996-01-09",3.1789999999999998,9]
[42012,1996,"1996-11-19",2.552,9]
[42012,1997,"1998-01-05",3.1160000000000001,9]
[42012,1998,"1999-07-05",4.03,9]
[42012,{"$f":"IF(MONTH(C51113)<=9,YEAR(C51113)-1,YEAR(C51113))","v":1999},"1999-12-24",3.8119999999999998,9]
[42012,2000,"2000-12-13",6.0890000000000004,9]
[42012,2001,"2002-02-26",3.0089999999999999,9]
[42012,2002,"2003-01-04",5.8760000000000003,9]
[42012,2003,"2004-02-01",2.75,9]
[42012,2004,"2004-12-19",2.419,9]
[42012,2005,"2006-02-15",1.8080000000000001,9]
[42012,2006,"2007-03-06",4.319,9]
[42012,2007,"2008-03-16",3.3889999999999998,9]
[42012,2008,"2009-02-10",4.2110000000000003,9]
[42012,2009,"2010-04-02",3.399,9]
[42012,2010,"2011-01-18",2.5329999999999999,9]
[42012,2011,"2012-06-11",2.8410000000000002,9]
[42012,2012,"2013-02-11",4.4930000000000003,9]
[42012,2013,"2014-02-14",6.7770000000000001,9]
[42012,2014,"2015-01-15",3.24,9]
[42012,2015,"2016-03-28",3.3849999999999998,9]
[42012,2016,"2016-12-23",2.323,9]
[42012,2017,"2018-04-11",3.1920000000000002,9]
[42012,2018,"2019-04-04",2.3620000000000001,9]
[42012,2019,"2020-03-05",4.7729999999999997,9]
[43003,1965,"1966-02-26",75.44,9]
[43003,1966,"1967-03-11","REJECTED","REJECTED"]
[43003,1967,"1968-01-10",34.549999999999997,9]
[43003,1968,"1969-03-14",45.13,9]
[43003,1969,"1970-02-12",33.42,9]
[43003,1970,"1971-02-01",47.44,9]
[43003,1971,"1972-03-08",68.14,9]
[43003,1972,"1972-12-07",35.71,9]
[43003,1973,"1974-02-17",85.12,9]
[43003,1974,"1975-01-29",69.25,9]
[43003,1975,"1975-11-29",14.32,9]
[43003,1976,"1977-02-26",73.900000000000006,9]
[43003,1977,"1978-01-30",54.49,9]
[43003,1978,"1979-03-26",44.67,9]
[43003,1979,"1979-12-29",60.06,9]
[43003,1980,"1981-03-23",41.72,9]
[43003,1981,"1982-03-17",57.01,9]
[43003,1982,"1982-12-21",34.340000000000003,9]
[43003,1983,"1984-01-27",45.8,9]
[43003,1984,"1985-02-09",48.79,9]
[43003,1991,"1992-04-08",16.917999999999999,9]
[43003,1992,"1992-12-09",67.259,9]
[43003,1993,"1994-01-11",71.53,9]
[43003,1994,"1995-02-01",84.168000000000006,9]
[43003,1995,"1996-01-09",34.137999999999998,9]
[43003,1996,"1997-02-26",25.516999999999999,9]
[43003,1997,"1998-01-07",61.898000000000003,9]
[43003,1998,"1999-01-21",66.018000000000001,9]
[43003,1999,"1999-12-28",63.182000000000002,9]
[43003,2000,"2000-12-12",100.352,9]
[43003,2001,"2002-02-05",40.899000000000001,9]
[43003,2002,"2003-01-04",87.31,9]
[43003,2003,"2004-02-01",35.57,9]
[43003,2004,"2004-12-20",26.347000000000001,9]
[43003,2005,"2005-12-04",28.696000000000002,9]
[43003,2006,"2007-03-08",58.896000000000001,9]
[43003,2007,"2008-01-18",47.521999999999998,9]
[43003,2008,"2009-02-12",55.171999999999997,9]
[43003,2009,"2009-12-09",47.505000000000003,9]
[43003,2010,"2011-01-19",27.983000000000001,9]
[43003,2011,"2012-05-01",28.033000000000001,9]
[43003,2012,"2013-01-01",59.502000000000002,9]
[43003,2013,"2014-01-09",78.995000000000005,9]
[43003,{"$f":"IF(MONTH(C51177)<=9,YEAR(C51177)-1,YEAR(C51177))","v":2014},"2015-01-16",34.853999999999999,9]
[43003,2015,"2016-02-08",48.4,9]
[43003,2016,"2017-02-03",25.196999999999999,9]
[43003,2017,"2018-04-13",46.677,9]
[43003,2018,"2019-03-07",27.114000000000001,9]
[43003,2019,"2019-12-28",65.594999999999999,9]
[43004,1964,"1965-01-20",1.22,9]
[43004,1965,"1966-03-04",3.94,9]
[43004,1966,"1967-03-26",3.29,9]
[43004,1967,"1968-02-05",1.87,9]
[43004,1968,"1969-01-28",2.75,9]
[43004,1969,"1970-02-12",1.76,9]
[43004,1970,"1971-03-18",1.94,9]
[43004,1971,"1972-03-13",3.74,9]
[43004,1972,"1972-12-06",1.59,9]
[43004,1973,"1974-02-28",2.29,9]
[43004,1974,"1975-02-10",3.15,9]
[43004,1975,"1976-01-08",0.73,9]
[43004,1976,"1977-03-02",3.38,9]
[43004,1977,"1978-02-26",1.94,9]
[43004,1978,"1979-04-10",3.09,9]
[43004,1979,"1979-12-27",2.64,9]
[43004,1980,"1981-03-30",1.8,9]
[43004,1981,"1982-03-19",2.7,9]
[43004,1982,"1983-01-31",2.23,9]
[43004,1983,"1984-03-23",1.46,9]
[43004,1991,"1992-04-07",0.61799999999999999,0.21099999999999999]
[43004,1992,"1993-01-29",2.3130000000000002,0.48]
[43004,1993,"1994-02-03",3.6779999999999999,0.63500000000000001]
[43004,1994,"1995-02-04",7.1360000000000001,0.93700000000000006]
[43004,1995,"1996-02-12",1.4139999999999999,0.35499999999999998]
[43004,1996,"1997-02-24",1.3129999999999999,0.33900000000000002]
[43004,1997,"1998-01-05",2.0499999999999998,0.44600000000000001]
[43004,1998,"1999-01-26",3.4489999999999998,0.61099999999999999]
[43004,1999,"2000-05-08",2.242,0.47099999999999997]
[43004,2000,"2000-12-13",6.7469999999999999,0.90700000000000003]
[43004,2001,"2002-02-05",1.4930000000000001,0.36699999999999999]
[43004,2002,"2003-01-03",7.9580000000000002,0.998]
[43004,2003,"2004-02-01",1.4530000000000001,0.36099999999999999]
[43004,2004,"2004-12-19",1.1970000000000001,0.32]
[43004,2005,"2005-12-02",0.81599999999999995,0.252]
[43004,2006,"2007-03-12",3.7959999999999998,0.64700000000000002]
[43004,2007,"2008-03-16",1.976,0.436]
[43004,2008,"2009-02-16",3.5630000000000002,0.623]
[43004,2009,"2010-03-25",2.117,0.45500000000000002]
[43004,2010,"2011-01-17",1.27,0.33200000000000002]
[43004,2011,"2012-05-01",0.98499999999999999,0.28299999999999997]
[43004,2012,"2013-02-12",5.05,0.76600000000000001]
[43004,2013,"2014-02-14",5.7919999999999998,0.83]
[43004,2014,"2015-01-15",1.506,0.36899999999999999]
[43004,2015,"2016-03-28",1.9950000000000001,0.439]
[43004,2016,"2017-03-23","REJECTED","REJECTED"]
[43005,1965,"1966-02-26","REJECTED","REJECTED"]
[43005,1966,"1967-03-10","REJECTED","REJECTED"]
[43005,1967,"1968-01-15","REJECTED","REJECTED"]
[43005,1968,"1969-03-13","REJECTED","REJECTED"]
[43005,1969,"1970-03-13","REJECTED","REJECTED"]
[43005,1970,"1971-01-15","REJECTED","REJECTED"]
[43005,1971,"1972-03-08","REJECTED","REJECTED"]
[43005,1972,"1972-12-07","REJECTED","REJECTED"]
[43005,1973,"1974-02-15","REJECTED","REJECTED"]
[43005,1974,"1975-01-21","REJECTED","REJECTED"]
[43005,1975,"1975-12-02","REJECTED","REJECTED"]
[43005,1976,"1977-02-25","REJECTED","REJECTED"]
[43005,{"$f":"IF(MONTH(C51241)<=9,YEAR(C51241)-1,YEAR(C51241))","v":1977},"1978-01-29","REJECTED","REJECTED"]
[43005,1978,"1979-03-28","REJECTED","REJECTED"]
[43005,1979,"1979-12-28","REJECTED","REJECTED"]
[43005,1980,"1981-03-22","REJECTED","REJECTED"]
[43005,1981,"1982-03-16","REJECTED","REJECTED"]
[43005,1982,"1982-12-10","REJECTED","REJECTED"]
[43005,1983,"1984-01-27","REJECTED","REJECTED"]
[43005,1984,"1985-01-22","REJECTED","REJECTED"]
[43005,1985,"1986-01-30","REJECTED","REJECTED"]
[43005,1986,"1987-01-01","REJECTED","REJECTED"]
[43005,1987,"1988-02-05","REJECTED","REJECTED"]
[43005,1988,"1989-02-26","REJECTED","REJECTED"]
[43005,1989,"1990-02-04",28.536000000000001,0.96399999999999997]
[43005,1990,"1991-01-10",5.5609999999999999,0.438]
[43005,1991,"1992-04-08",4.4000000000000004,0.371]
[43005,1992,"1992-12-08",17.184999999999999,0.83499999999999996]
[43005,1993,"1994-01-06",15.404,0.79600000000000004]
[43005,1994,"1995-01-31",23.361999999999998,0.94799999999999995]
[43005,1995,"1996-02-13",7.4130000000000003,0.52200000000000002]
[43005,1996,"1996-11-21",3.7029999999999998,0.33100000000000002]
[43005,1997,"1998-01-06",10.577,0.65900000000000003]
[43005,1998,"1999-01-20",12.742000000000001,0.72799999999999998]
[43005,1999,"1999-12-27",11.992000000000001,0.70699999999999996]
[43005,2000,"2000-12-09",25.687000000000001,0.98899999999999999]
[43005,2001,"2002-02-05",10.263999999999999,0.64600000000000002]
[43005,2002,"2003-01-03",27.853999999999999,1.026]
[43005,2003,"2004-02-07",8.2189999999999994,0.55800000000000005]
[43005,2004,"2005-03-30",5.9290000000000003,0.45100000000000001]
[43005,2005,"2005-12-03",6.173,0.46300000000000002]
[43005,2006,"2007-03-06",14.385,0.77100000000000002]
[43005,2007,"2008-01-17",14.347,0.77]
[43005,2008,"2009-02-11",15.632999999999999,0.80200000000000005]
[43005,2009,"2010-01-23",8.8940000000000001,0.58799999999999997]
[43005,2010,"2011-01-19",8.657,0.57799999999999996]
[43005,2011,"2012-07-10",5.75,0.442]
[43005,2012,"2013-01-02",17.238,0.83599999999999997]
[43005,2013,"2014-01-05",26.285,0.999]
[43005,2014,"2015-01-16",8.2550000000000008,0.56000000000000005]
[43005,2015,"2016-03-29",9.59,0.61799999999999999]
[43005,2016,"2016-11-23",5.5330000000000004,0.43099999999999999]
[43005,2017,"2018-04-03",9.32,0.60599999999999998]
[43005,2018,"2019-02-09",5.851,0.44700000000000001]
[43005,2019,"2020-02-18",14.308,0.76900000000000002]
[43006,1965,"1966-04-20","REJECTED","REJECTED"]
[43006,1966,"1966-11-05",21.841000000000001,0.69]
[43006,1967,"1968-01-09",13.17,0.49]
[43006,1968,"1969-03-13",14.808,0.53]
[43006,1969,"1970-02-28",10.814,0.43]
[43006,1970,"1971-01-21",16.07,0.56000000000000005]
[43006,1971,"1972-03-05",14.808,0.53]
[43006,1972,"1972-12-07",12.769,0.48]
[43006,1973,"1974-02-15",16.927,0.57999999999999996]
[43006,1974,"1974-11-14",21.841000000000001,0.69]
[43006,1975,"1975-11-29",5.53,0.28000000000000003]
[43006,1976,"1977-01-14",14.394,0.52]
[43006,1977,"1978-01-28",21.381,0.68]
[43006,1978,"1979-05-31",28.13,0.79]
[43006,1979,"1979-12-28",47.88,1.1000000000000001]
[43006,1980,"1981-03-10",14.808,0.53]
[43006,1981,"1982-03-16",18.233000000000001,0.61]
[43006,1982,"1983-02-01",13.983000000000001,0.51]
[43006,1983,"1984-01-26",15.647,0.55000000000000004]
[43006,1984,"1985-01-22",14.394,0.52]
[43006,1985,"1985-12-26",18.233000000000001,0.61]
[43006,{"$f":"IF(MONTH(C51305)<=9,YEAR(C51305)-1,YEAR(C51305))","v":1986},"1986-12-09",13.574999999999999,0.5]
[43006,1987,"1988-02-01",13.43,9]
[43006,1989,"1990-02-03",26.61,9]
[43006,1990,"1991-03-09",9.8320000000000007,0.40400000000000003]
[43006,1991,"1992-09-19",9.0950000000000006,0.38400000000000001]
[43006,1992,"1992-12-07",23.803000000000001,0.73199999999999998]
[43006,1993,"1993-10-13",20.913,0.67]
[43006,1994,"1995-02-02",16.984000000000002,0.58099999999999996]
[43006,1995,"1996-01-09",11.976000000000001,0.46]
[43006,1996,"1996-11-21",16.398,0.56799999999999995]
[43006,1997,"1998-01-06",22.318000000000001,0.7]
[43006,1998,"1998-11-01",17.273,0.58799999999999997]
[43006,1999,"1999-12-25",23.22,0.72]
[43006,2000,"2000-11-06",34.738,0.95099999999999996]
[43006,2001,"2002-02-04",16.364000000000001,0.56699999999999995]
[43006,2002,"2002-11-14",27.545000000000002,0.81]
[43006,2003,"2004-01-13",12.3,0.46800000000000003]
[43006,2004,"2004-12-20",12.055,0.46200000000000002]
[43006,2005,"2005-12-03",14.683999999999999,0.52700000000000002]
[43006,2006,"2007-03-07",14.766999999999999,0.52900000000000003]
[43006,2007,"2008-03-17",14.435,0.52100000000000002]
[43006,2008,"2009-02-10",27.515000000000001,0.80900000000000005]
[43006,2009,"2009-12-08",13.493,0.498]
[43006,2010,"2011-01-18",8.9860000000000007,0.38100000000000001]
[43006,2011,"2012-04-30",13.452999999999999,0.497]
[43006,2012,"2012-11-26",21.841000000000001,0.69]
[43006,2013,"2013-12-24",37.47,1.0029999999999999]
[43006,2014,"2015-01-16",10.395,0.41899999999999998]
[43006,2015,"2016-03-29",18.388999999999999,0.61399999999999999]
[43006,2016,"2016-11-22",12.648999999999999,0.47699999999999998]
[43006,2017,"2018-03-31",13.602,0.501]
[43006,2018,"2018-12-19",8.577,0.37]
[43006,2019,"2020-02-17",17.32,0.58899999999999997]
[43008,1966,"1967-03-10",15.67,0]
[43008,1967,"1968-01-14",9.42,0]
[43008,1968,"1968-12-25",10.98,0]
[43008,1969,"1970-02-23",8.34,0.5]
[43008,1970,"1971-02-01",13,0.65]
[43008,1971,"1972-03-07",12.6,0.63700000000000001]
[43008,1973,"1974-02-16",21.6,0.875]
[43008,1974,"1975-01-29",16.8,0.755]
[43008,1975,"1975-12-02",2.87,0.25700000000000001]
[43008,1976,"1977-03-01",17.600000000000001,0.77600000000000002]
[43008,1977,"1978-02-05",13,0.64900000000000002]
[43008,1978,"1979-03-28",12.8,0.64200000000000002]
[43008,1979,"1980-04-02",10.9,0.58499999999999996]
[43008,1983,"1984-01-31",13,0.64800000000000002]
[43008,1984,"1985-01-22",13,0.64800000000000002]
[43008,1985,"1986-01-29",12.6,0.63600000000000001]
[43008,1986,"1987-01-02",12.2,0.626]
[43008,1987,"1988-02-14",15.8,0.72799999999999998]
[43008,1988,"1989-05-04","REJECTED","REJECTED"]
[43008,1989,"1989-12-21","REJECTED","REJECTED"]
[43008,1990,"1991-03-19",6.84,0.44500000000000001]
[43008,1991,"1992-09-19",7.21,0.45900000000000002]
[43008,1992,"1992-12-08",17.600000000000001,0.77600000000000002]
[43008,1993,"1994-01-10",20.399999999999999,0.84599999999999997]
[43008,1994,"1995-02-02",29.7,1.056]
[43008,1995,"1996-02-12",8.8000000000000007,0.51600000000000001]
[43008,1996,"1997-02-18",5.15,0.376]
[43008,1997,"1998-01-08",14.7,0.69799999999999995]
[43008,1998,"1999-01-21",18.8,0.80700000000000005]
[43008,1999,"2000-04-25",16.100000000000001,0.73499999999999999]
[43008,2000,"2000-12-13",27.7,1.014]
[43008,{"$f":"IF(MONTH(C51369)<=9,YEAR(C51369)-1,YEAR(C51369))","v":2001},"2002-02-20",9.7200000000000006,0.54700000000000004]
[43008,2002,"2003-01-04",24.6,0.94399999999999995]
[43008,2003,"2004-02-02",7.54,0.47099999999999997]
[43008,2004,"2005-03-30",5.24,0.38100000000000001]
[43008,2005,"2005-12-03",5.23,0.38]
[43008,2006,"2007-01-18",16.100000000000001,0.73699999999999999]
[43008,2007,"2008-01-20",13.5,0.66500000000000004]
[43008,2008,"2009-02-11",13.5,0.66500000000000004]
[43008,2009,"2009-12-11",11,0.59]
[43008,2010,"2011-02-14",4.88,0.36499999999999999]
[43008,2011,"2012-07-15",6.38,0.42699999999999999]
[43008,2012,"2013-01-02",19.2,0.81599999999999995]
[43008,2013,"2014-01-09",28.2,1.024]
[43008,2014,"2015-01-21",9.49,0.53900000000000003]
[43008,2015,"2016-02-08",12.6,0.63800000000000001]
[43008,2016,"2017-03-22",5.32,0.38400000000000001]
[43008,2017,"2018-04-12",13,0.64800000000000002]
[43008,2018,"2019-03-06",7.2629999999999999,0.46100000000000002]
[43008,2019,"2020-02-20",19.135999999999999,0.81499999999999995]
[43012,1969,"1970-01-30",3.2570000000000001,0.4]
[43012,1970,"1971-01-26",3.3860000000000001,0.41]
[43012,1971,"1972-02-03",4.2030000000000003,0.47]
[43012,1972,"1972-12-06",5.2409999999999997,0.54]
[43012,1973,"1974-02-14",5.5540000000000003,0.56000000000000005]
[43012,1974,"1975-01-20",5.8730000000000002,0.57999999999999996]
[43012,1975,"1976-09-27",1.373,0.23]
[43012,1976,"1977-02-10",3.786,0.44]
[43012,1977,"1978-01-28",3.6509999999999998,0.43]
[43012,1978,"1979-05-30",6.702,0.63]
[43012,1979,"1979-12-27",6.1989999999999998,0.6]
[43012,1980,"1981-03-10",4.6369999999999996,0.5]
[43012,1981,"1982-03-15",5.0869999999999997,0.53]
[43012,1982,"1983-01-31",4.6369999999999996,0.5]
[43012,1983,"1984-01-16",3.923,0.45]
[43012,1984,"1985-01-21",4.9359999999999999,0.52]
[43012,1985,"1985-12-26",4.6369999999999996,0.5]
[43012,1986,"1987-04-09",3.73,0.436]
[43012,1987,"1988-02-13",4.76,0.50800000000000001]
[43012,1988,"1989-03-14",3.8,0.441]
[43012,1989,"1990-02-07",6.96,0.64500000000000002]
[43012,1990,"1991-03-18",2.7,0.35499999999999998]
[43012,1991,"1992-09-18",7.17,0.65700000000000003]
[43012,1992,"1992-12-07",5.84,0.57799999999999996]
[43012,1993,"1994-01-05",5.81,0.57599999999999996]
[43012,1994,"1995-01-29",7.18,0.65800000000000003]
[43012,1995,"1995-12-22",3.95,0.45200000000000001]
[43012,1996,"1997-02-17",2.73,0.35799999999999998]
[43012,1997,"1998-01-05",4.71,0.505]
[43012,1998,"1998-11-01",5.66,0.56699999999999995]
[43012,1999,"1999-12-26",5.86,0.57899999999999996]
[43012,2000,"2000-10-30",6.96,0.64500000000000002]
[43012,2001,"2002-02-04",3.79,0.44]
[43012,2002,"2003-01-01",6.45,0.61499999999999999]
[43012,2003,"2004-01-12",3.9,0.44800000000000001]
[43012,2004,"2005-03-29",2.48,0.33600000000000002]
[43012,2005,"2005-12-02",3.03,0.38200000000000001]
[43012,2006,"2006-11-25",4.51,0.49099999999999999]
[43012,2007,"2008-01-16",5.82,0.57699999999999996]
[43012,2008,"2008-12-14",6.27,0.60399999999999998]
[43012,2009,"2009-11-30",4.32,0.47799999999999998]
[43012,2010,"2011-01-18",2.72,0.35699999999999998]
[43012,2011,"2012-07-14",3.54,0.42099999999999999]
[43012,2012,"2012-12-31",5.57,0.56100000000000005]
[43012,2013,"2014-01-05",8.35,0.72299999999999998]
[43012,{"$f":"IF(MONTH(C51433)<=9,YEAR(C51433)-1,YEAR(C51433))","v":2014},"2015-01-15",3.99,0.45500000000000002]
[43012,2015,"2016-02-07",5.4589999999999996,0.55400000000000005]
[43012,2016,"2016-11-21",2.8919999999999999,0.371]
[43012,2017,"2018-04-02",3.379,0.40899999999999997]
[43012,2018,"2019-02-04",2.8039999999999998,0.36399999999999999]
[43012,2019,"2020-02-16",5.8310000000000004,0.57699999999999996]
[43014,1970,"1971-06-11",4.5060000000000002,0.76]
[43014,1971,"1972-03-07",4.048,0.71]
[43014,1972,"1972-12-06",4.5060000000000002,0.76]
[43014,1973,"1974-09-27",4.694,0.78]
[43014,1974,"1975-01-20",4.1379999999999999,0.72]
[43014,1975,"1976-09-26",1.2709999999999999,0.34]
[43014,1976,"1977-08-21",3.3530000000000002,0.63]
[43014,1977,"1978-01-28",3.9580000000000002,0.7]
[43014,1978,"1979-03-27",2.63,0.54]
[43014,1979,"1979-12-27",6.0910000000000002,0.92]
[43014,1980,"1981-03-22",2.5539999999999998,0.53]
[43014,1981,"1982-03-15",4.8860000000000001,0.8]
[43014,1982,"1982-12-09",3.6080000000000001,0.66]
[43014,1983,"1984-03-24",3.024,0.59]
[43014,1984,"1985-06-05",4.9820000000000002,0.81]
[43014,1985,"1985-10-21",4.048,0.71]
[43014,1986,"1987-04-04",2.8879999999999999,0.57299999999999995]
[43014,1987,"1988-02-01",2.7850000000000001,0.56000000000000005]
[43014,1988,"1988-10-12",2.8479999999999999,0.56799999999999995]
[43014,1989,"1990-02-03",6.2270000000000003,0.93300000000000005]
[43014,1990,"1991-01-10",2.15,0.47499999999999998]
[43014,1991,"1991-11-19",1.421,0.36499999999999999]
[43014,1992,"1992-12-07",5.4059999999999997,0.85299999999999998]
[43014,1993,"1994-01-05",4.1109999999999998,0.71699999999999997]
[43014,1994,"1995-01-30",5.1150000000000002,0.82399999999999995]
[43014,1995,"1995-12-22",2.4180000000000001,0.51200000000000001]
[43014,1996,"1996-11-20",1.7729999999999999,0.42]
[43014,1997,"1998-01-05",2.609,0.53700000000000003]
[43014,1998,"1999-01-20",3.306,0.624]
[43014,1999,"1999-12-25",3.5790000000000002,0.65700000000000003]
[43014,2000,"2000-10-30",6.31,0.94099999999999995]
[43014,2001,"2002-02-04",3.4359999999999999,0.64]
[43014,2002,"2003-01-02",6.0709999999999997,0.91800000000000004]
[43014,2003,"2004-02-06",2.8820000000000001,0.57199999999999995]
[43014,2004,"2005-03-30",2.3889999999999998,0.50800000000000001]
[43014,2005,"2005-12-02",2.3159999999999998,0.498]
[43014,2006,"2007-03-05",4.1740000000000004,0.72399999999999998]
[43014,2007,"2008-03-16",4.827,0.79400000000000004]
[43014,2008,"2009-02-10",4.6280000000000001,0.77300000000000002]
[43014,2009,"2009-12-07",2.2069999999999999,0.48299999999999998]
[43014,2010,"2011-01-18",4.3449999999999998,0.74299999999999999]
[43014,2011,"2012-07-07",1.798,0.42399999999999999]
[43014,2012,"2013-01-01",4.45,0.754]
[43014,2013,"2014-01-04",7.3339999999999996,1.0349999999999999]
[43014,2014,"2015-01-15",3.7290000000000001,0.67400000000000004]
[43014,2015,"2016-03-28",4.532,0.76300000000000001]
[43014,2016,"2016-11-22",2.2719999999999998,0.49199999999999999]
[43014,2017,"2018-04-02",2.927,0.57799999999999996]
[43014,2018,"2018-12-19",1.732,0.41399999999999998]
[43014,2019,"2020-02-16",4.7039999999999997,0.78100000000000003]
[43018,1974,"1974-11-21",8.1180000000000003,0.66]
[43018,1975,"1975-11-28",1.2450000000000001,0.2]
[43018,1976,"1977-02-18",8.7309999999999999,0.69]
[43018,1977,"1978-02-26",7.1390000000000002,0.61]
[43018,1978,"1979-04-10",6.0359999999999996,0.55000000000000004]
[43018,1979,"1979-12-27",9.15,0.71]
[43018,1980,"1981-03-22",4.8490000000000002,0.48]
[43018,1981,"1982-03-15",7.1390000000000002,0.61]
[43018,{"$f":"IF(MONTH(C51497)<=9,YEAR(C51497)-1,YEAR(C51497))","v":1982},"1982-12-09",7.3310000000000004,0.62]
[43018,1983,"1984-01-30",6.2140000000000004,0.56000000000000005]
[43018,1984,"1985-01-21",6.5780000000000003,0.57999999999999996]
[43018,1985,"1986-01-29",8.5250000000000004,0.68]
[43018,1986,"1986-12-15",7.3109999999999999,0.61899999999999999]
[43018,1987,"1988-02-14",7.681,0.63800000000000001]
[43018,1988,"1989-04-11",4.452,0.45500000000000002]
[43018,1989,"1990-02-15",13.118,0.88300000000000001]
[43018,1990,"1991-04-04",3.98,0.42399999999999999]
[43018,1991,"1992-04-07",2.141,0.28499999999999998]
[43018,1992,"1992-12-18",8.0180000000000007,0.65500000000000003]
[43018,1993,"1994-01-13",9.4700000000000006,0.72499999999999998]
[43018,1994,"1995-02-11",9.8379999999999992,0.74199999999999999]
[43018,1995,"1996-02-12",5.3780000000000001,0.51200000000000001]
[43018,1996,"1997-03-04",3.6739999999999999,0.40300000000000002]
[43018,1997,"1998-01-14",9.7949999999999999,0.74]
[43018,1998,"1999-01-20",9.2349999999999994,0.71399999999999997]
[43018,1999,"2000-01-04",8.4220000000000006,0.67500000000000004]
[43018,2000,"2000-12-13",17.285,1.042]
[43018,2001,"2002-02-04",6.125,0.55500000000000005]
[43018,2002,"2003-01-02",11.65,0.82199999999999995]
[43018,2003,"2004-02-06",6,0.54800000000000004]
[43018,2004,"2004-12-19",3.5310000000000001,0.39300000000000002]
[43018,2005,"2006-02-15",2.6739999999999999,0.32900000000000001]
[43018,2006,"2007-03-11",6.9119999999999999,0.59799999999999998]
[43018,2007,"2008-01-22",5.7720000000000002,0.53500000000000003]
[43018,2008,"2009-02-10",6.3579999999999997,0.56799999999999995]
[43018,2009,"2009-12-15",6.0179999999999998,0.54900000000000004]
[43018,2010,"2011-01-18",4.2110000000000003,0.439]
[43018,2011,"2012-05-10",4.1760000000000002,0.437]
[43018,2012,"2012-12-29",9.0030000000000001,0.70299999999999996]
[43018,2013,"2014-02-14",15.206,0.96499999999999997]
[43018,2014,"2015-01-21",5.93,0.54400000000000004]
[43018,2015,"2016-01-27",7.5629999999999997,0.63200000000000001]
[43018,2016,"2017-03-04",3.806,0.41199999999999998]
[43018,2017,"2018-04-11",7.6079999999999997,0.63400000000000001]
[43018,2018,"2019-03-06",4.2439999999999998,0.441]
[43018,2019,"2019-12-27",12.891999999999999,0.874]
[43029,1983,"1984-01-26",1.196,0.38600000000000001]
[43029,1984,"1985-01-21",0.90500000000000003,0.34]
[43029,1985,"1985-12-26",2.63,0.56699999999999995]
[43029,1986,"1986-12-11",1.5620000000000001,0.438]
[43029,1987,"1988-02-01",1.4810000000000001,0.42699999999999999]
[43029,1988,"1989-03-14",0.91100000000000003,0.34100000000000003]
[43029,1989,"1990-02-13",2.1989999999999998,0.51800000000000002]
[43029,1990,"1991-03-18",0.52600000000000002,0.27]
[43029,1991,"1992-04-07",3.7480000000000002,0.68100000000000005]
[43029,1992,"1992-12-06",2.8239999999999998,0.58799999999999997]
[43029,1993,"1994-01-05",2.081,0.504]
[43029,1994,"1995-02-01",2.9,0.59599999999999997]
[43029,1995,"1995-12-22",0.76,0.315]
[43029,1996,"1997-03-04",0.503,0.26500000000000001]
[43029,1997,"1998-01-05",1.5620000000000001,0.438]
[43029,1998,"1998-11-01",4.0579999999999998,0.71]
[43029,1999,"1999-12-25",3.2389999999999999,0.63100000000000001]
[43029,2000,"2000-10-30",4.1550000000000002,0.71899999999999997]
[43029,2001,"2002-02-20",1.27,0.39700000000000002]
[43029,2002,"2003-01-01",2.8149999999999999,0.58699999999999997]
[43029,2003,"2004-01-12",0.82799999999999996,0.32700000000000001]
[43029,2004,"2004-12-19",0.64700000000000002,0.29399999999999998]
[43029,2005,"2006-05-25",0.78300000000000003,0.31900000000000001]
[43029,2006,"2007-01-18",1.7729999999999999,0.47199999999999998]
[43029,2007,"2008-03-16",2.6419999999999999,0.52700000000000002]
[43029,2008,"2008-12-13",7.41,0.89400000000000002]
[43029,{"$f":"IF(MONTH(C51561)<=9,YEAR(C51561)-1,YEAR(C51561))","v":2009},"2009-12-07",1.4890000000000001,0.42799999999999999]
[43029,2010,"2011-01-23",0.48399999999999999,0.26100000000000001]
[43029,2011,"2012-07-14",1.9139999999999999,0.70699999999999996]
[43029,2012,"2012-11-25",3.2010000000000001,0.76900000000000002]
[43029,2013,"2014-01-04",4.91,0.72599999999999998]
[43029,2014,"2015-01-15",1.0780000000000001,0.36799999999999999]
[43029,2015,"2016-02-07",2.657,0.56999999999999995]
[43029,2016,"2016-11-21",0.59599999999999997,0.28399999999999997]
[43029,2017,"2018-04-11",1.304,0.39900000000000002]
[43029,2018,"2019-02-04",0.751,0.313]
[43029,2019,"2020-02-29",3.1070000000000002,0.58599999999999997]
[44008,1974,"1974-11-24",0.47,0.2]
[44008,1975,"1975-10-31",0.06,0.1]
[44008,1976,"1977-02-23",0.42,0.18]
[44008,1977,"1978-02-27",0.64,0.24]
[44008,1978,"1979-02-06",0.85,0.62]
[44008,1979,"1979-12-13",0.51,0.44]
[44008,1980,"1981-03-13",0.63,0.24]
[44008,1981,"1982-03-15",0.48,0.2]
[44008,1982,"1983-01-31",0.34,0.16]
[44008,1983,"1984-02-05",0.26,0.28000000000000003]
[44008,1984,"1985-02-11",0.26,0.13]
[44008,1985,"1986-01-06",0.28000000000000003,0.28999999999999998]
[44008,1991,"1992-04-01",0.33200000000000002,0.223]
[44008,1992,"1992-12-06",0.32600000000000001,0.221]
[44008,1993,"1993-12-30",1.0229999999999999,0.38900000000000001]
[44008,1994,"1995-02-14",0.93700000000000006,0.372]
[44008,1995,"1996-02-24",0.251,0.19600000000000001]
[44008,1996,"1997-03-04",0.13300000000000001,0.14899999999999999]
[44008,1997,"1998-01-05",0.88400000000000001,0.36099999999999999]
[44008,1998,"1999-01-23",0.40600000000000003,0.245]
[44008,1999,"2000-01-03",0.28899999999999998,0.20899999999999999]
[44008,2000,"2001-01-04",0.95199999999999996,0.375]
[44008,2001,"2002-03-18",0.184,0.17100000000000001]
[44008,2002,"2003-01-01",1.99,0.55000000000000004]
[44008,2003,"2004-01-12",0.29499999999999998,0.21099999999999999]
[44008,2004,"2005-04-24",0.11799999999999999,0.14199999999999999]
[44008,2005,"2006-04-10",0.184,0.17100000000000001]
[44008,2006,"2007-03-07",0.54400000000000004,0.28299999999999997]
[44008,2007,"2008-01-17",0.44800000000000001,0.25700000000000001]
[44008,2008,"2009-02-10",0.6,0.29699999999999999]
[44008,2009,"2009-12-02",0.6,0.29699999999999999]
[44008,2010,"2011-02-10",0.17199999999999999,0.16600000000000001]
[44008,2011,"2012-07-08",1.4510000000000001,0.46600000000000003]
[44008,2012,"2012-12-22",1.5640000000000001,0.48499999999999999]
[44008,2013,"2014-02-14",1.4930000000000001,0.47299999999999998]
[44008,2014,"2015-01-21",0.20499999999999999,0.17899999999999999]
[44008,2015,"2016-01-11",1.1120000000000001,0.40600000000000003]
[44008,2016,"2017-01-29",0.24,0.192]
[44008,2017,"2018-04-02",0.624,0.30299999999999999]
[44008,2018,"2018-12-23",0.28599999999999998,0.20799999999999999]
[44008,2019,"2020-03-05",0.98799999999999999,0.38200000000000001]
[44013,1991,"1992-01-01",0,0]
[44013,1992,"1993-01-21","REJECTED","REJECTED"]
[44013,1993,"1994-01-10",2.0649999999999999,0.54400000000000004]
[44013,1994,"1995-02-15",2.0649999999999999,0.54400000000000004]
[44013,1995,"1996-02-24",0.40100000000000002,0.24]
[44013,1996,"1997-03-04",0.32400000000000001,0.218]
[44013,1997,"1998-01-05",1.857,0.51400000000000001]
[44013,1998,"1999-01-24",1.85,0.51300000000000001]
[44013,1999,"2000-01-03",0.76900000000000002,0.32700000000000001]
[44013,2000,"2000-12-12",4.0540000000000003,0.78500000000000003]
[44013,2001,"2002-02-04",0.501,0.26600000000000001]
[44013,2002,"2003-01-01",2.4409999999999998,0.59499999999999997]
[44013,{"$f":"IF(MONTH(C51625)<=9,YEAR(C51625)-1,YEAR(C51625))","v":2003},"2004-01-31",0.39,0.23699999999999999]
[44013,2004,"2004-12-28",0.17599999999999999,0.16900000000000001]
[44013,2005,"2006-02-15",0.253,0.19600000000000001]
[44013,2006,"2007-03-09",1.357,0.436]
[44013,2007,"2008-01-22",1.103,0.39200000000000002]
[44013,2008,"2009-02-15",0.85699999999999998,0.34499999999999997]
[44013,2009,"2009-12-09",1.1479999999999999,0.4]
[44013,2010,"2011-01-17",0.24099999999999999,0.192]
[44013,2011,"2012-07-15",0.53300000000000003,0.27400000000000002]
[44013,2012,"2013-01-27",2.1230000000000002,0.55200000000000005]
[44013,2013,"2014-01-06",3.274,0.69799999999999995]
[44013,2014,"2015-01-15",0.25700000000000001,0.19700000000000001]
[44013,2015,"2016-02-08",3.266,0.69699999999999995]
[44013,2016,"2017-03-03",0.17100000000000001,0.16700000000000001]
[44013,2017,"2018-04-10",0.93300000000000005,0.36]
[44013,2018,"2019-03-06",0.311,0.214]
[44013,2019,"2019-12-22",2.1120000000000001,0.55100000000000005]
[46013,2004,"2005-01-10",9.2870000000000008,0.878]
[46013,2005,"2005-11-06",26.376000000000001,1.381]
[46013,2006,"2007-03-06",32.93,1.6579999999999999]
[46013,2007,"2008-01-15",23.71,1.3480000000000001]
[46013,2008,"2009-02-09",28.5,1.46]
[46013,2009,"2009-11-25",24.43,1.2709999999999999]
[46013,2010,"2010-11-17",21.03,1.2130000000000001]
[46013,2011,"2012-01-03",20.51,1.2]
[46013,2012,"2012-11-24",51.62,2.3439999999999999]
[46013,2013,"2013-12-24",49.62,2.0680000000000001]
[46013,2014,"2015-01-15",24.74,1.3740000000000001]
[46013,2015,"2016-02-06",36.54,1.6970000000000001]
[46013,2016,"2016-11-20",20.792000000000002,1.276]
[46013,2017,"2018-03-15",24.86,1.3779999999999999]
[46013,2018,"2018-11-29",25.9,1.3340000000000001]
[46013,2019,"2020-02-16",40.072000000000003,1.8720000000000001]
[48007,1968,"1969-01-17",4.28,0.53700000000000003]
[48007,1969,"1969-11-23",4.53,0.55600000000000005]
[48007,1970,"1970-11-23",3.28,0.45600000000000002]
[48007,1971,"1971-11-29",2.89,0.42099999999999999]
[48007,1972,"1972-12-06",3.18,0.44700000000000001]
[48007,1973,"1973-10-12",6.41,0.68899999999999995]
[48007,1974,"1975-01-27",4.57,0.55900000000000005]
[48007,1975,"1976-03-22",3.09,0.439]
[48007,1976,"1977-02-20",3.91,0.50800000000000001]
[48007,1977,"1977-12-09",4.18,0.52900000000000003]
[48007,1978,"1979-03-26",4.08,0.52100000000000002]
[48007,1979,"1979-12-27",6.58,0.7]
[48007,1980,"1981-02-27",3.98,0.51300000000000001]
[48007,1981,"1981-12-13",4.74,0.57199999999999995]
[48007,1982,"1982-11-12",3.94,0.51]
[48007,1983,"1984-01-19",4.13,0.52500000000000002]
[48007,1984,"1985-04-11",3.32,0.45900000000000002]
[48007,1985,"1986-01-10",4.54,0.55700000000000005]
[48007,1986,"1986-11-18",3.59,0.48199999999999998]
[48007,1987,"1988-01-27",6.89,0.72]
[48007,1988,"1988-10-11",3.33,0.46]
[48007,1989,"1990-02-11",5.43,0.622]
[48007,1990,"1991-01-01",3.26,0.45400000000000001]
[48007,1991,"1991-11-01",1.66,0.29799999999999999]
[48007,1992,"1992-12-02",5.21,0.60599999999999998]
[48007,1993,"1993-12-30",6.26,0.67900000000000005]
[48007,1994,"1995-02-11",4.6500000000000004,0.56499999999999995]
[48007,1995,"1996-02-12",3.67,0.48799999999999999]
[48007,1996,"1997-08-04",3.03,0.434]
[48007,1997,"1998-01-04",5,0.59099999999999997]
[48007,1998,"1999-01-19",5.94,0.65700000000000003]
[48007,{"$f":"IF(MONTH(C51689)<=9,YEAR(C51689)-1,YEAR(C51689))","v":1999},"1999-12-18",6.84,0.71699999999999997]
[48007,2000,"2000-12-07",7.96,0.78700000000000003]
[48007,2001,"2002-02-04",4.29,0.53800000000000003]
[48007,2002,"2003-01-01",8.39,0.81299999999999994]
[48007,2003,"2004-02-06",4.0599999999999996,0.52]
[48007,2004,"2004-10-23",2.27,0.36299999999999999]
[48007,2005,"2005-11-06",3.1,0.44]
[48007,2006,"2007-02-09",5.41,0.62]
[48007,2007,"2008-08-12",3.57,0.48]
[48007,2008,"2009-02-09",4.8499999999999996,0.57999999999999996]
[48007,2009,"2010-01-16",3.21,0.44900000000000001]
[48007,2010,"2011-01-17",3.39,0.46500000000000002]
[48007,2011,"2012-07-07",5.14,0.60099999999999998]
[48007,2012,"2012-11-25",8.48,0.81799999999999995]
[48007,2013,"2013-12-24",8.6999999999999993,0.83099999999999996]
[48007,2014,"2015-08-13",2.71,0.40500000000000003]
[48007,2015,"2016-02-08",4.6500000000000004,0.56499999999999995]
[48007,2016,"2016-11-21",3.37,0.46300000000000002]
[48007,2017,"2018-03-10",4.32,0.54]
[48007,2018,"2019-03-10",3.36,0.46200000000000002]
[48007,2019,"2020-02-29",4.891,0.58299999999999996]